{"id":1426,"date":"2021-01-25T10:55:52","date_gmt":"2021-01-25T10:55:52","guid":{"rendered":"http:\/\/ludzie.fundacja-pih.pl\/?post_type=product&#038;p=1426"},"modified":"2025-05-16T14:13:24","modified_gmt":"2025-05-16T14:13:24","slug":"biesiada-marek","status":"publish","type":"product","link":"http:\/\/ludzie.fundacja-pih.pl\/index.php\/product\/biesiada-marek\/","title":{"rendered":"Biesiada Marek"},"content":{"rendered":"<p>Urodzi\u0142 si\u0119 13 czerwca 1957 roku w Krakowie.<\/p>\n<p>W 1982 roku uko\u0144czy\u0142 Technikum Elektryczne przy Hucie im. Lenina w Krakowie \u2013 Nowej Hucie. W latach 1979\u20131982 by\u0142 zatrudniony w Mostostalu. R\u00f3wnie\u017c w 1982 roku podj\u0105\u0142 prac\u0119 w Elektromonta\u017cu Po\u0142udnie w Katowicach. We wrze\u015bniu 1980 roku zosta\u0142 cz\u0142onkiem NSZZ \u201eSolidarno\u015b\u0107\u201d. Po wprowadzeniu stanu wojennego, w grudniu 1981 roku rozpocz\u0105\u0142 dzia\u0142alno\u015b\u0107 podziemn\u0105. Od 1982 roku nale\u017ca\u0142 do Porozumienia Prasowego \u201eSolidarno\u015b\u0107 Zwyci\u0119\u017cy\u201d. Od 1985 roku nale\u017ca\u0142 do krakowskiego oddzia\u0142u \u201eSolidarno\u015bci Walcz\u0105cej\u201d. W latach 1985\u20131987 by\u0142 wsp\u00f3\u0142pracownikiem grupy ma\u0142opolskiej Liberalno-Demokratycznej Partii Niepodleg\u0142o\u015b\u0107. W latatch 1982\u20131990 organizowa\u0142 kolporta\u017c i sam by\u0142 tak\u017ce kolporterem podziemnych wydawnictw takich jak: \u201eSolidarno\u015b\u0107 Zwyci\u0119\u017cy\u201d, \u201eHutnik\u201d, \u201eZomorz\u0105dno\u015b\u0107\u201d, \u201eSolidarno\u015b\u0107 Grzeg\u00f3rzecka\u201d, \u201eKrecik\u201d, \u201eTygodnik Mazowsze\u201d, \u201ePWA\u201d, \u201eSolidarno\u015b\u0107 Walcz\u0105c\u0105\u201d, \u201eBiuletyn Dolno\u015bl\u0105ski\u201d. Rozprowadza\u0142 te\u017c znaczki i kalendarze Porozumienia Prasowego \u201eSolidarno\u015b\u0107 Zwyci\u0119\u017cy\u201d, banknoty okoliczno\u015bciowe z r\u00f3\u017cnych rejon\u00f3w Polski i kartki \u015bwi\u0105teczne (najcz\u0119\u015bciej z Mazowsza, Dolnego \u015al\u0105ska i Ma\u0142opolski). By\u0142 kurierem mi\u0119dzy Porozumieniem Prasowym \u201eSolidarno\u015b\u0107 Zwyci\u0119\u017cy\u201d i \u201eSolidarno\u015bci\u0105 Walcz\u0105c\u0105\u201d z Krakowa a \u015brodowiskami podziemnymi we Wroc\u0142awiu (\u201eSolidarno\u015b\u0107 Walcz\u0105ca\u201d) i Warszawie (pisma LDPN, m.in. \u201eBaza\u201d). 1 maja 1988 roku zosta\u0142 zatrzymany w trakcie demonstracji w Krakowie i skazany przez kolegium ds. wykrocze\u0144 na kar\u0119 grzywny. W latach 1982\u20131989 drukowa\u0142 wydawnictwa podziemne, w tym ulotki, plakaty, druki okoliczno\u015bciowe oraz pras\u0119. W tym m.in.: w latach 1982\u20131989 \u201eSolidarno\u015b\u0107 Zwyci\u0119\u017cy\u201d, w latach 1985\u20131987 \u201eNiepodleg\u0142o\u015b\u0107\u201d (LDPN Krak\u00f3w). W kwietniu w w maju 1988 roku by\u0142 przedstawicielem \u201eSolidarno\u015bci Walcz\u0105cej\u201d i Porozumienia Prasowego \u201eSolidarno\u015b\u0107 Zwyci\u0119\u017cy\u201d podczas strajku w Hucie im. Lenina. By\u0142 przeciwnikiem tzw. porozumie\u0144 Okr\u0105g\u0142ego Sto\u0142u w 1989 roku. W latach 1989\u20131992 Biesiada by\u0142 cz\u0142onkiem Wydzia\u0142u Wschodniego \u201eSolidarno\u015bci Walcz\u0105cej\u201d. W roku 1990 kilkakrotnie wyje\u017cd\u017ca\u0142 z Piotrem Hlebowiczem na Bia\u0142oru\u015b i Litw\u0119 w celu nawi\u0105zania i utrwalenia kontakt\u00f3w z tamtejsz\u0105 opozycj\u0105. W 1992\u20132008 pe\u0142ni\u0142 funkcj\u0119 przewodnicz\u0105cego Komitetu Zak\u0142adowego \u201eSolidarno\u015b\u0107\u201d w Elektromonta\u017cu. W latach 1992\u20132000 by\u0142 delegatem na kolejne Walne Zgromadzenie Delegat\u00f3w Regionu \u015al\u0105sko-D\u0105browskiego.<\/p>\n","protected":false},"excerpt":{"rendered":"<p>Urodzi\u0142 si\u0119 13 czerwca 1957 roku w Krakowie. W 1982 roku uko\u0144czy\u0142 Technikum Elektryczne przy Hucie im. Lenina w Krakowie \u2013 Nowej Hucie. W latach 1979\u20131982 by\u0142 zatrudniony w Mostostalu. R\u00f3wnie\u017c w 1982 roku podj\u0105\u0142 prac\u0119 w Elektromonta\u017cu Po\u0142udnie w Katowicach. We wrze\u015bniu 1980 roku zosta\u0142 cz\u0142onkiem NSZZ \u201eSolidarno\u015b\u0107\u201d. Po wprowadzeniu stanu wojennego, w grudniu [&hellip;]<\/p>\n","protected":false},"featured_media":1427,"template":"","meta":[],"_links":{"self":[{"href":"http:\/\/ludzie.fundacja-pih.pl\/index.php\/wp-json\/wp\/v2\/product\/1426"}],"collection":[{"href":"http:\/\/ludzie.fundacja-pih.pl\/index.php\/wp-json\/wp\/v2\/product"}],"about":[{"href":"http:\/\/ludzie.fundacja-pih.pl\/index.php\/wp-json\/wp\/v2\/types\/product"}],"wp:featuredmedia":[{"embeddable":true,"href":"http:\/\/ludzie.fundacja-pih.pl\/index.php\/wp-json\/wp\/v2\/media\/1427"}],"wp:attachment":[{"href":"http:\/\/ludzie.fundacja-pih.pl\/index.php\/wp-json\/wp\/v2\/media?parent=1426"}],"curies":[{"name":"wp","href":"https:\/\/api.w.org\/{rel}","templated":true}]}}