{"id":1440,"date":"2021-01-25T11:25:31","date_gmt":"2021-01-25T11:25:31","guid":{"rendered":"http:\/\/ludzie.fundacja-pih.pl\/?post_type=product&#038;p=1440"},"modified":"2025-05-16T14:13:28","modified_gmt":"2025-05-16T14:13:28","slug":"filipek-wlodzimierz","status":"publish","type":"product","link":"http:\/\/ludzie.fundacja-pih.pl\/index.php\/product\/filipek-wlodzimierz\/","title":{"rendered":"Filipek W\u0142odzimierz"},"content":{"rendered":"<p>Urodzi\u0142 si\u0119 1 lipca 1957 roku w Poznaniu, zm. 23 listopada 2005 roku tam\u017ce.<\/p>\n<p>W 1980 roku uko\u0144czy\u0142 studia w Instytucie Filologii Polskiej na Uniwersytecie im. Adama Mickiewicza w Poznaniu. W latach 1975\u20131976 bra\u0142 udzia\u0142 w zbieraniu podpis\u00f3w pod listami do Sejmu PRL przeciwko planowanym zmianom w Konstytucji. By\u0142 r\u00f3wnie\u017c zaanga\u017cowany w kolporta\u017c wydawnictw emigracyjnych w tym m.in. paryskiej \u201eKultury\u201d. Przewodniczy\u0142 studenckiemu Ko\u0142u Naukowemu Polonist\u00f3w. W latach 1976 \u2013 1977 organizowa\u0142 akcje protestacyjnych przeciwko usuni\u0119ciu z UAM Stanis\u0142awa Bara\u0144czaka szykanowaniu Teatru \u00d3smego Dnia. W 1977 roku, po \u015bmierci Stanis\u0142awa Pyjasa, zbiera\u0142 podpisy pod listami solidarno\u015bci ze studentami z Krakowa. By\u0142 dzia\u0142aczem Studenckiego Ko\u0142a Solidarno\u015bci w Poznaniu, redagowa\u0142 ulotki i o\u015bwiadczenia SKS, zajmowa\u0142 si\u0119 organizowaniem kolporta\u017cu oraz samym kolporta\u017cem jego niezale\u017cnych wydawnictw w tym m.in. ksi\u0105\u017cek NOWej i czasopism. W 1978 roku zosta\u0142 rzecznikiem SKS.  Wsp\u00f3\u0142pracowa\u0142 z KSS KOR, wsp\u00f3\u0142organizowa\u0142 pozna\u0144skie wyk\u0142ad\u00f3w TKN. W sierpniu 1980 roku wspiera\u0142 protestuj\u0105ce pozna\u0144skie zak\u0142ady i organizowa\u0142 zbi\u00f3rki pieni\u0119dzy dla strajkuj\u0105cych na Wybrze\u017cu. We wrze\u015bniu 1980 wst\u0105pi\u0142 w szeregi NSZZ \u201eSolidarno\u015b\u0107\u201d. W pa\u017adzierniku 1980 roku wsp\u00f3\u0142zak\u0142ada\u0142 Niezale\u017cny Zwi\u0105zek Student\u00f3w w Poznaniu i zosta\u0142 jednym z jego lider\u00f3w. Reprezentowa\u0142  NZS w komisji ministerialnej kodyfikuj\u0105cej now\u0105 ustaw\u0119 o szkolnictwie wy\u017cszym. W sierpniu 1981 roku zosta\u0142 etatowym pracownikiem ZR Wielkopolska i kierownikiem Wszechnicy Zwi\u0105zkowej. Po wsprowadzeniu stanu wojennego, 13 grudnia 1981 roku zosta\u0142 internowany i osadzony w O\u015brodku Odosobnienia w G\u0119barzewie. Zwolniono go 6 lipca 1982 roku. W latatch 1984 \u2013 1988 by\u0142 zaanga\u017cowany w wydawanie podziemnego pisma \u201eCzas\u201d, by\u0142 pomys\u0142odawc\u0105 jego tytu\u0142u i koncepcji ideowej, pierwszym redaktorem naczelnym, autorem, wsp\u00f3\u0142autorem publikowanych w nim wywiad\u00f3w, organizatorem grona znacz\u0105cych autor\u00f3w i wsp\u00f3\u0142pracownik\u00f3w. Od 1985 roku wsp\u00f3\u0142redagowa\u0142 pozna\u0144skie pismo  \u201eSolidarno\u015b\u0107 Walcz\u0105ca\u201d, a w 1988 roku r\u00f3wnie\u017c pismo \u201eKomentarz\u201d wydawanego przez pozna\u0144ski oddzia\u0142 \u201eSolidarno\u015bci Walcz\u0105cej\u201d. 31 pa\u017adziernika 1986 roku zosta\u0142 zatrzymany, razem z Janem Plew\u0105, podczas przewo\u017cenia samochodem prasy podziemnej z Warszawy do Poznania. 10 grudnia 1986 roku kolegium ds. wykrocze\u0144 orzek\u0142o wobec niego kar\u0119 grzywny i przepadek samochodu wobec w\u0142a\u015bciciela samochodu Jana Plewy. W 1988 roku W\u0142odzimierz Filipek zosta\u0142 starszym wyk\u0142adowc\u0105 historii kultury na Wydziale Edukacji Artystycznej Akademii Sztuk Pi\u0119knych w Poznaniu. W ostatnich latach \u017cycia wspiera\u0142 zwi\u0105zan\u0105 z ASP grup\u0119 artystyczn\u0105 \u201eWunderteam Omela\u201d. By\u0142 publicyst\u0105. W 1989 roku wsp\u00f3\u0142pracowa\u0142 KO \u201eSolidarno\u015b\u0107\u201d w Poznaniu. Po 1990 roku zawodowo by\u0142 zwi\u0105zany z mediami i dzia\u0142alno\u015bci\u0105 wydawnicz\u0105. Od 2 wrze\u015bnia 1977 roku do marca 1983 roku by\u0142 rozpracowywany przez Wydzia\u0142 III KW MO w Poznaniu w ramach SOS o kryptonimie \u201eM\u0105twa\u201d, SOR o kryptonimie \u201eNonet\u201d, KE o kryptonimie \u201eMangusta\u201d. Od 13 lipca 1989 roku by\u0142 rozpracowywany przez Inspektorat II WUSW w Poznaniu w ramach SOR o kryptonimie \u201eO\u015bmiornica\u201d. Zosta\u0142 wyrejestrowany na podstawie pisma Wydz. C WUSW w Poznaniu do Biura C MSW w Warszawie z 13 czerwca 1990 roku.<\/p>\n","protected":false},"excerpt":{"rendered":"<p>Urodzi\u0142 si\u0119 1 lipca 1957 roku w Poznaniu, zm. 23 listopada 2005 roku tam\u017ce. W 1980 roku uko\u0144czy\u0142 studia w Instytucie Filologii Polskiej na Uniwersytecie im. Adama Mickiewicza w Poznaniu. W latach 1975\u20131976 bra\u0142 udzia\u0142 w zbieraniu podpis\u00f3w pod listami do Sejmu PRL przeciwko planowanym zmianom w Konstytucji. By\u0142 r\u00f3wnie\u017c zaanga\u017cowany w kolporta\u017c wydawnictw emigracyjnych [&hellip;]<\/p>\n","protected":false},"featured_media":1441,"template":"","meta":[],"_links":{"self":[{"href":"http:\/\/ludzie.fundacja-pih.pl\/index.php\/wp-json\/wp\/v2\/product\/1440"}],"collection":[{"href":"http:\/\/ludzie.fundacja-pih.pl\/index.php\/wp-json\/wp\/v2\/product"}],"about":[{"href":"http:\/\/ludzie.fundacja-pih.pl\/index.php\/wp-json\/wp\/v2\/types\/product"}],"wp:featuredmedia":[{"embeddable":true,"href":"http:\/\/ludzie.fundacja-pih.pl\/index.php\/wp-json\/wp\/v2\/media\/1441"}],"wp:attachment":[{"href":"http:\/\/ludzie.fundacja-pih.pl\/index.php\/wp-json\/wp\/v2\/media?parent=1440"}],"curies":[{"name":"wp","href":"https:\/\/api.w.org\/{rel}","templated":true}]}}