{"id":1453,"date":"2021-01-25T11:45:55","date_gmt":"2021-01-25T11:45:55","guid":{"rendered":"http:\/\/ludzie.fundacja-pih.pl\/?post_type=product&#038;p=1453"},"modified":"2025-05-16T14:13:32","modified_gmt":"2025-05-16T14:13:32","slug":"kisielewicz-andrzej","status":"publish","type":"product","link":"http:\/\/ludzie.fundacja-pih.pl\/index.php\/product\/kisielewicz-andrzej\/","title":{"rendered":"Kisielewicz Andrzej"},"content":{"rendered":"<p>Urodzi\u0142 si\u0119 15 maja 1953 roku w Jeleniej G\u00f3rze.<\/p>\n<p>W 1976 roku uko\u0144czy\u0142 studia matematyczne na Uniwersytecie Wroc\u0142awskim. W 1979 uzyska\u0142 tytu\u0142 doktora, w 1992 habilitacj\u0119, w 2001 roku zosta\u0142 profesorem zwyczajnym. W latach 1972 \u2013 1976 nale\u017ca\u0142 do ZSP\/SZSP. W 1976 roku pracowa\u0142 jako mechanik samochodowy w Szwecji. W latach 1976 \u2013 1979 by\u0142 doktorantem, a nast\u0119pnie w latach 1979 \u2013 1993 pracownikiem naukowym w Instytucie Matematyki Politechniki Wroc\u0142awskiej. We wrze\u015bniu 1980 roku wst\u0105pi\u0142 do NSZZ \u201eSolidarno\u015b\u0107\u201d. Po wprowadzeniu stanu wojennego, w dniach 13 \u2013 15 grudnia 1981 roku, uczestniczy\u0142 w strajku okupacyjnym na Politechnice Wroc\u0142awskiej. W drugiej po\u0142owie grudnia 1981 roku kolportowa\u0142 wykonane przez siebie ulotki. Od lutego do czerwca 1982 roku dzia\u0142a\u0142 w strukturach podlegaj\u0105cych RKS Dolny \u015al\u0105sk. W tym okresie by\u0142 r\u00f3wnie\u017c wsp\u00f3\u0142pracownikiem Kornela Morawieckiego oraz autorem artyku\u0142\u00f3w pisanych dla podziemnych pism takich jak: \u201eZ Dnia na Dzie\u0144\u201d czy \u201eBiuletyn Dolno\u015bl\u0105ski\u201d. Od czerwca 1982 roku do 1989 roku nale\u017ca\u0142 do \u201eSolidarno\u015bci Walcz\u0105cej\u201d. 13 grudnia 1982 roku umo\u017cliwi\u0142 studentom zorganizowanie w sali wyk\u0142adowej kr\u00f3tkiej uroczysto\u015bci po\u015bwi\u0119conej rocznicy wprowadzenia stanu wojennego. W 1983 roku zosta\u0142 odsuni\u0119ty od prowadzenia zaj\u0119\u0107 i przeniesiony do filii Politechniki Wroc\u0142awskiej w Legnicy. Na pocz\u0105tku 1983 roku Andrzej Kisielewicz zosta\u0142  wsp\u00f3\u0142redaktorem \u201eBiuletynu Dolno\u015bl\u0105skiego\u201d. Od marca 1983 roku do listopada 1987 roku by\u0142 redaktor (z Mari\u0105 Peisert-Kisielewicz i Jerzym Peisertem) wroc\u0142awskiej edycji podziemnego pisma \u201eSolidarno\u015b\u0107 Walcz\u0105ca\u201d. Prace redakcyjne odbywa\u0142y si\u0119 w mieszkaniu Kisielewicz\u00f3w. Andrzej Kisielewicz by\u0142 autorem tekst\u00f3w do \u201eBiuletynu Dolno\u015bl\u0105skiego\u201d i \u201eSolidarno\u015bci Walcz\u0105cej\u201d (ps. Jan Mak, alias). W latach 1986\u20131987 pe\u0142ni\u0142 funkcj\u0119 redaktora wroc\u0142awskiego podziemnego Radia \u201eSolidarno\u015b\u0107\u201d. W latach 1983 \u2013 1985 by\u0142 kilkakrotnie zatrzymywany, a jego mieszkanie, kt\u00f3re  poddano sta\u0142ej obserwacji by\u0142o kilkakrotnie rewidowane. Od 1990 roku Andrzej Kisielewicz jest zatrudniony jako pracownik naukowy. Jest autorem kilkudziesi\u0119ciu ksi\u0105\u017cek naukowych. W 2016 roku zosta\u0142 odznaczony Krzy\u017cem Wolno\u015bci i Solidarno\u015bci, a w 2017 roku Krzy\u017cem Oficerskim Orderu Odrodzenia Polski.<\/p>\n","protected":false},"excerpt":{"rendered":"<p>Urodzi\u0142 si\u0119 15 maja 1953 roku w Jeleniej G\u00f3rze. W 1976 roku uko\u0144czy\u0142 studia matematyczne na Uniwersytecie Wroc\u0142awskim. W 1979 uzyska\u0142 tytu\u0142 doktora, w 1992 habilitacj\u0119, w 2001 roku zosta\u0142 profesorem zwyczajnym. W latach 1972 \u2013 1976 nale\u017ca\u0142 do ZSP\/SZSP. W 1976 roku pracowa\u0142 jako mechanik samochodowy w Szwecji. W latach 1976 \u2013 1979 by\u0142 [&hellip;]<\/p>\n","protected":false},"featured_media":1454,"template":"","meta":[],"_links":{"self":[{"href":"http:\/\/ludzie.fundacja-pih.pl\/index.php\/wp-json\/wp\/v2\/product\/1453"}],"collection":[{"href":"http:\/\/ludzie.fundacja-pih.pl\/index.php\/wp-json\/wp\/v2\/product"}],"about":[{"href":"http:\/\/ludzie.fundacja-pih.pl\/index.php\/wp-json\/wp\/v2\/types\/product"}],"wp:featuredmedia":[{"embeddable":true,"href":"http:\/\/ludzie.fundacja-pih.pl\/index.php\/wp-json\/wp\/v2\/media\/1454"}],"wp:attachment":[{"href":"http:\/\/ludzie.fundacja-pih.pl\/index.php\/wp-json\/wp\/v2\/media?parent=1453"}],"curies":[{"name":"wp","href":"https:\/\/api.w.org\/{rel}","templated":true}]}}

<p>Urodził się 15 maja 1953 roku w Jeleniej Górze.</p>
<p>W 1976 roku ukończył studia matematyczne na Uniwersytecie Wrocławskim. W 1979 uzyskał tytuł doktora, w 1992 habilitację, w 2001 roku został profesorem zwyczajnym. W latach 1972 – 1976 należał do ZSP/SZSP. W 1976 roku pracował jako mechanik samochodowy w Szwecji. W latach 1976 – 1979 był doktorantem, a następnie w latach 1979 – 1993 pracownikiem naukowym w Instytucie Matematyki Politechniki Wrocławskiej. We wrześniu 1980 roku wstąpił do NSZZ „Solidarność”. Po wprowadzeniu stanu wojennego, w dniach 13 – 15 grudnia 1981 roku, uczestniczył w strajku okupacyjnym na Politechnice Wrocławskiej. W drugiej połowie grudnia 1981 roku kolportował wykonane przez siebie ulotki. Od lutego do czerwca 1982 roku działał w strukturach podlegających RKS Dolny Śląsk. W tym okresie był również współpracownikiem Kornela Morawieckiego oraz autorem artykułów pisanych dla podziemnych pism takich jak: „Z Dnia na Dzień” czy „Biuletyn Dolnośląski”. Od czerwca 1982 roku do 1989 roku należał do „Solidarności Walczącej”. 13 grudnia 1982 roku umożliwił studentom zorganizowanie w sali wykładowej krótkiej uroczystości poświęconej rocznicy wprowadzenia stanu wojennego. W 1983 roku został odsunięty od prowadzenia zajęć i przeniesiony do filii Politechniki Wrocławskiej w Legnicy. Na początku 1983 roku Andrzej Kisielewicz został  współredaktorem „Biuletynu Dolnośląskiego”. Od marca 1983 roku do listopada 1987 roku był redaktor (z Marią Peisert-Kisielewicz i Jerzym Peisertem) wrocławskiej edycji podziemnego pisma „Solidarność Walcząca”. Prace redakcyjne odbywały się w mieszkaniu Kisielewiczów. Andrzej Kisielewicz był autorem tekstów do „Biuletynu Dolnośląskiego” i „Solidarności Walczącej” (ps. Jan Mak, alias). W latach 1986–1987 pełnił funkcję redaktora wrocławskiego podziemnego Radia „Solidarność”. W latach 1983 – 1985 był kilkakrotnie zatrzymywany, a jego mieszkanie, które  poddano stałej obserwacji było kilkakrotnie rewidowane. Od 1990 roku Andrzej Kisielewicz jest zatrudniony jako pracownik naukowy. Jest autorem kilkudziesięciu książek naukowych. W 2016 roku został odznaczony Krzyżem Wolności i Solidarności, a w 2017 roku Krzyżem Oficerskim Orderu Odrodzenia Polski.</p>

<p>Urodził się 15 maja 1953 roku w Jeleniej Górze. W 1976 roku ukończył studia matematyczne na Uniwersytecie Wrocławskim. W 1979 uzyskał tytuł doktora, w 1992 habilitację, w 2001 roku został profesorem zwyczajnym. W latach 1972 – 1976 należał do ZSP/SZSP. W 1976 roku pracował jako mechanik samochodowy w Szwecji. W latach 1976 – 1979 był [&hellip;]</p>
