{"id":1458,"date":"2021-01-25T11:52:53","date_gmt":"2021-01-25T11:52:53","guid":{"rendered":"http:\/\/ludzie.fundacja-pih.pl\/?post_type=product&#038;p=1458"},"modified":"2025-05-16T14:13:34","modified_gmt":"2025-05-16T14:13:34","slug":"koziebrodzka-maria","status":"publish","type":"product","link":"http:\/\/ludzie.fundacja-pih.pl\/index.php\/product\/koziebrodzka-maria\/","title":{"rendered":"Koziebrodzka Maria"},"content":{"rendered":"<p>Urodzi\u0142a si\u0119 28 wrze\u015bnia 1954 we Wroc\u0142awiu.  <\/p>\n<p>W 1978 roku uko\u0144czy\u0142a studia na Wydziale Podstawowych Problem\u00f3w Techniki na Politechnice Wroc\u0142awskiej. W latach 1975 \u2013 1977 nale\u017ca\u0142a do SZSP. W latach 1978 \u2013 1979 pracowa\u0142a jako asystent w Instytucie Matematyki Politechniki Wroc\u0142awskiej. W latach 1979 \u2013 1981 by\u0142a zatrudniona jako nauczycielka w IV i XIII LO we Wroc\u0142awiu. W latach 1978 \u2013 1980 kolportowa\u0142a niezale\u017cne wydawnictwa w tym m.in. \u201eKomunikat\u201d KSS KOR, \u201eBiuletyn Informacyjny\u201d KSS KOR, \u201eZapis\u201d, \u201eBiuletyn Dolno\u015bl\u0105ski\u201d oraz ksi\u0105\u017cki NOW-ej. We wrze\u015bniu 1980 roku wst\u0105pi\u0142a do NSZZ \u201eSolidarno\u015b\u0107\u201d. By\u0142a tak\u017ce za\u0142o\u017cycielk\u0105 ko\u0142a \u201eS\u201d w IV LO i wiceprzewodnicz\u0105c\u0105. W latach 1981 \u2013 1984 ponownie zosta\u0142a zatrudniona jako asystent w IM PWr.<br \/>\nOd grudnia 1981 roku do czerwca 1982 roku Maria Koziebrodzka by\u0142a \u0142\u0105czniczk\u0105 Kornela Morawieckiego (w kontakcie z W\u0142adys\u0142awem Frasyniukiem, Tadeuszem \u015awierczewskim, rzadziej z Piotrem Bednarzem). Od czerwca 1982 roku do roku 1990 nale\u017ca\u0142a do struktur \u201eSolidarno\u015bci Walcz\u0105cej\u201d, kt\u00f3r\u0105 r\u00f3wnie\u017c wsp\u00f3\u0142zak\u0142ada\u0142a. Wesz\u0142a tak\u017ce w sk\u0142ad Rady SW. 13 czerwca 1982 roku zosta\u0142a zatrzymana, 15 czerwca tego samego roku internowana. By\u0142a przetrzymywana w Areszcie \u015aledczym we Wroc\u0142awiu. 24 czerwca 1982 roku zosta\u0142a zwolniona. W pierwszej po\u0142owie lat osiemdziesi\u0105tych by\u0142a autork\u0105 artyku\u0142\u00f3w  w \u201eBiuletynie Dolno\u015bl\u0105skim\u201d (ps. Barbara S., M. K., Anna Zdan). W drugiej po\u0142owie lat osiemdziesi\u0105tych kolportowa\u0142a podziemne czasopisma \u201eSolidarno\u015b\u0107 Walcz\u0105ca\u201d i \u201eReplika\u201d. W latach 1984 \u2013 1992 pracowa\u0142a jako nauczycielka w Zespole Szk\u00f3\u0142 Rolniczych w Krzy\u017cowicach ko\u0142o Wroc\u0142awia. 24 kwietnia 1987 roku zosta\u0142a zatrzymana, poddana rewizji. W 1990 Maria Koziebrodzka za\u0142o\u017cy\u0142a Wroc\u0142awskie Stowarzyszenie Edukacyjne, zosta\u0142a te\u017c wsp\u00f3\u0142za\u0142o\u017cycielk\u0105 pierwszej niepublicznej szko\u0142y we Wroc\u0142awiu: Zespo\u0142u Szk\u00f3\u0142 Wroc\u0142awskiego Stowarzyszenia Edukacyjnego. W 1994 roku wyjecha\u0142a do Stan\u00f3w Zjednaczonych. W 2007 roku Maria Koziebrodzka zosta\u0142a odznaczona Krzy\u017cem Oficerskim Orderu Odrodzenia Polski.<\/p>\n","protected":false},"excerpt":{"rendered":"<p>Urodzi\u0142a si\u0119 28 wrze\u015bnia 1954 we Wroc\u0142awiu. W 1978 roku uko\u0144czy\u0142a studia na Wydziale Podstawowych Problem\u00f3w Techniki na Politechnice Wroc\u0142awskiej. W latach 1975 \u2013 1977 nale\u017ca\u0142a do SZSP. W latach 1978 \u2013 1979 pracowa\u0142a jako asystent w Instytucie Matematyki Politechniki Wroc\u0142awskiej. W latach 1979 \u2013 1981 by\u0142a zatrudniona jako nauczycielka w IV i XIII LO [&hellip;]<\/p>\n","protected":false},"featured_media":1459,"template":"","meta":[],"_links":{"self":[{"href":"http:\/\/ludzie.fundacja-pih.pl\/index.php\/wp-json\/wp\/v2\/product\/1458"}],"collection":[{"href":"http:\/\/ludzie.fundacja-pih.pl\/index.php\/wp-json\/wp\/v2\/product"}],"about":[{"href":"http:\/\/ludzie.fundacja-pih.pl\/index.php\/wp-json\/wp\/v2\/types\/product"}],"wp:featuredmedia":[{"embeddable":true,"href":"http:\/\/ludzie.fundacja-pih.pl\/index.php\/wp-json\/wp\/v2\/media\/1459"}],"wp:attachment":[{"href":"http:\/\/ludzie.fundacja-pih.pl\/index.php\/wp-json\/wp\/v2\/media?parent=1458"}],"curies":[{"name":"wp","href":"https:\/\/api.w.org\/{rel}","templated":true}]}}

<p>Urodziła się 28 września 1954 we Wrocławiu.  </p>
<p>W 1978 roku ukończyła studia na Wydziale Podstawowych Problemów Techniki na Politechnice Wrocławskiej. W latach 1975 – 1977 należała do SZSP. W latach 1978 – 1979 pracowała jako asystent w Instytucie Matematyki Politechniki Wrocławskiej. W latach 1979 – 1981 była zatrudniona jako nauczycielka w IV i XIII LO we Wrocławiu. W latach 1978 – 1980 kolportowała niezależne wydawnictwa w tym m.in. „Komunikat” KSS KOR, „Biuletyn Informacyjny” KSS KOR, „Zapis”, „Biuletyn Dolnośląski” oraz książki NOW-ej. We wrześniu 1980 roku wstąpiła do NSZZ „Solidarność”. Była także założycielką koła „S” w IV LO i wiceprzewodniczącą. W latach 1981 – 1984 ponownie została zatrudniona jako asystent w IM PWr.<br />
Od grudnia 1981 roku do czerwca 1982 roku Maria Koziebrodzka była łączniczką Kornela Morawieckiego (w kontakcie z Władysławem Frasyniukiem, Tadeuszem Świerczewskim, rzadziej z Piotrem Bednarzem). Od czerwca 1982 roku do roku 1990 należała do struktur „Solidarności Walczącej”, którą również współzakładała. Weszła także w skład Rady SW. 13 czerwca 1982 roku została zatrzymana, 15 czerwca tego samego roku internowana. Była przetrzymywana w Areszcie Śledczym we Wrocławiu. 24 czerwca 1982 roku została zwolniona. W pierwszej połowie lat osiemdziesiątych była autorką artykułów  w „Biuletynie Dolnośląskim” (ps. Barbara S., M. K., Anna Zdan). W drugiej połowie lat osiemdziesiątych kolportowała podziemne czasopisma „Solidarność Walcząca” i „Replika”. W latach 1984 – 1992 pracowała jako nauczycielka w Zespole Szkół Rolniczych w Krzyżowicach koło Wrocławia. 24 kwietnia 1987 roku została zatrzymana, poddana rewizji. W 1990 Maria Koziebrodzka założyła Wrocławskie Stowarzyszenie Edukacyjne, została też współzałożycielką pierwszej niepublicznej szkoły we Wrocławiu: Zespołu Szkół Wrocławskiego Stowarzyszenia Edukacyjnego. W 1994 roku wyjechała do Stanów Zjednaczonych. W 2007 roku Maria Koziebrodzka została odznaczona Krzyżem Oficerskim Orderu Odrodzenia Polski.</p>

<p>Urodziła się 28 września 1954 we Wrocławiu. W 1978 roku ukończyła studia na Wydziale Podstawowych Problemów Techniki na Politechnice Wrocławskiej. W latach 1975 – 1977 należała do SZSP. W latach 1978 – 1979 pracowała jako asystent w Instytucie Matematyki Politechniki Wrocławskiej. W latach 1979 – 1981 była zatrudniona jako nauczycielka w IV i XIII LO [&hellip;]</p>
