{"id":1462,"date":"2021-01-25T11:55:31","date_gmt":"2021-01-25T11:55:31","guid":{"rendered":"http:\/\/ludzie.fundacja-pih.pl\/?post_type=product&#038;p=1462"},"modified":"2025-05-16T14:13:36","modified_gmt":"2025-05-16T14:13:36","slug":"krusinski-jan","status":"publish","type":"product","link":"http:\/\/ludzie.fundacja-pih.pl\/index.php\/product\/krusinski-jan\/","title":{"rendered":"Krusi\u0144ski Jan"},"content":{"rendered":"<p>Urodzi\u0142 si\u0119 10 marca 1953 w \u0141odzi, a zmar\u0142 24 listopada 2008 we Wroc\u0142awiu. <\/p>\n<p>W po\u0142owie lat siedemdziesi\u0105tych uko\u0144czy\u0142 Technikum Energetyczne we Wroc\u0142awiu. W latach 1972 \u2013 1975 pracowa\u0142 jako galwanizer we wroc\u0142awskiej Fabryce Maszyn Rolniczych Agromet-Pilmet. W okresie lat 1975 \u2013 1983 by\u0142 zatrudniony jako ustawiacz urz\u0105dze\u0144 w Centrum Naukowo-Produkcyjnym Podzespo\u0142\u00f3w i Urz\u0105dze\u0144 Elektronicznych Unitra-Dolam we Wroc\u0142awiu. W sierpniu 1980 roku wzi\u0105\u0142 udzia\u0142 w strajku solidarno\u015bciowym z robotnikami Wybrze\u017ca w zak\u0142adzie. Od wrze\u015bnia 1980 roku w NSZZ \u201eSolidarno\u015b\u0107\u201d. Po wprowadzeniu stanu wojennego, w dniach 14 \u2013 15 grudnia 1981 roku, uczestniczy\u0142 w strajku w swoim zak\u0142adzie pracy. Od grudnia 1981 roku do marca 1982 roku drukowa\u0142 podziemne pismo \u201eSolidarno\u015b\u0107 Dolno\u015bl\u0105ska\u201d. 4 marca 1982 roku zosta\u0142 zatrzymany, a 6 marca 1982 roku, zosta\u0142 internowany. By\u0142 przetrzymywany w Areszcie \u015aledczym we Wroc\u0142awiu i O\u015brodku Odosobnienia w Nysie. 29 kwietnia 1982 roku zosta\u0142 zwolniony z internowania. Od sierpnia 1982 roku do 1990 roku nale\u017ca\u0142 do \u201eSolidarno\u015bci Walcz\u0105cej\u201d. Uczestniczy\u0142 w przygotowaniach do protest\u00f3w ulicznych m.in. manifestacji w rocznic\u0119 Porozumie\u0144 Sierpniowych 31 sierpnia 1982 roku. W latach 1982 \u2013 1983 wsp\u00f3\u0142organizowa\u0142 z \u017con\u0105 Teres\u0105 zesp\u00f3\u0142 Radia SW. 5 listopada 1982 roku zosta\u0142 powo\u0142any do wojskowego obozu specjalnego w Rawiczu. W grudniu 1982 roku, bez przepustki, opu\u015bci\u0142 jednostk\u0119 i po zako\u0144czeniu s\u0142u\u017cby wojskowej 2 lutego 1983 roku zosta\u0142 zatrzymany i ukarany 14-dniowym aresztem wojskowym. 16 lutego 1983 roku zosta\u0142  zwolniony. W lutym 1983 roku Jan Krusi\u0144ski zosta\u0142 zwolniony z pracy. W latach 1983 \u2013 1991 w swoim mieszkaniu prowadzi\u0142 zak\u0142ad naprawy telewizor\u00f3w Tele-radiomechanika we Wroc\u0142awiu, kt\u00f3ry by\u0142 zarazem warsztatem, w kt\u00f3rym montowa\u0142 sprz\u0119t radiowy dla SW. Do 1984 roku drukowa\u0142 podziemne pisma i organizowa\u0142 kolporta\u017c z Warszawy do Wroc\u0142awia. W 1983 roku dzia\u0142a\u0142 w Radiu SW z Wies\u0142awem Cupa\u0142\u0105. IV 1984 \u2013 IV 1990 jako szef radia, razem z m.in. Teres\u0105 Krusi\u0144sk\u0105, Krzysztofem Witczakiem, Januszem Lewandowskim i Janem Lubkiewiczem (do 1984) nada\u0142 oko\u0142o 500 emisji, g\u0142\u00f3wnie we Wroc\u0142awiu, ale tak\u017ce w Warszawie (m.in. na Ursusie), Bytomiu, Jastrz\u0119biu-Zdroju, Katowicach, Opolu, \u0141odzi, Rzeszowie, Poznaniu, Lublinie, Szczecinie, Gda\u0144sku, Sopocie, Przemy\u015blu, w okolicach Zakopanego (m.in. z Guba\u0142\u00f3wki). W latach 1983 \u2013 1988 Jan Krusi\u0144ski by\u0142 kilkakrotnie zatrzymywany.W 2007 roku zosta\u0142 odznaczony Krzy\u017cem Oficerskim Orderu Odrodzenia Polski.<\/p>\n","protected":false},"excerpt":{"rendered":"<p>Urodzi\u0142 si\u0119 10 marca 1953 w \u0141odzi, a zmar\u0142 24 listopada 2008 we Wroc\u0142awiu. W po\u0142owie lat siedemdziesi\u0105tych uko\u0144czy\u0142 Technikum Energetyczne we Wroc\u0142awiu. W latach 1972 \u2013 1975 pracowa\u0142 jako galwanizer we wroc\u0142awskiej Fabryce Maszyn Rolniczych Agromet-Pilmet. W okresie lat 1975 \u2013 1983 by\u0142 zatrudniony jako ustawiacz urz\u0105dze\u0144 w Centrum Naukowo-Produkcyjnym Podzespo\u0142\u00f3w i Urz\u0105dze\u0144 Elektronicznych [&hellip;]<\/p>\n","protected":false},"featured_media":1463,"template":"","meta":[],"_links":{"self":[{"href":"http:\/\/ludzie.fundacja-pih.pl\/index.php\/wp-json\/wp\/v2\/product\/1462"}],"collection":[{"href":"http:\/\/ludzie.fundacja-pih.pl\/index.php\/wp-json\/wp\/v2\/product"}],"about":[{"href":"http:\/\/ludzie.fundacja-pih.pl\/index.php\/wp-json\/wp\/v2\/types\/product"}],"wp:featuredmedia":[{"embeddable":true,"href":"http:\/\/ludzie.fundacja-pih.pl\/index.php\/wp-json\/wp\/v2\/media\/1463"}],"wp:attachment":[{"href":"http:\/\/ludzie.fundacja-pih.pl\/index.php\/wp-json\/wp\/v2\/media?parent=1462"}],"curies":[{"name":"wp","href":"https:\/\/api.w.org\/{rel}","templated":true}]}}

Krusiński Jan

<p>Urodził się 10 marca 1953 w Łodzi, a zmarł 24 listopada 2008 we Wrocławiu. </p>
<p>W połowie lat siedemdziesiątych ukończył Technikum Energetyczne we Wrocławiu. W latach 1972 – 1975 pracował jako galwanizer we wrocławskiej Fabryce Maszyn Rolniczych Agromet-Pilmet. W okresie lat 1975 – 1983 był zatrudniony jako ustawiacz urządzeń w Centrum Naukowo-Produkcyjnym Podzespołów i Urządzeń Elektronicznych Unitra-Dolam we Wrocławiu. W sierpniu 1980 roku wziął udział w strajku solidarnościowym z robotnikami Wybrzeża w zakładzie. Od września 1980 roku w NSZZ „Solidarność”. Po wprowadzeniu stanu wojennego, w dniach 14 – 15 grudnia 1981 roku, uczestniczył w strajku w swoim zakładzie pracy. Od grudnia 1981 roku do marca 1982 roku drukował podziemne pismo „Solidarność Dolnośląska”. 4 marca 1982 roku został zatrzymany, a 6 marca 1982 roku, został internowany. Był przetrzymywany w Areszcie Śledczym we Wrocławiu i Ośrodku Odosobnienia w Nysie. 29 kwietnia 1982 roku został zwolniony z internowania. Od sierpnia 1982 roku do 1990 roku należał do „Solidarności Walczącej”. Uczestniczył w przygotowaniach do protestów ulicznych m.in. manifestacji w rocznicę Porozumień Sierpniowych 31 sierpnia 1982 roku. W latach 1982 – 1983 współorganizował z żoną Teresą zespół Radia SW. 5 listopada 1982 roku został powołany do wojskowego obozu specjalnego w Rawiczu. W grudniu 1982 roku, bez przepustki, opuścił jednostkę i po zakończeniu służby wojskowej 2 lutego 1983 roku został zatrzymany i ukarany 14-dniowym aresztem wojskowym. 16 lutego 1983 roku został  zwolniony. W lutym 1983 roku Jan Krusiński został zwolniony z pracy. W latach 1983 – 1991 w swoim mieszkaniu prowadził zakład naprawy telewizorów Tele-radiomechanika we Wrocławiu, który był zarazem warsztatem, w którym montował sprzęt radiowy dla SW. Do 1984 roku drukował podziemne pisma i organizował kolportaż z Warszawy do Wrocławia. W 1983 roku działał w Radiu SW z Wiesławem Cupałą. IV 1984 – IV 1990 jako szef radia, razem z m.in. Teresą Krusińską, Krzysztofem Witczakiem, Januszem Lewandowskim i Janem Lubkiewiczem (do 1984) nadał około 500 emisji, głównie we Wrocławiu, ale także w Warszawie (m.in. na Ursusie), Bytomiu, Jastrzębiu-Zdroju, Katowicach, Opolu, Łodzi, Rzeszowie, Poznaniu, Lublinie, Szczecinie, Gdańsku, Sopocie, Przemyślu, w okolicach Zakopanego (m.in. z Gubałówki). W latach 1983 – 1988 Jan Krusiński był kilkakrotnie zatrzymywany.W 2007 roku został odznaczony Krzyżem Oficerskim Orderu Odrodzenia Polski.</p>

<p>Urodził się 10 marca 1953 w Łodzi, a zmarł 24 listopada 2008 we Wrocławiu. W połowie lat siedemdziesiątych ukończył Technikum Energetyczne we Wrocławiu. W latach 1972 – 1975 pracował jako galwanizer we wrocławskiej Fabryce Maszyn Rolniczych Agromet-Pilmet. W okresie lat 1975 – 1983 był zatrudniony jako ustawiacz urządzeń w Centrum Naukowo-Produkcyjnym Podzespołów i Urządzeń Elektronicznych [&hellip;]</p>
