{"id":1464,"date":"2021-01-25T11:57:01","date_gmt":"2021-01-25T11:57:01","guid":{"rendered":"http:\/\/ludzie.fundacja-pih.pl\/?post_type=product&#038;p=1464"},"modified":"2025-05-16T14:13:36","modified_gmt":"2025-05-16T14:13:36","slug":"krzyzanowski-henryk","status":"publish","type":"product","link":"http:\/\/ludzie.fundacja-pih.pl\/index.php\/product\/krzyzanowski-henryk\/","title":{"rendered":"Krzy\u017canowski Henryk"},"content":{"rendered":"<p>Urodzi\u0142 si\u0119 28 stycznia 1946 roku w Sieradzu. <\/p>\n<p>W 1964 roku uko\u0144czy\u0142 studia w zakresie romanistyki na Uniwersytecie im. Adama Mickiewicza w Poznaniu. W 1974 roku uko\u0144czy\u0142 anglistyk\u0119 na tej samej uczelni. W 1981 roku uzyska\u0142 stopie\u0144 doktora z filologii angielskiej. W marcu 1968 roku uczestniczy\u0142 w antyre\u017cimowych manifestacji studenckich. W latach siedemdziesi\u0105tych mia\u0142 kontakt ze \u015brodowiskami opozycyjnymi. Od 1976 roku kolportowa\u0142 wydawnictwa niezale\u017cnych w tym m.in. \u201eBiuletynu Informacyjnego\u201d KOR\/KSS KOR oraz publikacje Instytutu Literackiego w Pary\u017cu. W latach 1969 \u2013 1974 pracowa\u0142 jako nauczyciel w I LO im. Karola Marcinkowskiego w Poznaniu. W latach 1974 \u2013 1986 by\u0142 zatrudniony w Instytucie Filologii Angielskiej UAM. We wrze\u015bniu 1980 roku wst\u0105pi\u0142 do NSZZ \u201eSolidarno\u015b\u0107\u201d, wszed\u0142 w sk\u0142ad Komitetu Za\u0142o\u017cycielskiego, a nast\u0119pnie KZ na UAM. W lipcu 1981 roku zosta\u0142 delegatem na I WZD Regionu Wielkopolska. By\u0142 cz\u0142onkiem ZR. Na prze\u0142omie wrze\u015bnia i pa\u017adziernika roku by\u0142 1981 delegatem na I KZD. Po wprowadzeniu stanu wojennego, 16 grudnia 1981 roku, Henryk Krzy\u017canowski zosta\u0142 internowany i osadzony w O\u015brodku Odosobnienia w G\u0119barzewie. Wzi\u0105\u0142 tam udzia\u0142 w kilkudniowej g\u0142od\u00f3wce. Zosta\u0142 zwolniony 5 lipca 1982 roku. Od 1982 roku wsp\u00f3\u0142pracowa\u0142 z TKZ na UAM i TZR. W latach 1986 &#8211; 1989 nale\u017ca\u0142 do \u201eSolidarno\u015bci Walcz\u0105cej\u201d. By\u0142 cz\u0142onkiem redakcji \u201eCzas Kultury\u201d. W latach 1982 \u2013 1989 kolportowa\u0142 wydawnictwa podziemnych w tym takie tytu\u0142y jak: \u201eSolidarno\u015b\u0107 Walcz\u0105ca\u201d, \u201eCzas Kultury\u201d, \u201eKultura Niezale\u017cna\u201d, \u201eTygodnik Mazowsze\u201d oraz ksi\u0105\u017cki wydawnictw NOWa, CDN, Suplement, Errata, Kr\u0105g. W latach 1983 \u2013 1987 kolportowa\u0142 podziemne kasety audio i wideo z punktu kolporta\u017cowego Janusza Weissa. By\u0142 wsp\u00f3\u0142organizatorem akcji szkoleniowo-o\u015bwiatowych, ulotkowych, protestacyjnych oraz Mszy za Ojczyzn\u0119. Zbiera\u0142 sk\u0142adki na dzia\u0142alno\u015b\u0107 zwi\u0105zkow\u0105, wydawnicz\u0105 i pomoc dla represjonowanych. W latach 1986 &#8211; 1990 pracowa\u0142 jako kierownik metodyczny w Prywatnej Szkole J\u0119zyk\u00f3w Obcych \u201eLektor\u201d w Poznaniu. W 1989 nale\u017ca\u0142 do pozna\u0144skiego KO \u201eS\u201d, gdzie pe\u0142ni\u0142 funkcj\u0119 rzecznika prasowego. W 2011 roku przeszed\u0142 na emerytur\u0119, kontynuuje prac\u0119 t\u0142umacza.<br \/>\nOd 28 grudnia 1981 roku by\u0142 rozpracowywany przez Wydz. III-1 KW MO\/WUSW w Poznaniu w ramach SOS o kryptonimie \u201eUzdrowiciele\u201d, a od 19 lipca 1983 roku do 17 grudnia 1986 roku w ramach KE o kryptonimie \u201eHrabia\u201d.<\/p>\n","protected":false},"excerpt":{"rendered":"<p>Urodzi\u0142 si\u0119 28 stycznia 1946 roku w Sieradzu. W 1964 roku uko\u0144czy\u0142 studia w zakresie romanistyki na Uniwersytecie im. Adama Mickiewicza w Poznaniu. W 1974 roku uko\u0144czy\u0142 anglistyk\u0119 na tej samej uczelni. W 1981 roku uzyska\u0142 stopie\u0144 doktora z filologii angielskiej. W marcu 1968 roku uczestniczy\u0142 w antyre\u017cimowych manifestacji studenckich. W latach siedemdziesi\u0105tych mia\u0142 kontakt [&hellip;]<\/p>\n","protected":false},"featured_media":906,"template":"","meta":[],"_links":{"self":[{"href":"http:\/\/ludzie.fundacja-pih.pl\/index.php\/wp-json\/wp\/v2\/product\/1464"}],"collection":[{"href":"http:\/\/ludzie.fundacja-pih.pl\/index.php\/wp-json\/wp\/v2\/product"}],"about":[{"href":"http:\/\/ludzie.fundacja-pih.pl\/index.php\/wp-json\/wp\/v2\/types\/product"}],"wp:featuredmedia":[{"embeddable":true,"href":"http:\/\/ludzie.fundacja-pih.pl\/index.php\/wp-json\/wp\/v2\/media\/906"}],"wp:attachment":[{"href":"http:\/\/ludzie.fundacja-pih.pl\/index.php\/wp-json\/wp\/v2\/media?parent=1464"}],"curies":[{"name":"wp","href":"https:\/\/api.w.org\/{rel}","templated":true}]}}

Krzyżanowski Henryk

<p>Urodził się 28 stycznia 1946 roku w Sieradzu. </p>
<p>W 1964 roku ukończył studia w zakresie romanistyki na Uniwersytecie im. Adama Mickiewicza w Poznaniu. W 1974 roku ukończył anglistykę na tej samej uczelni. W 1981 roku uzyskał stopień doktora z filologii angielskiej. W marcu 1968 roku uczestniczył w antyreżimowych manifestacji studenckich. W latach siedemdziesiątych miał kontakt ze środowiskami opozycyjnymi. Od 1976 roku kolportował wydawnictwa niezależnych w tym m.in. „Biuletynu Informacyjnego” KOR/KSS KOR oraz publikacje Instytutu Literackiego w Paryżu. W latach 1969 – 1974 pracował jako nauczyciel w I LO im. Karola Marcinkowskiego w Poznaniu. W latach 1974 – 1986 był zatrudniony w Instytucie Filologii Angielskiej UAM. We wrześniu 1980 roku wstąpił do NSZZ „Solidarność”, wszedł w skład Komitetu Założycielskiego, a następnie KZ na UAM. W lipcu 1981 roku został delegatem na I WZD Regionu Wielkopolska. Był członkiem ZR. Na przełomie września i października roku był 1981 delegatem na I KZD. Po wprowadzeniu stanu wojennego, 16 grudnia 1981 roku, Henryk Krzyżanowski został internowany i osadzony w Ośrodku Odosobnienia w Gębarzewie. Wziął tam udział w kilkudniowej głodówce. Został zwolniony 5 lipca 1982 roku. Od 1982 roku współpracował z TKZ na UAM i TZR. W latach 1986 &#8211; 1989 należał do „Solidarności Walczącej”. Był członkiem redakcji „Czas Kultury”. W latach 1982 – 1989 kolportował wydawnictwa podziemnych w tym takie tytuły jak: „Solidarność Walcząca”, „Czas Kultury”, „Kultura Niezależna”, „Tygodnik Mazowsze” oraz książki wydawnictw NOWa, CDN, Suplement, Errata, Krąg. W latach 1983 – 1987 kolportował podziemne kasety audio i wideo z punktu kolportażowego Janusza Weissa. Był współorganizatorem akcji szkoleniowo-oświatowych, ulotkowych, protestacyjnych oraz Mszy za Ojczyznę. Zbierał składki na działalność związkową, wydawniczą i pomoc dla represjonowanych. W latach 1986 &#8211; 1990 pracował jako kierownik metodyczny w Prywatnej Szkole Języków Obcych „Lektor” w Poznaniu. W 1989 należał do poznańskiego KO „S”, gdzie pełnił funkcję rzecznika prasowego. W 2011 roku przeszedł na emeryturę, kontynuuje pracę tłumacza.<br />
Od 28 grudnia 1981 roku był rozpracowywany przez Wydz. III-1 KW MO/WUSW w Poznaniu w ramach SOS o kryptonimie „Uzdrowiciele”, a od 19 lipca 1983 roku do 17 grudnia 1986 roku w ramach KE o kryptonimie „Hrabia”.</p>

<p>Urodził się 28 stycznia 1946 roku w Sieradzu. W 1964 roku ukończył studia w zakresie romanistyki na Uniwersytecie im. Adama Mickiewicza w Poznaniu. W 1974 roku ukończył anglistykę na tej samej uczelni. W 1981 roku uzyskał stopień doktora z filologii angielskiej. W marcu 1968 roku uczestniczył w antyreżimowych manifestacji studenckich. W latach siedemdziesiątych miał kontakt [&hellip;]</p>
