{"id":1467,"date":"2021-01-25T12:01:36","date_gmt":"2021-01-25T12:01:36","guid":{"rendered":"http:\/\/ludzie.fundacja-pih.pl\/?post_type=product&#038;p=1467"},"modified":"2025-05-16T14:13:38","modified_gmt":"2025-05-16T14:13:38","slug":"lazarowicz-romuald","status":"publish","type":"product","link":"http:\/\/ludzie.fundacja-pih.pl\/index.php\/product\/lazarowicz-romuald\/","title":{"rendered":"Lazarowicz Romuald"},"content":{"rendered":"<p>Urodzi\u0142 si\u0119 11 sierpnia 1953 roku, we Wroc\u0142awiu, zm. 2 sierpnia 2019 roku we Wroc\u0142awiu. <\/p>\n<p>W 1978 roku uko\u0144czy\u0142 studia na kierunku bibliotekoznawstwo na Uniwersytecie Wroc\u0142awskim. Od 1979 roku pracowa\u0142 jako bibliotekarz archiwista w Instytucie Meteorologii i Gospodarki Wodnej we Wroc\u0142awiu. Od 1978 roku wsp\u00f3\u0142pracowa\u0142 z wroc\u0142awskim Studenckim Komitetem Solidarno\u015bci, a w latach 1979 \u2013 1980 z Klubem Samoobrony Spo\u0142ecznej we Wroc\u0142awiu. W 1979 roku zaj\u0105\u0142 si\u0119 kolporta\u017cem \u201eBiuletynu Dolno\u015bl\u0105skiego\u201d, wkr\u00f3tce zosta\u0142 r\u00f3wnie\u017c jego redaktorem. Wiosn\u0105 1980 roku wsp\u00f3\u0142dzia\u0142a\u0142 z Obywatelskim Komitetem Wyborc\u00f3w organizuj\u0105cym bojkot wybor\u00f3w do Sejmu PRL i rad narodowych. W sierpniu 1980 roku zawi\u00f3z\u0142 strajkuj\u0105cym w Stoczni im. Komuny Paryskiej w Gdyni sk\u0142adki pieni\u0119\u017cne zebrane we Wroc\u0142awiu. Wsp\u00f3\u0142redagowa\u0142 ulotki \u201eBiuletynu Dolno\u015bl\u0105skiego\u201d wspieraj\u0105ce wroc\u0142awski strajk. We wrze\u015bniu 1980 roku wst\u0105pi\u0142 do NSZZ \u201eSolidarno\u015b\u0107\u201d, wsp\u00f3\u0142pracowa\u0142 z wroc\u0142awskim MKZ, a nast\u0119pnie z ZR Dolny \u015al\u0105sk. W listopadzie 1981 roku zosta\u0142 cz\u0142onkiem redakcji gazety plakatowej \u201eNasze S\u0142owo\u201d. Po wprowadzeniu stanu wojennego, od 13 grudnia 1981 roku, wsp\u00f3\u0142organizowa\u0142 struktury wydawniczo-kolporta\u017cowej RKS \u201eS\u201d Dolny \u015al\u0105sk. Od 13 grudnia 1981 roku do maja 1982 roku pe\u0142ni\u0142 funkcj\u0119 redaktora naczelnego podziemnego czasopisma \u201eZ Dnia na Dzie\u0144\u201d. Pierwszy numer tego tytu\u0142u zosta\u0142 wydrukowany w nocy z  13\/14 grudnia i by\u0142 kolportowany rano, 14 grudnia we wroc\u0142awskich fabrykach. By\u0142 tak\u017ce wsp\u00f3\u0142redaktorem \u201eBiuletynu Dolno\u015bl\u0105skiego\u201d. Wiosn\u0105 1982 roku uczestniczy\u0142 w pierwszych pr\u00f3bnych emisjach podziemnego Radia \u201eSolidarno\u015b\u0107\u201d. W czerwcu 1982 roku wsp\u00f3\u0142zak\u0142ada\u0142 \u201eSolidarno\u015b\u0107 Walcz\u0105c\u0105\u201d i zosta\u0142 jej czlonkiem. Od czerwca do wrze\u015bnia 1982 roku szefowa\u0142 Radiu SW. W sierpniu 1982 roku by\u0142 wsp\u00f3\u0142organizatorem demonstracji 31 sierpnia w drug\u0105 rocznic\u0119 Porozumie\u0144 Sierpniowych. By\u0142 autorem i realizatorem nadawanych przez Radio SW relacji \u201ena \u017cywo\u201d z przebiegu wydarze\u0144 na ulicach miasta. W latach 1982 \u2013 1990 by\u0142 autorem i redaktorem pism podziemnych, g\u0142\u00f3wnie \u201eBiuletynu Dolno\u015bl\u0105skiego\u201d. Od 1985 roku zajmowa\u0142 si\u0119 sk\u0142adem komputerowym pism \u201eSolidarno\u015bci Walcz\u0105cej\u201d. Od wrze\u015bnia 1988 roku do maja 1990 roku, redagowa\u0142 z Piotrem Bielawskim \u201eSerwis Agencji Informacyjnej Solidarno\u015bci Walcz\u0105cej\u201d. Po 1990 roku Romuald Lazarowicz zawodowo by\u0142 zwi\u0105zany z dzia\u0142alno\u015bci\u0105 dziennikarsk\u0105, pisarsk\u0105 i wydawnicz\u0105. W 1999 roku zosta\u0142 odznaczony Krzy\u017cem WiN. W 2004 roku zosta\u0142 laureatem wyr\u00f3\u017cnienia Kustosz Pami\u0119ci Narodowej. W 2007 roku otrzyma\u0142 Krzy\u017c Oficerski Orderu Odrodzenia Polski. By\u0142 rozpracowywany w ramach SOR o kryptonimie \u201eTandem II\u201d.<\/p>\n","protected":false},"excerpt":{"rendered":"<p>Urodzi\u0142 si\u0119 11 sierpnia 1953 roku, we Wroc\u0142awiu, zm. 2 sierpnia 2019 roku we Wroc\u0142awiu. W 1978 roku uko\u0144czy\u0142 studia na kierunku bibliotekoznawstwo na Uniwersytecie Wroc\u0142awskim. Od 1979 roku pracowa\u0142 jako bibliotekarz archiwista w Instytucie Meteorologii i Gospodarki Wodnej we Wroc\u0142awiu. Od 1978 roku wsp\u00f3\u0142pracowa\u0142 z wroc\u0142awskim Studenckim Komitetem Solidarno\u015bci, a w latach 1979 \u2013 [&hellip;]<\/p>\n","protected":false},"featured_media":1468,"template":"","meta":[],"_links":{"self":[{"href":"http:\/\/ludzie.fundacja-pih.pl\/index.php\/wp-json\/wp\/v2\/product\/1467"}],"collection":[{"href":"http:\/\/ludzie.fundacja-pih.pl\/index.php\/wp-json\/wp\/v2\/product"}],"about":[{"href":"http:\/\/ludzie.fundacja-pih.pl\/index.php\/wp-json\/wp\/v2\/types\/product"}],"wp:featuredmedia":[{"embeddable":true,"href":"http:\/\/ludzie.fundacja-pih.pl\/index.php\/wp-json\/wp\/v2\/media\/1468"}],"wp:attachment":[{"href":"http:\/\/ludzie.fundacja-pih.pl\/index.php\/wp-json\/wp\/v2\/media?parent=1467"}],"curies":[{"name":"wp","href":"https:\/\/api.w.org\/{rel}","templated":true}]}}