{"id":1482,"date":"2021-01-25T12:13:04","date_gmt":"2021-01-25T12:13:04","guid":{"rendered":"http:\/\/ludzie.fundacja-pih.pl\/?post_type=product&#038;p=1482"},"modified":"2025-05-16T14:13:43","modified_gmt":"2025-05-16T14:13:43","slug":"medon-piotr","status":"publish","type":"product","link":"http:\/\/ludzie.fundacja-pih.pl\/index.php\/product\/medon-piotr\/","title":{"rendered":"Medo\u0144 Piotr"},"content":{"rendered":"<p>Urodzi\u0142 si\u0119 15 kwietnia 1951 roku w Jeleniej G\u00f3rze.<\/p>\n<p>W 1975 roku uko\u0144czy\u0142 studia na Wydziale Matematyki, Fizyki i Chemii na Uniwersytecie Wroc\u0142awskim. W latach 1975 &#8211; 1984 by\u0142 zatrudniony jako asystent, a nast\u0119pnie starszy asystent w Katedrze Biofizyki Akademii Medycznej we Wroc\u0142awiu. We wrze\u015bniu 1980 roku wst\u0105pi\u0142 do NSZZ \u201eSolidarno\u015b\u0107\u201d. Od listopada tego samego roku wchodzi\u0142 w sk\u0142ad Komisji Rewizyjnej. Od grudnia 1982 roku do lutego 1982 roku udost\u0119pnia\u0142 swoje mieszkanie na druk podziemnego pisma \u201eBiuletyn Dolno\u015bl\u0105ski\u201d. 1 marca 1982 roku zosta\u0142 zatrzymany, 5 marca tego samego roku internowany. By\u0142 przetrzymywany w Areszcie \u015aledczym we Wroc\u0142awiu i w O\u015brodku Odosobnienia w Nysie. 24 lipca 1982 roku zosta\u0142 zwolniony. Od 21 wrze\u015bnia 1982 roku do roku 1990 by\u0142 zaprzysi\u0119\u017conym cz\u0142onkiem \u201eSolidarno\u015bci Walcz\u0105cej\u201d. Od 1984 roku nale\u017ca\u0142 do Komitetu Wykonawczego SW. Od 1982 roku Piotr Medo\u0144 by\u0142 jednym z organizator\u00f3w druku i kolporta\u017cu podziemnych pism SW w tym g\u0142\u00f3wnie \u201eSolidarno\u015bci Walcz\u0105cej\u201d,  ksi\u0105\u017cek bezdebitowych oraz znaczk\u00f3w poczty SW i  banknot\u00f3w. R\u00f3wnie\u017c w 1982 roku wsp\u00f3\u0142organizowa\u0142 Radio \u201eSolidarno\u015bci Walcz\u0105cej\u201d. W latach 1984 \u2013 1988 by\u0142 organizatorem struktur regionalnych SW w K\u0142odzku, L\u0105dku Zdr\u00f3j, Toruniu, Szczecinie, \u015awinouj\u015bciu i Jeleniej G\u00f3rze. W ramach tej dzia\u0142alno\u015bci dostarcza\u0142 podziemn\u0105 pras\u0119, organizowa\u0142 druk i szkoli\u0142 drukarzy. W latach 1984 &#8211; 1987 odpowiada\u0142 za kontakty z zagranic\u0105 (m.in. z Andrzejem Wirg\u0105 z RFN). W latach 1984 &#8211; 1988 wsp\u00f3\u0142pracowa\u0142 z podziemn\u0105 \u201eSolidarno\u015bci\u0105\u201d RI w woj. wroc\u0142awskim i rzeszowskim. W 1984 roku organizowa\u0142 przemyt Biblii w j\u0119zyku ukrai\u0144skim za wschodni\u0105 granic\u0119. 12 kwietnia 1984 roku zosta\u0142 ponownie zatrzymany. 13 kwietnia tego samego roku zosta\u0142 aresztowany i osadzony w Areszcie \u015aledczym we Wroc\u0142awiu. 26 lipca 1984 roku zwolniono go na mocy amnestii. W tym samym roku zosta\u0142  zwolniony z pracy i przywr\u00f3cony do niej przez Okr\u0119gowy S\u0105d Pracy we Wroc\u0142awiu. W latach 1984 &#8211; 1989 pracowa\u0142 jako asystent techniczny w Katedrze Biofizyki wroc\u0142awskiej Akademii Medycznej. W latach 1986 &#8211; 1989 pe\u0142ni\u0142 funkcj\u0119 nieformalnego, jawnego przedstawiciela SW. 3 lipca 1986 roku zosta\u0142 zn\u00f3w zatrzymany, 4 lipca tego samego roku aresztowany i osadzony w Areszcie \u015aledczym we Wroc\u0142awiu. 11 sierpnia 1986 roku zwolniono go na mocy amnestii. 24 listopada 1987 roku, wraz z Andrzejem Mycem, uczestniczy\u0142 w antyre\u017cimowej demonstracji i akcji rozrzucaniu ulotek z rusztowania wroc\u0142awskiego ratusza, z transparentem domagaj\u0105cym si\u0119 uwolnienia Kornela Morawieckiego i Hanny \u0141ukowskiej-Karniej. 10 grudnia 1987 roku uczestniczy\u0142 w manifestacji w Warszawie domagaj\u0105cej si\u0119 uwolnienia Kornela Morawieckiego i innych wi\u0119\u017ani\u00f3w politycznych. W latach 1984 \u2013 1987 by\u0142 kilkakrotnie zatrzymywany i przes\u0142uchiwany. W latach 1989 \u2013 1990 pracowa\u0142 w Biurze Interwencji Kancelarii Senatu RP. Od 2003 roku prowadzi dzia\u0142alno\u015b\u0107 gospodarcz\u0105. Od 2009 roku nale\u017cy do Stowarzyszenia Solidarno\u015b\u0107 Walcz\u0105ca we Wroc\u0142awiu. Od 4 pa\u017adziernika 1983 roku do 27 grudnia 1989 roku by\u0142 rozpracowywany przez Wydz. V-1\/III-1\/ III\/Inspektorat 2 WUSW we Wroc\u0142awiu w ramach SOR o kryptonimie \u201eSowa\u201d.<\/p>\n","protected":false},"excerpt":{"rendered":"<p>Urodzi\u0142 si\u0119 15 kwietnia 1951 roku w Jeleniej G\u00f3rze. W 1975 roku uko\u0144czy\u0142 studia na Wydziale Matematyki, Fizyki i Chemii na Uniwersytecie Wroc\u0142awskim. W latach 1975 &#8211; 1984 by\u0142 zatrudniony jako asystent, a nast\u0119pnie starszy asystent w Katedrze Biofizyki Akademii Medycznej we Wroc\u0142awiu. We wrze\u015bniu 1980 roku wst\u0105pi\u0142 do NSZZ \u201eSolidarno\u015b\u0107\u201d. Od listopada tego samego [&hellip;]<\/p>\n","protected":false},"featured_media":1483,"template":"","meta":[],"_links":{"self":[{"href":"http:\/\/ludzie.fundacja-pih.pl\/index.php\/wp-json\/wp\/v2\/product\/1482"}],"collection":[{"href":"http:\/\/ludzie.fundacja-pih.pl\/index.php\/wp-json\/wp\/v2\/product"}],"about":[{"href":"http:\/\/ludzie.fundacja-pih.pl\/index.php\/wp-json\/wp\/v2\/types\/product"}],"wp:featuredmedia":[{"embeddable":true,"href":"http:\/\/ludzie.fundacja-pih.pl\/index.php\/wp-json\/wp\/v2\/media\/1483"}],"wp:attachment":[{"href":"http:\/\/ludzie.fundacja-pih.pl\/index.php\/wp-json\/wp\/v2\/media?parent=1482"}],"curies":[{"name":"wp","href":"https:\/\/api.w.org\/{rel}","templated":true}]}}