{"id":1488,"date":"2021-01-25T12:17:12","date_gmt":"2021-01-25T12:17:12","guid":{"rendered":"http:\/\/ludzie.fundacja-pih.pl\/?post_type=product&#038;p=1488"},"modified":"2025-05-16T14:13:45","modified_gmt":"2025-05-16T14:13:45","slug":"morawiecki-kornel","status":"publish","type":"product","link":"http:\/\/ludzie.fundacja-pih.pl\/index.php\/product\/morawiecki-kornel\/","title":{"rendered":"Morawiecki Kornel"},"content":{"rendered":"<p>Urodzi\u0142 si\u0119 3 maja 1941 roku w Warszawie, zm. 30 wrze\u015bnia 2019 roku w Warszawie <\/p>\n<p>Fizyk, naukowiec, nauczyciel akademicki. Za\u0142o\u017cyciel i lider \u201eSolidarno\u015bci Walcz\u0105cej\u201d. Senator RP. W 1963 roku uko\u0144czy\u0142 studia na Wydziale Fizyki Uniwersytetu Wroc\u0142awskiego. W 1967 roku uzyska\u0142 stopie\u0144 doktora. W 1963 roku zosta\u0142 pracownikiem naukowym Instytutu Fizyki, a nast\u0119pnie Instytutu Matematyki Politechniki Wroc\u0142awskiej. W marcu 1968 roku bra\u0142 udzia\u0142 w strajkach studenckich na Politechnice Wroc\u0142awskiej. Nast\u0119pnie wraz z Jerzym Petryniakiem, Zdzis\u0142awem Ojrzy\u0144skim, Piotrem Plenkiewiczem, Ryszardem Tr\u0105bskim zosta\u0142 wydawc\u0105 i kolporterem ulotek wzywaj\u0105cych do obrony represjonowanych student\u00f3w. Od sierpnia 1968 roku drukowa\u0142 ulotki i plakaty, uczestniczy\u0142 w akcji plakatowej wymierzonej przeciw interwencji wojsk Uk\u0142adu Warszawskiego w Czechos\u0142owacji. Wkr\u00f3tce potem nast\u0119pnie bra\u0142 udzia\u0142 akcji rozwieszania klepsydr upami\u0119tniaj\u0105cych \u015bmier\u0107 Jana Palacha oraz malowania antyre\u017cimowych napis\u00f3w na murach. By\u0142 drukarzem i kolporterem ulotek pot\u0119piaj\u0105cych pacyfikacj\u0119 protest\u00f3w na Wybrze\u017cu w 1970 roku. W latach 1979 &#8211; 1980 wsp\u00f3\u0142pracowa\u0142 z Klubem Samoobrony Spo\u0142ecznej we Wroc\u0142awiu. Od jesieni 1979 roku wsp\u00f3\u0142organizowa\u0142 druk i kolporta\u017c niezale\u017cnego miesi\u0119cznika \u201eBiuletyn Dolno\u015bl\u0105ski\u201d, a nast\u0119pnie zosta\u0142 jego redaktorem naczelnym. W styczniu 1980 roku napisa\u0142 &#8211; i wsp\u00f3lnie z redakcj\u0105 \u201eBD\u201d &#8211; rozpowszechni\u0142 o\u015bwiadczenie pot\u0119piaj\u0105ce inwazj\u0119 Zwi\u0105zku Sowieckiego na Afganistan. W czerwcu 1979 roku wraz z Jerzym Petryniakiem, Zbigniewem Oziewiczem, Januszem Gorylem, Zbigniewem Duszakiem, W\u0142odzimierzem Winciorkiem i Garetem Sobczykiem wita\u0142 Jana Paw\u0142a II w Warszawie, Cz\u0119stochowie i Krakowie bia\u0142o-czerwonym transparentem z napisem: \u201eWiara Niepodleg\u0142o\u015b\u0107\u201d. W Warszawie na Placu Zwyci\u0119stwa by\u0142 to jedyny transparent o tre\u015bci niepodleg\u0142o\u015bciowej. W sierpniu 1980 roku z zespo\u0142em \u201eBD\u201d wspomaga\u0142 strajki solidarno\u015bciowe z robotnikami Wybrze\u017ca. Od wrze\u015bnia 1980 roku wsp\u00f3\u0142organizowa\u0142 \u201eSolidarno\u015b\u0107\u201d na Dolnym \u015al\u0105sku. Nale\u017ca\u0142 do NSZZ \u201eSolidarno\u015b\u0107\u201d na Politechnice Wroc\u0142awskiej. W czerwcu 1981 roku zosta\u0142 delegatem na I WZD Regionu Dolny \u015al\u0105sk oraz delegatem na I KZD, By\u0142 jednym z inspirator\u00f3w \u201ePos\u0142ania do narod\u00f3w Europy Wschodniej\u201d i wsp\u00f3\u0142redaktorem gazety plakatowej \u201eNasze S\u0142owo\u201d. Przygotowa\u0142 i drukowa\u0142 odezwy NTS w j\u0119zyku rosyjskim do \u017co\u0142nierzy sowieckich stacjonuj\u0105cych w Polsce. 14 wrze\u015bnia 1981 roku zosta\u0142 zatrzymany na 48 godzin pod zarzutem podwa\u017cania sojuszu z ZSRR. Zwolniono go po por\u0119czeniu przez rektora Politechniki Wroc\u0142awskiej i pod gro\u017ab\u0105  strajku powszechnego w Regionie Dolno\u015bl\u0105skim sformu\u0142owan\u0105 przez \u201eSolidarno\u015b\u0107\u201d. W pa\u017adzierniku i listopadzie 1981 roku w ww. sprawie odby\u0142o si\u0119 kilka rozpraw przed S\u0105dem Rejonowym we Wroc\u0142awiu. Po wprowadzeniu stanu wojennego, w nocy 13 grudnia 1981 roku Kornel Morawieccki unikn\u0105\u0142 zatrzymania. Wieczorem 12 grudnia, przewozi\u0142 sprz\u0119t poligraficzny i wydrukowany tego samego dnia nak\u0142ad kolejnego numeru \u201eBD\u201d do kolporta\u017cu. By\u0142 upowa\u017cniony przez W\u0142adys\u0142awa Frasyniuka do wydawania i podpisywania o\u015bwiadcze\u0144 jego nazwiskiem. Organizowa\u0142 podziemn\u0105 struktur\u0119 drukarsk\u0105 i kolporta\u017cow\u0105 RKS \u201eS\u201d, by\u0142 redaktorem podziemnego pisma \u201eZ Dnia na Dzie\u0144\u201d, kt\u00f3rego pierwszy numer zosta\u0142 wydrukowany w nocy z 13 na 14 grudnia 1981 roku i kolportowany rano we wroc\u0142awskich fabrykach. Od 13 grudnia 1981 roku pozostawa\u0142 w ukryciu, by\u0142 poszukiwany listem go\u0144czym. Od maja 1982 roku Kornel Morawiecki nale\u017ca\u0142 do RKS. Nast\u0119pnie, w zwi\u0105zku z r\u00f3\u017cnic\u0105 zda\u0144 z W\u0142adys\u0142awem Frasyniukiem w kwestii metod dzia\u0142ania, zrezygnowa\u0142 z cz\u0142onkostwa w RKS. W czerwcu 1982 roku zosta\u0142 wsp\u00f3\u0142za\u0142o\u017cycielem  \u201eSolidarno\u015bci Walcz\u0105cej\u201d. Do 1990 roku by\u0142 jej przewodnicz\u0105cym. Redagowa\u0142 podziemne pismo \u201eSolidarno\u015b\u0107 Walcz\u0105ca\u201d. 9 listopada 1987 roku zosta\u0142 aresztowany i przewieziony do Warszawy. By\u0142 przetrzymywany w Areszcie \u015aledczym Warszawa-Mokot\u00f3w. 30 kwietnia 1988 roku, zosta\u0142 podst\u0119pem zmuszony do opuszczenia kraju. Wr\u00f3ci\u0142 do Polski po 3 dniach, po czym natychmiast zosta\u0142 deportowany z lotniska w Warszawie do Wiednia bez prawa powrotu. Kornel Morawiecki by\u0142 emisariuszem spraw polskich na spotkaniach w Anglii, USA i Kanadzie. Na wie\u015b\u0107 o strajkach powr\u00f3ci\u0142 nielegalnie do kraju w ko\u0144cu sierpnia 1988 roku i stan\u0105\u0142 na czele \u201eSolidarno\u015bci Walcz\u0105cej\u201d. By\u0142 przeciwnikiem idei i porozumie\u0144 Okr\u0105g\u0142ego Sto\u0142u w 1989 roku. W czerwcu 1990 roku ujawni\u0142 si\u0119 na zje\u017adzie za\u0142o\u017cycielskim Partii Wolno\u015bci. W latach 1993 &#8211; 2009 pracowa\u0142 na Politechnice Wroc\u0142awskiej. Od 2008 przewodniczy\u0142 Stowarzyszeniu Solidarno\u015b\u0107 Walcz\u0105ca. W 2011 stworzy\u0142 dwutygodnik \u201eGazeta Obywatelska\u201d, kt\u00f3rego redakcj\u0105 kierowa\u0142 a\u017c do swojej \u015bmierci. W 2015 zosta\u0142 pos\u0142em na Sejm RP  jako marsza\u0142ek senior otwiera\u0142 jego VIII kadencj\u0119. W 1988 roku, w Londynie, zosta\u0142 odznaczony Krzy\u017cem Komandorskim Orderu Odrodzenia Polski. W 2019 roku otrzyma\u0142 Krzy\u017cem Komandorskim Orderu Zas\u0142ugi, Krzy\u017c Wolno\u015bci i Solidarno\u015bci oraz Order Or\u0142a Bia\u0142ego. W latach 1979 &#8211; 1990 by\u0142 rozpracowywany przez Wydz. III\/III-1\/Inspektorat 2 KW MO\/WUSW we Wroc\u0142awiu w ramach SOR o kryptonimach \u201eHarcerz\u201d\/\u201dTarantula\u201d\/\u201dO\u015bmiornica\u201d.<\/p>\n","protected":false},"excerpt":{"rendered":"<p>Urodzi\u0142 si\u0119 3 maja 1941 roku w Warszawie, zm. 30 wrze\u015bnia 2019 roku w Warszawie Fizyk, naukowiec, nauczyciel akademicki. Za\u0142o\u017cyciel i lider \u201eSolidarno\u015bci Walcz\u0105cej\u201d. Senator RP. W 1963 roku uko\u0144czy\u0142 studia na Wydziale Fizyki Uniwersytetu Wroc\u0142awskiego. W 1967 roku uzyska\u0142 stopie\u0144 doktora. W 1963 roku zosta\u0142 pracownikiem naukowym Instytutu Fizyki, a nast\u0119pnie Instytutu Matematyki Politechniki [&hellip;]<\/p>\n","protected":false},"featured_media":1489,"template":"","meta":[],"_links":{"self":[{"href":"http:\/\/ludzie.fundacja-pih.pl\/index.php\/wp-json\/wp\/v2\/product\/1488"}],"collection":[{"href":"http:\/\/ludzie.fundacja-pih.pl\/index.php\/wp-json\/wp\/v2\/product"}],"about":[{"href":"http:\/\/ludzie.fundacja-pih.pl\/index.php\/wp-json\/wp\/v2\/types\/product"}],"wp:featuredmedia":[{"embeddable":true,"href":"http:\/\/ludzie.fundacja-pih.pl\/index.php\/wp-json\/wp\/v2\/media\/1489"}],"wp:attachment":[{"href":"http:\/\/ludzie.fundacja-pih.pl\/index.php\/wp-json\/wp\/v2\/media?parent=1488"}],"curies":[{"name":"wp","href":"https:\/\/api.w.org\/{rel}","templated":true}]}}