{"id":1496,"date":"2021-01-25T12:22:33","date_gmt":"2021-01-25T12:22:33","guid":{"rendered":"http:\/\/ludzie.fundacja-pih.pl\/?post_type=product&#038;p=1496"},"modified":"2025-05-16T14:13:47","modified_gmt":"2025-05-16T14:13:47","slug":"napieralski-pawel","status":"publish","type":"product","link":"http:\/\/ludzie.fundacja-pih.pl\/index.php\/product\/napieralski-pawel\/","title":{"rendered":"Napieralski Pawe\u0142"},"content":{"rendered":"<p>Urodzi\u0142 si\u0119 10 lutego 1962 roku w Dopiewie. <\/p>\n<p>W 1992 roku uko\u0144czy\u0142 studia na Wydziale Nauk Spo\u0142ecznych na Uniwersytecie im. Adama Mickiewicza w Poznaniu. W roku 2006 uzyska\u0142 magisterium. Po wprowadzeniu stanu wojennego, bra\u0142 udzia\u0142 w akcjach ulotkowych i kolporta\u017cu wydawnictw podziemnych w tym tytu\u0142\u00f3w takich jak: \u201eNiepodleg\u0142o\u015b\u0107\u201d czy \u201eBibu\u0142a\u201d. By\u0142 kurierem do Warszawy. W 1984 roku pracowa\u0142 jako magazynier biblioteczny w Pedagogicznej Bibliotece Wojew\u00f3dzkiej w Poznaniu. Od kwietnia 1984 roku by\u0142 wsp\u00f3\u0142tw\u00f3rc\u0105 Radia \u201eS\u201d Regionu Wielkopolska. Wyemitowa\u0142 oko\u0142o 70 audycji. Drukowa\u0142 ulotki i inne wydawnictwa okoliczno\u015bciowe sygnowane przez Agencj\u0119 Informacyjn\u0105 Radia \u201eS\u201d Regionu Wielkopolska. 28 listopada 1984 roku, po emisji jednego z program\u00f3w zosta\u0142 aresztowany i osadzony w Areszcie \u015aledczym w Poznaniu. 12 lipca 1985 roku zosta\u0142 skazany wyrokiem S\u0105du Rejonowego w Poznaniu na kar\u0119 1,5 roku pozbawienia wolno\u015bci i osadzony w ZK w Strzelinie. W pa\u017adzierniku 1985 roku zosta\u0142 skazany na 10 dni twardego \u0142o\u017ca w izolatce. Na prze\u0142omie pa\u017adziernika i listopada 1985 roku wzi\u0105\u0142 udzia\u0142 w 18-dniowej g\u0142od\u00f3wce protestacyjnej. 3 grudnia tego samego roku zosta\u0142 zwolniony warunkowo po odbyciu 2\/3 kary. W 1986 roku zosta\u0142 wsp\u00f3\u0142pracownikiem pozna\u0144skiego oddzia\u0142u  \u201eSolidarno\u015bci Walcz\u0105cej\u201d. W ramach tej dzia\u0142alno\u015bci kolportowa\u0142 dwutygodnik \u201eSolidarno\u015b\u0107 Walcz\u0105ca\u201d, czasopismo \u201eCzasu Kultury\u201d oraz \u201eRuch WiP\u201d. Bra\u0142 tak\u017ce udzia\u0142 w akcjach ulotkowych i akcjach malowania antyre\u017cimowych hase\u0142 na murach. Po 1990 roku zawodowo zwi\u0105zany z mediami. W 2009 roku zosta\u0142 odznaczony Krzy\u017cem Komandorskim Orderu Odrodzenia Polski.<\/p>\n","protected":false},"excerpt":{"rendered":"<p>Urodzi\u0142 si\u0119 10 lutego 1962 roku w Dopiewie. W 1992 roku uko\u0144czy\u0142 studia na Wydziale Nauk Spo\u0142ecznych na Uniwersytecie im. Adama Mickiewicza w Poznaniu. W roku 2006 uzyska\u0142 magisterium. Po wprowadzeniu stanu wojennego, bra\u0142 udzia\u0142 w akcjach ulotkowych i kolporta\u017cu wydawnictw podziemnych w tym tytu\u0142\u00f3w takich jak: \u201eNiepodleg\u0142o\u015b\u0107\u201d czy \u201eBibu\u0142a\u201d. By\u0142 kurierem do Warszawy. W [&hellip;]<\/p>\n","protected":false},"featured_media":1497,"template":"","meta":[],"_links":{"self":[{"href":"http:\/\/ludzie.fundacja-pih.pl\/index.php\/wp-json\/wp\/v2\/product\/1496"}],"collection":[{"href":"http:\/\/ludzie.fundacja-pih.pl\/index.php\/wp-json\/wp\/v2\/product"}],"about":[{"href":"http:\/\/ludzie.fundacja-pih.pl\/index.php\/wp-json\/wp\/v2\/types\/product"}],"wp:featuredmedia":[{"embeddable":true,"href":"http:\/\/ludzie.fundacja-pih.pl\/index.php\/wp-json\/wp\/v2\/media\/1497"}],"wp:attachment":[{"href":"http:\/\/ludzie.fundacja-pih.pl\/index.php\/wp-json\/wp\/v2\/media?parent=1496"}],"curies":[{"name":"wp","href":"https:\/\/api.w.org\/{rel}","templated":true}]}}

Napieralski Paweł

<p>Urodził się 10 lutego 1962 roku w Dopiewie. </p>
<p>W 1992 roku ukończył studia na Wydziale Nauk Społecznych na Uniwersytecie im. Adama Mickiewicza w Poznaniu. W roku 2006 uzyskał magisterium. Po wprowadzeniu stanu wojennego, brał udział w akcjach ulotkowych i kolportażu wydawnictw podziemnych w tym tytułów takich jak: „Niepodległość” czy „Bibuła”. Był kurierem do Warszawy. W 1984 roku pracował jako magazynier biblioteczny w Pedagogicznej Bibliotece Wojewódzkiej w Poznaniu. Od kwietnia 1984 roku był współtwórcą Radia „S” Regionu Wielkopolska. Wyemitował około 70 audycji. Drukował ulotki i inne wydawnictwa okolicznościowe sygnowane przez Agencję Informacyjną Radia „S” Regionu Wielkopolska. 28 listopada 1984 roku, po emisji jednego z programów został aresztowany i osadzony w Areszcie Śledczym w Poznaniu. 12 lipca 1985 roku został skazany wyrokiem Sądu Rejonowego w Poznaniu na karę 1,5 roku pozbawienia wolności i osadzony w ZK w Strzelinie. W październiku 1985 roku został skazany na 10 dni twardego łoża w izolatce. Na przełomie października i listopada 1985 roku wziął udział w 18-dniowej głodówce protestacyjnej. 3 grudnia tego samego roku został zwolniony warunkowo po odbyciu 2/3 kary. W 1986 roku został współpracownikiem poznańskiego oddziału  „Solidarności Walczącej”. W ramach tej działalności kolportował dwutygodnik „Solidarność Walcząca”, czasopismo „Czasu Kultury” oraz „Ruch WiP”. Brał także udział w akcjach ulotkowych i akcjach malowania antyreżimowych haseł na murach. Po 1990 roku zawodowo związany z mediami. W 2009 roku został odznaczony Krzyżem Komandorskim Orderu Odrodzenia Polski.</p>

<p>Urodził się 10 lutego 1962 roku w Dopiewie. W 1992 roku ukończył studia na Wydziale Nauk Społecznych na Uniwersytecie im. Adama Mickiewicza w Poznaniu. W roku 2006 uzyskał magisterium. Po wprowadzeniu stanu wojennego, brał udział w akcjach ulotkowych i kolportażu wydawnictw podziemnych w tym tytułów takich jak: „Niepodległość” czy „Bibuła”. Był kurierem do Warszawy. W [&hellip;]</p>
