{"id":1498,"date":"2021-01-25T12:24:26","date_gmt":"2021-01-25T12:24:26","guid":{"rendered":"http:\/\/ludzie.fundacja-pih.pl\/?post_type=product&#038;p=1498"},"modified":"2025-05-16T14:13:48","modified_gmt":"2025-05-16T14:13:48","slug":"ogorzelec-ludwika-grazyna","status":"publish","type":"product","link":"http:\/\/ludzie.fundacja-pih.pl\/index.php\/product\/ogorzelec-ludwika-grazyna\/","title":{"rendered":"Ogorzelec Ludwika Gra\u017cyna"},"content":{"rendered":"<p>Urodzi\u0142a si\u0119 5 stycznia 1953 roku w Chobieni.<\/p>\n<p>W 1983 roku uko\u0144czy\u0142a studia na Wydziale Malarstwa, Grafiki i Rze\u017aby w Pa\u0144stwowej Wy\u017cszej Szkole Sztuk Plastycznych we Wroc\u0142awiu, W latach 1972 &#8211; 1973 pe\u0142ni\u0142a funkcj\u0119 dyrektora oraz instruktorki zaj\u0119\u0107 artystycznych w Gminnym O\u015brodku Kultury w Chobieni. W latach 1973 &#8211; 1974 studiowa\u0142a wychowanie plastyczne w Studium Nauczycielskim w Legnicy. W latach 1974 &#8211; 1977 by\u0142a pracownikiem dekoratorni w WSS Spo\u0142em w Legnicy. W latach 1977 by\u0142a zatrudniona jako dekoratorka witryn sklepowych Centrali Przemys\u0142u Ludowego i Artystycznego (Cepelia) we Wroc\u0142awiu. W latach 1977 &#8211; 1978 pracowa\u0142a w dekoratorni w Operze Wroc\u0142awskiej. W latach 1978 &#8211; 1983 studiowa\u0142a na PWSSP we Wroc\u0142awiu. W pa\u017adzierniku 1980 wst\u0105pi\u0142a do Niezale\u017cnego Zrzeszenia Student\u00f3w. Zosta\u0142a tak\u017ce wsp\u00f3\u0142za\u0142o\u017cycielk\u0105 NZS na PWSSP. W dniach 17\u201318 lutego 1981 roku bra\u0142a udzia\u0142 w strajku studenckim na PWSSP ws. rejestracji NZS.  Od listopada do 13 grudnia tego samego roku uczestniczy\u0142a w  strajku solidarno\u015bciowym ze studentami radomskiej WSI w PWSSP. W listopadzie i grudniu bra\u0142a udzia\u0142 w akcji malowania napis\u00f3w we Wroc\u0142awiu, skierowanych przeciw pa\u0144stwowemu monopolowi informacji. Po wprowadzeniu stanu wojennego, od 13 grudnia 1981 roku do lutego 1982 roku, mimo zakazu w\u0142adz, mieszka\u0142a w budynku PWSSP (w zwi\u0105zku z wprowadzeniem stanu wojennego dzia\u0142alno\u015b\u0107 uczelni zawieszono na 2 miesi\u0105ce). Od lutego do czerwca 1982 roku drukowa\u0142a  podziemne czasopisma, w tym g\u0142\u00f3wnie \u201eZ Dnia na Dzie\u0144\u201d. Od kwietnia do pa\u017adziernika 1982 roku redagowa\u0142a podziemne czasopismo \u201ePytania\u201d. Od czerwca 1982 roku do roku 1990 by\u0142a zaprzysi\u0119\u017conym cz\u0142onkiem  \u201eSolidarno\u015bci Walcz\u0105cej\u201d. Od lipca do pa\u017adziernika 1983 roku wsp\u00f3\u0142pracowa\u0142a z Niezale\u017cn\u0105 Agencj\u0105 Fotograficzn\u0105 \u201eDementi\u201d we Wroc\u0142awiu. W 1983 uko\u0144czy\u0142a studia z wyr\u00f3\u017cnieniem, jednak w\u0142adze uczelni anulowa\u0142y wyr\u00f3\u017cnienie, uzasadniaj\u0105c to jej postaw\u0105 polityczn\u0105. Od pa\u017adziernika 1983 roku do czerwca 1985 roku dzia\u0142a\u0142a w kontrwywiadzie SW (prowadzi\u0142a niemal codzienny nas\u0142uch cz\u0119stotliwo\u015bci wykorzystywanych przez SB, analizowa\u0142a nagrane komunikaty, sporz\u0105dza\u0142a raporty o dzia\u0142aniach SB dla cz\u0142onk\u00f3w podziemia). 11 grudnia 1982 roku i 31 sierpnia 1983 roku by\u0142a zatrzymana. W czerwcu 1985 roku wyjecha\u0142a do Francji. W latach 1985 &#8211; 1988 by\u0142a niejawnym przedstawicielem SW we Francji (m.in. organizacja wsparcia finansowego, przekazywanie informacji, kontakt\u00f3w). W latach 1985 \u2013 1987 by\u0142a studentk\u0105 na L\u2019Ecole Nationale Superieure des Beaux-Arts w Pary\u017cu. W 2007 roku Ludwika Gra\u017cyna Ogorzelec zosta\u0142a odznaczona Krzy\u017cem Oficerskim Orderu Odrodzenia Polski.<\/p>\n","protected":false},"excerpt":{"rendered":"<p>Urodzi\u0142a si\u0119 5 stycznia 1953 roku w Chobieni. W 1983 roku uko\u0144czy\u0142a studia na Wydziale Malarstwa, Grafiki i Rze\u017aby w Pa\u0144stwowej Wy\u017cszej Szkole Sztuk Plastycznych we Wroc\u0142awiu, W latach 1972 &#8211; 1973 pe\u0142ni\u0142a funkcj\u0119 dyrektora oraz instruktorki zaj\u0119\u0107 artystycznych w Gminnym O\u015brodku Kultury w Chobieni. W latach 1973 &#8211; 1974 studiowa\u0142a wychowanie plastyczne w Studium [&hellip;]<\/p>\n","protected":false},"featured_media":1499,"template":"","meta":[],"_links":{"self":[{"href":"http:\/\/ludzie.fundacja-pih.pl\/index.php\/wp-json\/wp\/v2\/product\/1498"}],"collection":[{"href":"http:\/\/ludzie.fundacja-pih.pl\/index.php\/wp-json\/wp\/v2\/product"}],"about":[{"href":"http:\/\/ludzie.fundacja-pih.pl\/index.php\/wp-json\/wp\/v2\/types\/product"}],"wp:featuredmedia":[{"embeddable":true,"href":"http:\/\/ludzie.fundacja-pih.pl\/index.php\/wp-json\/wp\/v2\/media\/1499"}],"wp:attachment":[{"href":"http:\/\/ludzie.fundacja-pih.pl\/index.php\/wp-json\/wp\/v2\/media?parent=1498"}],"curies":[{"name":"wp","href":"https:\/\/api.w.org\/{rel}","templated":true}]}}