{"id":1502,"date":"2021-01-25T12:27:04","date_gmt":"2021-01-25T12:27:04","guid":{"rendered":"http:\/\/ludzie.fundacja-pih.pl\/?post_type=product&#038;p=1502"},"modified":"2025-05-16T14:13:49","modified_gmt":"2025-05-16T14:13:49","slug":"olszewski-dariusz","status":"publish","type":"product","link":"http:\/\/ludzie.fundacja-pih.pl\/index.php\/product\/olszewski-dariusz\/","title":{"rendered":"Olszewski Dariusz"},"content":{"rendered":"<p>Urodzi\u0142 si\u0119 13 maja 1957 roku we Wroc\u0142awiu.<\/p>\n<p>W 1978 roku uko\u0144czy\u0142 Technikum Mechaniczne nr 2 we Wroc\u0142awiu. W latach 1978 &#8211; 1981 pracowa\u0142 jako ratownik g\u00f3rniczy KGHM w Lubinie Stacja Ratownictwa G\u00f3rniczego w Zak\u0142adach G\u00f3rniczych Rudna w Polkowicach. Po wprowadzeniu stanu wojennego w dniach 14 \u2013 17 grudnia 1981 roku bra\u0142 udzia\u0142 w strajku w ZG Rudna. 19 grudnia tego samego roku zosta\u0142 zwolniony z pracy.  W latach 1981 \u2013 1984 pozostawa\u0142 bez sta\u0142ego zatrudnienia i wykonywa\u0142 prace dorywcze. W latach 1984 &#8211; 1986 pracowa\u0142 jako nauczyciel p\u0142ywania w M\u0142odzie\u017cowym Domu Kultury Wroc\u0142aw &#8211; \u015ar\u00f3dmie\u015bcie. Od grudnia  1981 roku do roku 1984 kolportowa\u0142 i organizowa\u0142 sie\u0107 kolporta\u017cu podziemnych pism takich jak: \u201eZ Dnia na Dzie\u0144\u201d, \u201eSolidarno\u015b\u0107 Walcz\u0105ca\u201d, \u201eBiuletyn Dolno\u015bl\u0105ski\u201d, \u201eBIS\u201d w Zag\u0142\u0119biu Miedziowym oraz we Wroc\u0142awiu. Od czerwca 1982 roku do roku 1990 nale\u017ca\u0142 do \u201eSolidarno\u015bci Walcz\u0105cej\u201d. W latach 1982 &#8211; 1986 by\u0142 organizatorem i przyw\u00f3dc\u0105 grupy samoobrony (ochrona zebra\u0144 Rady Politycznej SW, ochrona Kornela Morawieckiego, walka z ZOMO w czasie manifestacji). 31 sierpnia 1982 roku uczestniczy\u0142 w antyre\u017cimowej manifestacji we Wroc\u0142awiu. W latach 1983 &#8211; 1986 drukowa\u0142 znaczki Poczty Podziemnej SW. 9 lipca 1986 roku wzi\u0105\u0142 udzia\u0142 w tzw. akcji kanapkowej na rzecz uwolnienia W\u0142adys\u0142awa Frasyniuka, za co zosta\u0142  ukarany przez kolegium ds. wykrocze\u0144 kar\u0105 3 miesi\u0119cy aresztu z zamian\u0105 na kar\u0119 grzywny. W 1986 by\u0142 ochroniarzem W\u0142adys\u0142awa Frasyniuka. W latach 1982 \u2013 1986 by\u0142 kilkakrotnie zatrzymywany i poddawany rewizjom. W 1986 roku wyemigrowa\u0142 do Stan\u00f3w Zjednoczonych. W latach 1986 \u2013 1990 pe\u0142ni\u0142 funkcj\u0119 zagranicznego przedstawiciela SW w USA, organizowa\u0142 pomoc materialn\u0105 dla SW. W latach 1987 \u2013 1988 wsp\u00f3\u0142organizowa\u0142 i bra\u0142 udzia\u0142 w akcji na rzecz uwolnienia Kornela Morawieckiego. W 1988 roku wsp\u00f3\u0142organizowa\u0142 pobyt w Stanach Zjednoczonych deportowanego z Polski Kornela Morawieckiego. W 2007 roku zosta\u0142 odznaczony Krzy\u017cem Oficerskim Orderu Odrodzenia Polski.<\/p>\n","protected":false},"excerpt":{"rendered":"<p>Urodzi\u0142 si\u0119 13 maja 1957 roku we Wroc\u0142awiu. W 1978 roku uko\u0144czy\u0142 Technikum Mechaniczne nr 2 we Wroc\u0142awiu. W latach 1978 &#8211; 1981 pracowa\u0142 jako ratownik g\u00f3rniczy KGHM w Lubinie Stacja Ratownictwa G\u00f3rniczego w Zak\u0142adach G\u00f3rniczych Rudna w Polkowicach. Po wprowadzeniu stanu wojennego w dniach 14 \u2013 17 grudnia 1981 roku bra\u0142 udzia\u0142 w strajku [&hellip;]<\/p>\n","protected":false},"featured_media":1503,"template":"","meta":[],"_links":{"self":[{"href":"http:\/\/ludzie.fundacja-pih.pl\/index.php\/wp-json\/wp\/v2\/product\/1502"}],"collection":[{"href":"http:\/\/ludzie.fundacja-pih.pl\/index.php\/wp-json\/wp\/v2\/product"}],"about":[{"href":"http:\/\/ludzie.fundacja-pih.pl\/index.php\/wp-json\/wp\/v2\/types\/product"}],"wp:featuredmedia":[{"embeddable":true,"href":"http:\/\/ludzie.fundacja-pih.pl\/index.php\/wp-json\/wp\/v2\/media\/1503"}],"wp:attachment":[{"href":"http:\/\/ludzie.fundacja-pih.pl\/index.php\/wp-json\/wp\/v2\/media?parent=1502"}],"curies":[{"name":"wp","href":"https:\/\/api.w.org\/{rel}","templated":true}]}}