{"id":1517,"date":"2021-01-25T12:36:48","date_gmt":"2021-01-25T12:36:48","guid":{"rendered":"http:\/\/ludzie.fundacja-pih.pl\/?post_type=product&#038;p=1517"},"modified":"2025-05-16T14:13:54","modified_gmt":"2025-05-16T14:13:54","slug":"podlejska-janina","status":"publish","type":"product","link":"http:\/\/ludzie.fundacja-pih.pl\/index.php\/product\/podlejska-janina\/","title":{"rendered":"Podlejska Janina"},"content":{"rendered":"<p>Urodzi\u0142a si\u0119 2 listopada 1946 roku w Niemczy.<\/p>\n<p>W 1974 roku uko\u0144czy\u0142a studia na Wydziale Prawa i Administracji  Uniwersytetu Wroc\u0142awskiego. W latach 1966 \u2013 1968 pracowa\u0142a jako ksi\u0119gowa w PZGS Samopomoc Ch\u0142opska w Dzier\u017coniowie. W latach 1969 \u2013 1971 by\u0142a zatrudniona jako prawnik w Urz\u0119dzie Wojew\u00f3dzkim we Wroc\u0142awiu. W latach 1971 \u2013 1984 by\u0142a pracownikiem Wojew\u00f3dzkiego Biura Geodezji i Teren\u00f3w Rolnych. We wrze\u015bniu 1980 roku wst\u0105pi\u0142a do NSZZ \u201eSolidarno\u015b\u0107\u201d, by\u0142a cz\u0142onkiem  Komitetu Za\u0142o\u017cycielskiego, a nast\u0119pnie sekretarzem KZ w WBGiTR. Dwa dni po wprowadzeniu stanu wojennego, wzi\u0119\u0142a udzia\u0142 w akcji zbierania podpis\u00f3w pod listem przeciwko aresztowaniu i internowaniu cz\u0142onk\u00f3w \u201eSolidarno\u015bci\u201d oraz niszczeniu mienia zwi\u0105zkowego. 15 stycznia 1982 roku Janina Podlejska zosta\u0142a zwolniona za to z pracy z nagan\u0105. Nast\u0119pnie po kilku rozprawach s\u0105dowych, w tym samym roku zosta\u0142a przywr\u00f3cona do pracy. Zbiera\u0142a pieni\u0105dze dla os\u00f3b represjonowanych i ich rodzin. Od grudnia 1981 roku do roku 1984 wsp\u00f3\u0142pracowa\u0142a z RKS \u201eS\u201d Dolny \u015al\u0105sk, organizowa\u0142a materia\u0142y poligraficzne. W latach 1982 &#8211; 1989 nale\u017ca\u0142a do \u201eSolidarno\u015bci Walcz\u0105cej\u201d. 16 kwietnia 1984 roku zosta\u0142a aresztowana za kolporta\u017c i zwolniona z pracy. 25 lipca 1984 roku zosta\u0142a zwolniona na mocy amnestii. B\u0119d\u0105c na wolno\u015bci pozostawa\u0142a pod obserwacj\u0105 SB. W latach 1984 &#8211; 1987, z nakazu pracy, by\u0142a zatrudniona w Dyrekcji Okr\u0119gowej Dr\u00f3g Publicznych we Wroc\u0142awiu. Do 1989 w jej mieszkaniu znajdowa\u0142 si\u0119 punkt kolporta\u017cowy. Wraz z m\u0119\u017cem Jackiem, kolportowa\u0142a wiele podziemnych wydawnictw i czasopism sygnowanych przez \u201eSolidarno\u015b\u0107\u201d i \u201eSolidarno\u015b\u0107 Walcz\u0105c\u0105\u201d. Rozprowadza\u0142a r\u00f3wnie\u017c bezdebitowe ksi\u0105\u017cki, znaczki poczt podziemnych i kartki okoliczno\u015bciowe. Kilka razy w roku kolportowa\u0142a wi\u0119ksze ilo\u015bci wydawnictw podziemnych m.in. w Dzier\u017coniowie i Strzelinie. W latach 1987 \u2013 1990 by\u0142a zatrudniona w Wojew\u00f3dzkiej Dyrekcji Dr\u00f3g Miejskich we Wroc\u0142awiu. Od 2007 roku Janina Podlejska nale\u017cy do Stowarzyszenia Solidarno\u015b\u0107 Walcz\u0105ca. W roku 2016 otrzyma\u0142a Krzy\u017c Wolno\u015bci i Solidarno\u015bci.<\/p>\n","protected":false},"excerpt":{"rendered":"<p>Urodzi\u0142a si\u0119 2 listopada 1946 roku w Niemczy. W 1974 roku uko\u0144czy\u0142a studia na Wydziale Prawa i Administracji Uniwersytetu Wroc\u0142awskiego. W latach 1966 \u2013 1968 pracowa\u0142a jako ksi\u0119gowa w PZGS Samopomoc Ch\u0142opska w Dzier\u017coniowie. W latach 1969 \u2013 1971 by\u0142a zatrudniona jako prawnik w Urz\u0119dzie Wojew\u00f3dzkim we Wroc\u0142awiu. W latach 1971 \u2013 1984 by\u0142a pracownikiem [&hellip;]<\/p>\n","protected":false},"featured_media":3018,"template":"","meta":[],"_links":{"self":[{"href":"http:\/\/ludzie.fundacja-pih.pl\/index.php\/wp-json\/wp\/v2\/product\/1517"}],"collection":[{"href":"http:\/\/ludzie.fundacja-pih.pl\/index.php\/wp-json\/wp\/v2\/product"}],"about":[{"href":"http:\/\/ludzie.fundacja-pih.pl\/index.php\/wp-json\/wp\/v2\/types\/product"}],"wp:featuredmedia":[{"embeddable":true,"href":"http:\/\/ludzie.fundacja-pih.pl\/index.php\/wp-json\/wp\/v2\/media\/3018"}],"wp:attachment":[{"href":"http:\/\/ludzie.fundacja-pih.pl\/index.php\/wp-json\/wp\/v2\/media?parent=1517"}],"curies":[{"name":"wp","href":"https:\/\/api.w.org\/{rel}","templated":true}]}}