{"id":1529,"date":"2021-01-25T12:47:56","date_gmt":"2021-01-25T12:47:56","guid":{"rendered":"http:\/\/ludzie.fundacja-pih.pl\/?post_type=product&#038;p=1529"},"modified":"2025-05-16T14:13:58","modified_gmt":"2025-05-16T14:13:58","slug":"schetyna-grzegorz","status":"publish","type":"product","link":"http:\/\/ludzie.fundacja-pih.pl\/index.php\/product\/schetyna-grzegorz\/","title":{"rendered":"Schetyna Grzegorz"},"content":{"rendered":"<p>Urodzi\u0142 si\u0119 18 lutego 1963 roku w Opolu.<\/p>\n<p>W 1990 roku uko\u0144czy\u0142 studia na Wydziale Nauk Historycznych i Pedagogicznych Uniwersytetu Wroc\u0142awskiego. W latach 1981 &#8211; 1983 studiowa\u0142 na Wydziale Prawa i Administracji Uniwersytetu Wroc\u0142awskiego. W pa\u017adzierniku 1981 roku rozpocza\u0142 dzia\u0142alno\u015b\u0107 w Niezale\u017cnym Zreszeniu Student\u00f3w. Na prze\u0142omie listopada i grudnia tego samego roku wzi\u0105\u0142 udzia\u0142 w strajku solidarno\u015bciowym ze studentami WSI w Radomiu na Uniwersytecie Wroc\u0142awskim. Po wprowadzeniu stanu wojennego, 13 grudnia 1981 roku, wsp\u00f3\u0142organizowa\u0142 tajne struktury NZS na Wydziale Prawa i Administracji Uniwersytetu Wroc\u0142awskiego. Od lutego 1982 roku by\u0142 wsp\u00f3\u0142pracownikiem (przez Dominika Stefanko) konspiracyjnego Zarz\u0105du Uczelnianego NZS Uniwersyetetu Wroc\u0142awskiego, wsp\u00f3\u0142organizowa\u0142 drukarnie, wsp\u00f3\u0142pracowa\u0142 z redakcj\u0105, a nast\u0119pnie tak\u017ce pisa\u0142 (ps. Mateusz Lewita) do podziemnego pisma \u201eKomunikat\u201d NZS Uniwersyetu Wroc\u0142awskiego. Od listopada 1982 roku do roku 1986 by\u0142 zaprzysi\u0119\u017conym cz\u0142onkiem wroc\u0142awskich struktur \u201eSolidarno\u015bci Walcz\u0105cej\u201d. Wsp\u00f3\u0142pracowa\u0142 z Hann\u0105 \u0141ukowsk\u0105-Karniej, Andrzejem Zarachem i Krzysztofem B\u0142achutem. Organizowa\u0142 kontakty z oddzia\u0142ami \u201eSolidarno\u015bci Walcz\u0105cej\u201d m.in. w Gda\u0144sku, Katowicach, Poznaniu, Warszawie. W 1983 roku wsp\u00f3\u0142organizowa\u0142 oddzia\u0142u \u201eSolidarno\u015bci Walcz\u0105cej\u201d w Poznaniu. W latach 1984 &#8211; 1985 pe\u0142ni\u0142 funkcj\u0119 lektora audycji Radia Solidarno\u015b\u0107 Walcz\u0105ca Oddzia\u0142 Pozna\u0144. W 1985 roku we Wroc\u0142awiu organizowa\u0142 druk pozna\u0144skiego podziemnego pisma \u201eCzas Kultury\u201d. Od 1984 roku nale\u017ca\u0142 do ZU NZS Uniwersytetu Wroc\u0142awskiego. W latach 1986 &#8211; 1989 by\u0142 przewodnicz\u0105cym, w latach 1987 &#8211; 1989 wsp\u00f3\u0142za\u0142o\u017cycielem i redaktorem pisma podziemnego \u201eAkces\u201d NZS Uniwersyetetu Wroc\u0142awskiego. W latach 1987 &#8211; 1989 wsp\u00f3\u0142pracowa\u0142 (m.in. z Kalin\u0105 Rowi\u0144sk\u0105-Schetyn\u0105, Rados\u0142awem Sidorowiczem) z podziemn\u0105 Oficyn\u0105 Wydawnicz\u0105 NZS Uniwersytetu Wroc\u0142awskiego \u201eUniversitas\u201d. W latach 1982 &#8211; 1989 kolportowa\u0142 i koordynowa\u0142 sieci kolporta\u017cu pism podziemnych w tym m.in. \u201eZ Dnia na Dzie\u0144\u201d, \u201eBiuletyn Dolno\u015bl\u0105ski\u201d, wroc\u0142awska i pozna\u0144ska \u201eSolidarno\u015b\u0107 Walcz\u0105ca\u201d, \u201eCzas Kultury\u201d, \u201eTygodnik Mazowsze\u201d, \u201eKomunikat\u201d, \u201eNa Indeksie\u201d, \u201eCIA\u201d, \u201eMI\u015a\u201d, \u201eAkces\u201d, \u201eReplika\u201d, \u201eWola\u201d, \u201ePWA. Przegl\u0105d Wiadomo\u015bci Agencyjnych\u201d oraz materia\u0142\u00f3w poligraficznych m.in. do Krakowa, Opola, Poznania i Warszawy. By\u0142 autorem (ps. Robert Synowiecki) w \u201eBiuletynie Dolno\u015bl\u0105skim\u201d. Organizowa\u0142 druk podziemnych pism \u201eKomunikat\u201d, \u201eAkces\u201d, \u201eZ R\u0105k do R\u0105k\u201d, Biuletyn NSZZ \u00abS\u00bb UWr\u201d. Od 2 pa\u017adziernika 1988 roku wchodzi\u0142 w sk\u0142ad Prezydium KKK NZS. W latach 1988 \u2013 1989 by\u0142 delegatem na Krajowe Zjazdy NZS. W tym samym okresie wsp\u00f3\u0142organizowa\u0142  wiece i strajki NZS we Wroc\u0142awiu. W maju 1989 roku by\u0142 cz\u0142onkiem KS na Uniwersytecie Wroc\u0142awskim, przewodnicz\u0105cym Mi\u0119dzyuczelnianego KS we Wroc\u0142awiu oraz cz\u0142onkiem Og\u00f3lnopolskiego KS. By\u0142 wielokrotnie zatrzymywany, przes\u0142uchiwany i wzywany na rozmowy ostrzegawcze. 16 marca 1989 roku znalaz\u0142 si\u0119 w gronie sygnatariuszy wniosku o rejestracj\u0119 NZS z\u0142o\u017conego w Wydziale Spo\u0142eczno-Administracyjnym Urz\u0119du Miasta Sto\u0142ecznego Warszawy. W dniach 3 \u2013 5 listopada 1989 roku wsp\u00f3\u0142organizowa\u0142 Przegl\u0105d Niezale\u017cnej Kultury Czechos\u0142owackiej we Wroc\u0142awiu. Po 1990 roku polityk, parlamentarzysta. W latach 2007 &#8211; 2009 pe\u0142ni\u0142 funkcj\u0119 ministra spraw wewn\u0119trznych i administracji oraz wicepremiera w rz\u0105dzie Donalda Tuska. W latach 2010 &#8211; 2011 by\u0142 marsza\u0142kiem Sejmu RP. Od 11 pa\u017cdziernika 1988 roku do 22 listopada 1989 roku by\u0142 rozpracowywany przez Wydz. IIIA WUSW we Wroc\u0142awiu w ramach SOR o kryptonimie \u201eKlika\u201d.<\/p>\n","protected":false},"excerpt":{"rendered":"<p>Urodzi\u0142 si\u0119 18 lutego 1963 roku w Opolu. W 1990 roku uko\u0144czy\u0142 studia na Wydziale Nauk Historycznych i Pedagogicznych Uniwersytetu Wroc\u0142awskiego. W latach 1981 &#8211; 1983 studiowa\u0142 na Wydziale Prawa i Administracji Uniwersytetu Wroc\u0142awskiego. W pa\u017adzierniku 1981 roku rozpocza\u0142 dzia\u0142alno\u015b\u0107 w Niezale\u017cnym Zreszeniu Student\u00f3w. Na prze\u0142omie listopada i grudnia tego samego roku wzi\u0105\u0142 udzia\u0142 w [&hellip;]<\/p>\n","protected":false},"featured_media":1530,"template":"","meta":[],"_links":{"self":[{"href":"http:\/\/ludzie.fundacja-pih.pl\/index.php\/wp-json\/wp\/v2\/product\/1529"}],"collection":[{"href":"http:\/\/ludzie.fundacja-pih.pl\/index.php\/wp-json\/wp\/v2\/product"}],"about":[{"href":"http:\/\/ludzie.fundacja-pih.pl\/index.php\/wp-json\/wp\/v2\/types\/product"}],"wp:featuredmedia":[{"embeddable":true,"href":"http:\/\/ludzie.fundacja-pih.pl\/index.php\/wp-json\/wp\/v2\/media\/1530"}],"wp:attachment":[{"href":"http:\/\/ludzie.fundacja-pih.pl\/index.php\/wp-json\/wp\/v2\/media?parent=1529"}],"curies":[{"name":"wp","href":"https:\/\/api.w.org\/{rel}","templated":true}]}}