{"id":1535,"date":"2021-01-25T12:53:02","date_gmt":"2021-01-25T12:53:02","guid":{"rendered":"http:\/\/ludzie.fundacja-pih.pl\/?post_type=product&#038;p=1535"},"modified":"2025-05-16T14:14:00","modified_gmt":"2025-05-16T14:14:00","slug":"swierczewski-tadeusz","status":"publish","type":"product","link":"http:\/\/ludzie.fundacja-pih.pl\/index.php\/product\/swierczewski-tadeusz\/","title":{"rendered":"\u015awierczewski Tadeusz J\u00f3zef"},"content":{"rendered":"<p>Urodzi\u0142 si\u0119 9 wrze\u015bnia 1942 roku w Warszawie.<\/p>\n<p>W 1973 roku uko\u0144czy\u0142 studia na Wydziale In\u017cynierii Sanitarnej Politechniki Wroc\u0142awskiej. W 1951 zosta\u0142 dyscyplinarnie usuni\u0119ty ze szko\u0142y za odmow\u0119 zdj\u0119cia z szyi krzy\u017cyka. Od pocz\u0105tku lat sze\u015b\u0107dziesi\u0105tych uczestniczy\u0142 w spotkaniach nieformalnego klubu dyskusyjnego we Wroc\u0142awiu (prowadzonego m.in. przez Teres\u0119 Czarneck\u0105, Jerzego Bauera i Jerzego Kie\u0142ka). W okresie od 10 czerwca 1964 do 31 lipca 1973 by\u0142 pracownikiem Wroc\u0142awskiego Przedsi\u0119biorstwa Konstrukcji Stalowych Mostostal. W marcu 1968 roku bra\u0142 udzial w demonstracjach studenckich we Wroc\u0142awiu. Wydrukowa\u0142 3000 egzemplarzy listu do student\u00f3w autorstwa dr. Ryszarda Krasnod\u0119bskiego, kt\u00f3ry podj\u0105\u0142 solidarno\u015bciow\u0105 g\u0142od\u00f3wk\u0119. Od 1 sierpnia 1973 roku do 20 lutego 1975 roku, by\u0142 zatrudniony w Przedsi\u0119biorstwie Rob\u00f3t Instalacyjno-Monta\u017cowych we Wroc\u0142awiu. Od 2 lutego 1975 roku do 29 lipca 1977 roku pracowa\u0142 we Wroc\u0142awskim Przedsi\u0119biorstwie Instalacji Przemys\u0142owych. Od 18 sierpnia 1977 roku do 31 stycznia 1978 roku roku by\u0142 pracownikiem Przedsi\u0119biorstwa Rob\u00f3t Instalacyjno-Monta\u017cowych Budownictwa Rolniczego w Legnicy. W okresie od 3 lutego 1978 do 5 pa\u017adziernika 1982 (od 8 sierpnia 1982 na p\u00f3\u0142 etatu, jednocze\u015bnie na rencie) by\u0142 zatrudniony na stanowisku g\u0142\u00f3wnego projektanta w Zak\u0142adzie Remontowo-Budowlanym AM we Wroc\u0142awiu. Od marca 1978 \u2013 1979 by\u0142 kolporterem wydawnictw NOW-ej. W latach 1979 \u2013 1989 by\u0142 autorem artyku\u0142\u00f3w (ps. Brat), drukarzem i kolporterem niezale\u017cnego czasopisma \u201eBiuletyn Dolno\u015bl\u0105ski\u201d. Od wrze\u015bnia 1980 roku nale\u017ca\u0142 do NSZZ \u201eSolidarno\u015b\u0107\u201d. By\u0142 cz\u0142onkiem KZ w ZRB AM. Jesieni\u0105 1980 organizowa\u0142 Komitety Za\u0142o\u017cycielskie \u201eSolidarno\u015bci\u201d we Wroc\u0142awiu i na Dolnym \u015al\u0105sku  w tym m.in. w Wa\u0142brzychu, \u015awidnicy i Jeleniej G\u00f3rze. W czerwcu 1981 roku by\u0142 delegatem na I WZD Regionu Dolny \u015al\u0105sk. Jesieni\u0105 tego samego roku potajemnie organizowa\u0142 zaplecze materia\u0142owo-lokalowe na wypadek sytuacji kryzysowej. Po wprowadzeniu stanu wojennego, w dniach 13 \u2013 15 grudnia 1981 roku, wsp\u00f3\u0142organizowa\u0142 i uczestniczy\u0142 w strajkach w Zajezdni Autobusowej nr VII MPK i Pa\u0144stwowej Fabryce Wagon\u00f3w Pafawag we Wroc\u0142awiu. Od 13 grudnia 1981 roku by\u0142 r\u00f3wnie\u017c organizatorem Regionalnego Komitetu Strajkowego \u201eSolidarno\u015bci\u201d Dolny \u015al\u0105sk. W okresie od 14 grudnia 1981 roku do prze\u0142omu czerwca i lipca 1982 roku odpowiada\u0142 za organizacj\u0119 i kolporta\u017c podziemnego pisma \u201eZ Dnia na Dzie\u0144\u201d, a w jego domu zlokalizowana by\u0142a jedna z drukar\u0144. Od grudnia 1981 roku Tadeusz \u015awierczewski by\u0142 tak\u017ce organizatorem podziemnych struktur zak\u0142adowych \u201eSolidarno\u015bci\u201d we Wroc\u0142awiu i okolicach oraz sieci ich \u0142\u0105czno\u015bci z RKS. W miesi\u0105cach od maja do wrze\u015bnia 1982 roku by\u0142 cz\u0142onkiem RKS. Od 14 grudnia 1981 roku do 5 pa\u017adziernika 1982 roku organizowa\u0142 dzia\u0142alno\u015b\u0107 kontrwywiadowcz\u0105 (nas\u0142uchy SB i MO), \u0142\u0105czno\u015bci satelitarnej oraz podziemnego Radia \u201eSolidarno\u015b\u0107\u201d. Na prze\u0142omie maja i czerwca 1982 roku zosta\u0142 wsp\u00f3\u0142za\u0142o\u017cycielem \u201eSolidarno\u015bci Walcz\u0105cej\u201d, by\u0142 przy tym pomys\u0142odawc\u0105 nazwy tej organizacji. Wsp\u00f3\u0142organizowa\u0142 oddzia\u0142y SW w Gda\u0144sku, Warszawie i Poznaniu. 13 i 28 czerwca, a tak\u017ce 31 sierpnia 1982 roku by\u0142 g\u0142\u00f3wnym organizatorem antyre\u017cimowych manifestacji we Wroc\u0142awiu. Od czerwca do pa\u017adziernika 1982 roku organizowa\u0142 druk czasopism \u201eSolidarno\u015b\u0107 Walcz\u0105ca\u201d i \u201eBiuletyn Dolno\u015bl\u0105ski\u201d. 5 pa\u017adziernika 1982 roku zosta\u0142 zatrzymany. W dniach 7 \u2013 26 pa\u017adziernika tego samego roku, zosta\u0142 internowany. By\u0142 przetrzymywany w Areszcie \u015aledczym KW MO i bity podczas przes\u0142ucha\u0144, nast\u0119pnie zosta\u0142 przeniesiony do Aresztu \u015aledczego we Wroc\u0142awiu. 27 stycznia 1983 roku zosta\u0142 zwolniony z aresztu, z kt\u00f3rego trafi\u0142 na leczenie do szpitala. W trakcie hospitalizacji przebywa\u0142 pod sta\u0142ym nadzorem SB. 25 lipca 1984 roku post\u0119powanie karne wobec niego zawieszono na mocy amnestii. W latach 1984 \u2013 1990 nadal organizowa\u0142 druk czasopism \u201eSolidarno\u015b\u0107 Walcz\u0105c\u0105\u201d i \u201eBiuletyn Dolno\u015bl\u0105ski\u201d. W latach 1984 \u2013 1988 by\u0142 wielokrotnie zatrzymywany, karany grzywnami przez kolegium ds. wykrocze\u0144 i inwigilowany przez SB. W latach 1984 \u2013 1990 organizowa\u0142 kolporta\u017c w ramach SW na terenie ca\u0142ego kraju. By\u0142 autorem artyku\u0142\u00f3w w prasie podziemnej m.in. takich jak: \u201eSolidarno\u015b\u0107 Walcz\u0105ca\u201d, \u201eBiuletyn Dolno\u015bl\u0105ski\u201d, \u201eWiadomo\u015bci Bie\u017c\u0105ce\u201d, \u201eAspekt\u201d, \u201eReplika\u201d, (ps. Or, Brat). Od wrze\u015bnia 1989 roku do pocz\u0105tku 1990 roku by\u0142 wydawc\u0105 \u201eGazetki Osiedlowej Komitetu Obywatelskiego Osiedla Zalesie-Zacisze\u201d. Po roku 1990 pracowa\u0142 jako rzeczoznawca ochrony i konserwacji zabytk\u00f3w oraz rzeczoznawca budowlany. Od 2003 roku prowadzi Autorsk\u0105 Pracowni\u0119 Projektow\u0105 we Wroc\u0142awiu. Tadeusz \u015awierczewski w 1997 roku zosta\u0142 odznaczony Krzy\u017cem Semper Fidelis, w 2007 roku Krzy\u017cem Komandorskim Orderu Odrodzenia Polski, w 2011 roku Krzy\u017cem Solidarno\u015bci Walcz\u0105cej, w 2013 roku Medalem Pro Patria, a tak\u017ce Krzy\u017cem Wolno\u015bci i Solidarno\u015bci, oraz Medalem Stulecia Odzyskania Niepodleg\u0142o\u015bci. W 2019 roku otrzyma\u0142 medal \u201eZas\u0142u\u017cony dla Kultury Polskiej\u201d (nr leg. 13464). Od 10 maja 1982 do 28 pa\u017adziernika 1983 roku by\u0142 rozpracowywany przez Wydz. V-1 KW MO\/WUSW we Wroc\u0142awiu w ramach SOR o kryptonimie \u201eRogacz\u201d.<\/p>\n","protected":false},"excerpt":{"rendered":"<p>Urodzi\u0142 si\u0119 9 wrze\u015bnia 1942 roku w Warszawie. W 1973 roku uko\u0144czy\u0142 studia na Wydziale In\u017cynierii Sanitarnej Politechniki Wroc\u0142awskiej. W 1951 zosta\u0142 dyscyplinarnie usuni\u0119ty ze szko\u0142y za odmow\u0119 zdj\u0119cia z szyi krzy\u017cyka. Od pocz\u0105tku lat sze\u015b\u0107dziesi\u0105tych uczestniczy\u0142 w spotkaniach nieformalnego klubu dyskusyjnego we Wroc\u0142awiu (prowadzonego m.in. przez Teres\u0119 Czarneck\u0105, Jerzego Bauera i Jerzego Kie\u0142ka). W [&hellip;]<\/p>\n","protected":false},"featured_media":1536,"template":"","meta":[],"_links":{"self":[{"href":"http:\/\/ludzie.fundacja-pih.pl\/index.php\/wp-json\/wp\/v2\/product\/1535"}],"collection":[{"href":"http:\/\/ludzie.fundacja-pih.pl\/index.php\/wp-json\/wp\/v2\/product"}],"about":[{"href":"http:\/\/ludzie.fundacja-pih.pl\/index.php\/wp-json\/wp\/v2\/types\/product"}],"wp:featuredmedia":[{"embeddable":true,"href":"http:\/\/ludzie.fundacja-pih.pl\/index.php\/wp-json\/wp\/v2\/media\/1536"}],"wp:attachment":[{"href":"http:\/\/ludzie.fundacja-pih.pl\/index.php\/wp-json\/wp\/v2\/media?parent=1535"}],"curies":[{"name":"wp","href":"https:\/\/api.w.org\/{rel}","templated":true}]}}