{"id":1537,"date":"2021-01-25T12:55:08","date_gmt":"2021-01-25T12:55:08","guid":{"rendered":"http:\/\/ludzie.fundacja-pih.pl\/?post_type=product&#038;p=1537"},"modified":"2025-05-16T14:14:01","modified_gmt":"2025-05-16T14:14:01","slug":"warisch-piotr-2","status":"publish","type":"product","link":"http:\/\/ludzie.fundacja-pih.pl\/index.php\/product\/warisch-piotr-2\/","title":{"rendered":"Warisch Piotr"},"content":{"rendered":"<p>Urodzi\u0142 si\u0119 11 marca 1959 w Krakowie<\/p>\n<p>Dzia\u0142a\u0142 pod pseudonim \u201eArtysta\u201d. Uko\u0144czy\u0142 studia w Akademii Sztuk Pi\u0119knych w Krakowie. Po og\u0142oszeniu stanu wojennego zwi\u0105za\u0142 si\u0119 z Nowohuckim MKS i podziemnym biuletynem \u201eBudostalowiec\u201d. W 1983 roku w\u0142\u0105czy\u0142 si\u0119 w struktury Porozumienia Prasowego \u201eSolidarno\u015b\u0107 Zwyci\u0119\u017cy\u201d. W 1985 roku zosta\u0142 zaprzysi\u0119\u017conym cz\u0142onkiem krakowskiego oddzia\u0142u \u201eSolidarno\u015bci Walcz\u0105cej\u201d. W latach 1983 \u2013 1990 nale\u017ca\u0142 do redakcji czasopisma \u201eSolidarno\u015b\u0107 Zwyci\u0119\u017cy\u201d, kt\u00f3ry z czasem zmieni\u0142 si\u0119  na \u201eSolidarno\u015b\u0107 Walcz\u0105ca Zwyci\u0119\u017cy\u201d, a p\u00f3\u017aniej \u201eSolidarno\u015b\u0107 Walcz\u0105ca\u201d. Piotr Warisch stworzy\u0142 liczne plakaty i grafiki, by\u0142 tak\u017ce wsp\u00f3\u0142tw\u00f3rc\u0105 podziemnego komiksu \u201e1478 Dni Nowej Huty\u201d. W 1988 roku zajmowa\u0142 si\u0119 drukiem. Po 1985 roku sta\u0142 si\u0119 bliskim wsp\u00f3\u0142pracownikiem ks. Kazimierza Jancarza w Mistrzejowicach, kt\u00f3remu projektowa\u0142 niezale\u017cne znaczki, medale, dyplomy i grafiki do wielu wydawnictw. W maju 1985 roku, zosta\u0142 zatrzymany po demonstracji w Nowej Hucie i postawiony przed kolegium. By\u0142 zatrzymany r\u00f3wnie\u017c na 48 godzin w 1987 roku czasie wizyty Jana Paw\u0142a II w Cz\u0119stochowie. W 2007 roku zosta\u0142 odznaczony honorowymi medalami: \u201eZa zas\u0142ugi dla Ma\u0142opolskiej Solidarno\u015bci\u201d oraz \u201ePro Memoria Prasy Podziemnej\u201d. Otrzyma\u0142 tak\u017ce Krzy\u017c Kawalerski Orderu Odrodzenia Polski, Krzy\u017c Wolno\u015bci i Solidarno\u015bci, Medal 100.lecia Niepodleg\u0142o\u015bci oraz Krzy\u017c Solidarno\u015bci<br \/>\nWalcz\u0105cej.<\/p>\n","protected":false},"excerpt":{"rendered":"<p>Urodzi\u0142 si\u0119 11 marca 1959 w Krakowie Dzia\u0142a\u0142 pod pseudonim \u201eArtysta\u201d. Uko\u0144czy\u0142 studia w Akademii Sztuk Pi\u0119knych w Krakowie. Po og\u0142oszeniu stanu wojennego zwi\u0105za\u0142 si\u0119 z Nowohuckim MKS i podziemnym biuletynem \u201eBudostalowiec\u201d. W 1983 roku w\u0142\u0105czy\u0142 si\u0119 w struktury Porozumienia Prasowego \u201eSolidarno\u015b\u0107 Zwyci\u0119\u017cy\u201d. W 1985 roku zosta\u0142 zaprzysi\u0119\u017conym cz\u0142onkiem krakowskiego oddzia\u0142u \u201eSolidarno\u015bci Walcz\u0105cej\u201d. W latach [&hellip;]<\/p>\n","protected":false},"featured_media":1538,"template":"","meta":[],"_links":{"self":[{"href":"http:\/\/ludzie.fundacja-pih.pl\/index.php\/wp-json\/wp\/v2\/product\/1537"}],"collection":[{"href":"http:\/\/ludzie.fundacja-pih.pl\/index.php\/wp-json\/wp\/v2\/product"}],"about":[{"href":"http:\/\/ludzie.fundacja-pih.pl\/index.php\/wp-json\/wp\/v2\/types\/product"}],"wp:featuredmedia":[{"embeddable":true,"href":"http:\/\/ludzie.fundacja-pih.pl\/index.php\/wp-json\/wp\/v2\/media\/1538"}],"wp:attachment":[{"href":"http:\/\/ludzie.fundacja-pih.pl\/index.php\/wp-json\/wp\/v2\/media?parent=1537"}],"curies":[{"name":"wp","href":"https:\/\/api.w.org\/{rel}","templated":true}]}}

<p>Urodził się 11 marca 1959 w Krakowie</p>
<p>Działał pod pseudonim „Artysta”. Ukończył studia w Akademii Sztuk Pięknych w Krakowie. Po ogłoszeniu stanu wojennego związał się z Nowohuckim MKS i podziemnym biuletynem „Budostalowiec”. W 1983 roku włączył się w struktury Porozumienia Prasowego „Solidarność Zwycięży”. W 1985 roku został zaprzysiężonym członkiem krakowskiego oddziału „Solidarności Walczącej”. W latach 1983 – 1990 należał do redakcji czasopisma „Solidarność Zwycięży”, który z czasem zmienił się  na „Solidarność Walcząca Zwycięży”, a później „Solidarność Walcząca”. Piotr Warisch stworzył liczne plakaty i grafiki, był także współtwórcą podziemnego komiksu „1478 Dni Nowej Huty”. W 1988 roku zajmował się drukiem. Po 1985 roku stał się bliskim współpracownikiem ks. Kazimierza Jancarza w Mistrzejowicach, któremu projektował niezależne znaczki, medale, dyplomy i grafiki do wielu wydawnictw. W maju 1985 roku, został zatrzymany po demonstracji w Nowej Hucie i postawiony przed kolegium. Był zatrzymany również na 48 godzin w 1987 roku czasie wizyty Jana Pawła II w Częstochowie. W 2007 roku został odznaczony honorowymi medalami: „Za zasługi dla Małopolskiej Solidarności” oraz „Pro Memoria Prasy Podziemnej”. Otrzymał także Krzyż Kawalerski Orderu Odrodzenia Polski, Krzyż Wolności i Solidarności, Medal 100.lecia Niepodległości oraz Krzyż Solidarności<br />
Walczącej.</p>

<p>Urodził się 11 marca 1959 w Krakowie Działał pod pseudonim „Artysta”. Ukończył studia w Akademii Sztuk Pięknych w Krakowie. Po ogłoszeniu stanu wojennego związał się z Nowohuckim MKS i podziemnym biuletynem „Budostalowiec”. W 1983 roku włączył się w struktury Porozumienia Prasowego „Solidarność Zwycięży”. W 1985 roku został zaprzysiężonym członkiem krakowskiego oddziału „Solidarności Walczącej”. W latach [&hellip;]</p>
