{"id":1565,"date":"2021-01-25T13:20:01","date_gmt":"2021-01-25T13:20:01","guid":{"rendered":"http:\/\/ludzie.fundacja-pih.pl\/?post_type=product&#038;p=1565"},"modified":"2025-05-16T14:14:08","modified_gmt":"2025-05-16T14:14:08","slug":"witkiewicz-teresa","status":"publish","type":"product","link":"http:\/\/ludzie.fundacja-pih.pl\/index.php\/product\/witkiewicz-teresa\/","title":{"rendered":"Witkiewicz Teresa"},"content":{"rendered":"<p>Urodzi\u0142a si\u0119 25 stycznia 1945 roku, zm. 22 maja 2002 roku we Wroc\u0142awiu.<\/p>\n<p>W pierwszej po\u0142owie lat osiemdziesi\u0105tych XX wieku pracowa\u0142a w Pracowni Prognostycznej na Politechnice Wroc\u0142awskiej. Razem z Paw\u0142em Falickim wydawa\u0142a konspiracyjny polityczno-ekonomiczny miesi\u0119cznik \u201eReplika\u201d. Pisa\u0142a artyku\u0142y (ps. \u201eTer\u201d, \u201eMarta B.\u201d), organizowa\u0142a teksty do poszczeg\u00f3lnych wyda\u0144. Przepisywa\u0142a teksty innych autor\u00f3w na maszynie, sporz\u0105dza\u0142a matryce do powielaczy bia\u0142kowych, a w okresie p\u00f3\u017aniejszym wykonywa\u0142a makiety do powielaczy offsetowych. Przygotowywa\u0142a do druku nie tylko \u201eReplik\u0119\u201d, ale i inne wydawnictwa \u201eSolidarno\u015bci Walcz\u0105cej\u201d, \u201eBiuletyn Dolno\u015bl\u0105skiego Towarzystwa Gospodarczego\u201d i ksi\u0105\u017cki konspiracyjne. Jej mieszkanie przy ul. Stalowej we Wroc\u0142awiu, s\u0142u\u017cy\u0142o za redakcj\u0119, drukarni\u0119 i punkt kolporta\u017cu.<\/p>\n","protected":false},"excerpt":{"rendered":"<p>Urodzi\u0142a si\u0119 25 stycznia 1945 roku, zm. 22 maja 2002 roku we Wroc\u0142awiu. W pierwszej po\u0142owie lat osiemdziesi\u0105tych XX wieku pracowa\u0142a w Pracowni Prognostycznej na Politechnice Wroc\u0142awskiej. Razem z Paw\u0142em Falickim wydawa\u0142a konspiracyjny polityczno-ekonomiczny miesi\u0119cznik \u201eReplika\u201d. Pisa\u0142a artyku\u0142y (ps. \u201eTer\u201d, \u201eMarta B.\u201d), organizowa\u0142a teksty do poszczeg\u00f3lnych wyda\u0144. Przepisywa\u0142a teksty innych autor\u00f3w na maszynie, sporz\u0105dza\u0142a matryce [&hellip;]<\/p>\n","protected":false},"featured_media":3084,"template":"","meta":[],"_links":{"self":[{"href":"http:\/\/ludzie.fundacja-pih.pl\/index.php\/wp-json\/wp\/v2\/product\/1565"}],"collection":[{"href":"http:\/\/ludzie.fundacja-pih.pl\/index.php\/wp-json\/wp\/v2\/product"}],"about":[{"href":"http:\/\/ludzie.fundacja-pih.pl\/index.php\/wp-json\/wp\/v2\/types\/product"}],"wp:featuredmedia":[{"embeddable":true,"href":"http:\/\/ludzie.fundacja-pih.pl\/index.php\/wp-json\/wp\/v2\/media\/3084"}],"wp:attachment":[{"href":"http:\/\/ludzie.fundacja-pih.pl\/index.php\/wp-json\/wp\/v2\/media?parent=1565"}],"curies":[{"name":"wp","href":"https:\/\/api.w.org\/{rel}","templated":true}]}}