{"id":1576,"date":"2021-01-27T08:54:21","date_gmt":"2021-01-27T08:54:21","guid":{"rendered":"http:\/\/ludzie.fundacja-pih.pl\/?post_type=product&#038;p=1576"},"modified":"2025-05-16T14:14:12","modified_gmt":"2025-05-16T14:14:12","slug":"belz-zbigniew-gorzow-wlk","status":"publish","type":"product","link":"http:\/\/ludzie.fundacja-pih.pl\/index.php\/product\/belz-zbigniew-gorzow-wlk\/","title":{"rendered":"Be\u0142z Zbigniew (Gorz\u00f3w Wlk.)"},"content":{"rendered":"<p>Urodzi\u0142 si\u0119 17 wrze\u015bnia 1955 roku w Gorzowie Wielkopolskim.<\/p>\n<p>W 1978 roku uko\u0144czy\u0142 Wydzia\u0142 Prawa i Administracji na Uniwersytecie Wroc\u0142awskim. W latach 1980 \u2013 1981 pracowa\u0142 jako asesor w S\u0105dzie Rejonowym w Gorzowie Wielkopolskim (oczekiwanie na nominacj\u0119 s\u0119dziowsk\u0105 przerwa\u0142 stan wojenny). We wrze\u015bniu 1980 wst\u0105pi\u0142 do NSZZ \u201eSolidarno\u015bci\u201d, organizowa\u0142 te\u017c Komitety Za\u0142o\u017cycielskie w s\u0105dach wojew\u00f3dztwa gorzowskiego. W latach 1980 \u2013 1981 pe\u0142ni\u0142 funkcj\u0119 wiceprzewodnicz\u0105cego Komitetu Zak\u0142adowego przy S\u0105dzie Rejonowym w Gorzowie Wielkopolskim. Od 19 lutego 1981 roku by\u0142 cz\u0142onkiem KOWzP w Gorzowie Wielkopolskim. Od kwietnia 1981 roku cz\u0142onkiem ZR oraz cz\u0142onkiem KKK Pracownik\u00f3w Wymiaru Sprawiedliwo\u015bci. 22 lipca 1981 roku zosta\u0142 wsp\u00f3\u0142za\u0142o\u017cycielem Polskiej Partii Demokratycznej. Na prze\u0142omie wrze\u015bnia i pa\u017adziernika tego samego roku by\u0142 delegatem na I KZD. Od 5 pa\u017adziernika 1981 roku pe\u0142ni\u0142 funkcj\u0119 cz\u0142onka prezydium KKR, a od pa\u017adziernika 1981 roku &#8211; cz\u0142onka redakcji \u201ePrzegl\u0105du Demokratycznego\u201d. W grudniu 1981 roku wsp\u00f3\u0142organiozwa\u0142 MKS w Gorzowie Wielkopolskim. W okresie od 13 grudnia 1981 roku do 15 kwietnia 1983 roku ukrywa\u0142 si\u0119. 13 czerwca 1982 roku zosta\u0142 przewodnicz\u0105cym gorzowskiego RKW. W tym samym roku wsp\u00f3\u0142tworzy\u0142 i wsp\u00f3\u0142redagowa\u0142 wydawane przez RKW Gorz\u00f3w Wielkopolski pismo \u201eFeniks\u201d. Sta\u0142 si\u0119 wsp\u00f3\u0142za\u0142o\u017cycielem gorzowskiego oddzia\u0142u \u201eSolidarno\u015bci Walcz\u0105cej\u201d. Od 11 listopada 1982 roku pe\u0142ni\u0142 funkcj\u0119 cz\u0142onka Rady \u201eSolidarno\u015bci Walcz\u0105cej\u201d. Od 14 marca 1983 roku przewodniczy\u0142 Federacji Gorzowsko-Koszali\u0144sko-Szczeci\u0144skiej \u201eSolidarno\u015bci\u201d. 15 kwietnia 1983 roku zosta\u0142 aresztowany i osadzony w Areszcie \u015aledczym w Zielonej G\u00f3rze. 27 wrze\u015bnia tego samego roku zwolniony po z\u0142o\u017ceniu deklaracji lojalno\u015bci (opublikowanej 27 wrze\u015bnia 1983 roku w \u201eGazecie Lubuskiej\u201d). Pr\u00f3bowa\u0142 (bez powodzenia) ponownie w\u0142\u0105czy\u0107 si\u0119 w dzia\u0142alno\u015b\u0107 podziemnej \u201eSolidarno\u015bci\u201d w Gorzowie Wielkopolskim.<\/p>\n","protected":false},"excerpt":{"rendered":"<p>Urodzi\u0142 si\u0119 17 wrze\u015bnia 1955 roku w Gorzowie Wielkopolskim. W 1978 roku uko\u0144czy\u0142 Wydzia\u0142 Prawa i Administracji na Uniwersytecie Wroc\u0142awskim. W latach 1980 \u2013 1981 pracowa\u0142 jako asesor w S\u0105dzie Rejonowym w Gorzowie Wielkopolskim (oczekiwanie na nominacj\u0119 s\u0119dziowsk\u0105 przerwa\u0142 stan wojenny). We wrze\u015bniu 1980 wst\u0105pi\u0142 do NSZZ \u201eSolidarno\u015bci\u201d, organizowa\u0142 te\u017c Komitety Za\u0142o\u017cycielskie w s\u0105dach wojew\u00f3dztwa [&hellip;]<\/p>\n","protected":false},"featured_media":2815,"template":"","meta":[],"_links":{"self":[{"href":"http:\/\/ludzie.fundacja-pih.pl\/index.php\/wp-json\/wp\/v2\/product\/1576"}],"collection":[{"href":"http:\/\/ludzie.fundacja-pih.pl\/index.php\/wp-json\/wp\/v2\/product"}],"about":[{"href":"http:\/\/ludzie.fundacja-pih.pl\/index.php\/wp-json\/wp\/v2\/types\/product"}],"wp:featuredmedia":[{"embeddable":true,"href":"http:\/\/ludzie.fundacja-pih.pl\/index.php\/wp-json\/wp\/v2\/media\/2815"}],"wp:attachment":[{"href":"http:\/\/ludzie.fundacja-pih.pl\/index.php\/wp-json\/wp\/v2\/media?parent=1576"}],"curies":[{"name":"wp","href":"https:\/\/api.w.org\/{rel}","templated":true}]}}