{"id":1577,"date":"2021-01-27T08:56:00","date_gmt":"2021-01-27T08:56:00","guid":{"rendered":"http:\/\/ludzie.fundacja-pih.pl\/?post_type=product&#038;p=1577"},"modified":"2025-05-16T14:14:12","modified_gmt":"2025-05-16T14:14:12","slug":"bereszynski-zbigniew-opole","status":"publish","type":"product","link":"http:\/\/ludzie.fundacja-pih.pl\/index.php\/product\/bereszynski-zbigniew-opole\/","title":{"rendered":"Bereszy\u0144ski Zbigniew (Opole)"},"content":{"rendered":"<p>Urodzi\u0142 si\u0119 8 stycznia 1956 roku w Opolu.<\/p>\n<p>1980 roku uko\u0144czy\u0142 studia na Wydziale Matematyki, Fizyki i Chemii Uniwersytetu Wroc\u0142awskiego. W latach 1980 \u2013 1984 by\u0142 doktorantem na tej uczelni. W 2012 roku uzyska\u0142 stopie\u0144 doktora.  W 1973 roku w I LO w Opolu nale\u017ca\u0142 do opozycyjnie nastawionej grupy uczni\u00f3w (m.in. z Andrzejem Jaroszem, Krzysztofem Toma\u0144skim, Wies\u0142awem Uklej\u0105) przygotowuj\u0105cej dyskusje na tematy polityczne. W grudniu 1977 roku kolportowa\u0142 w Opolu tzw. listy go\u0144cze za Edwardem Gierkiem. W marcu 1978 roku zosta\u0142 zatrzymany i by\u0142 przes\u0142uchiwany. W pa\u017adzierniku 1980 roku wsp\u00f3\u0142organizowa\u0142 Niezale\u017cne Zrzeszenie Student\u00f3w w Wy\u017cszej Szkole In\u017cynierskiej (WSI) w Opolu, nast\u0119pnie by\u0142 jego wsp\u00f3\u0142pracownikiem. Redagowa\u0142 niezale\u017cne wydawnictwa NZS WSI, w tym m.in. \u201eBiuletyn Informacyjny NZS WSI\u201d, \u201eInformator NZS WSI\u201d, \u201eOpolitechnika\u201d. W pa\u017adzierniku 1980 roku wst\u0105pi\u0142 do \u201eSolidarno\u015bci\u201d na Uniwersytecie Wroc\u0142awskim. Od kwietnia 1981 roku dzia\u0142a\u0142 w Studenckim KOWzP w Opolu. Wsp\u00f3\u0142organizowa\u0142 antyre\u017cimowe manifestacje. Od wrze\u015bnia 1981 roku by\u0142 redaktorem pism zwi\u0105zkowych w ZR \u015al\u0105sk Opolski \u201ePrawda\u201d i \u201eSygna\u0142y\u201d. Po wprowadzeniu stanu wojennego, 13 grudnia 1981 roku zosta\u0142 internowany i osadzony w O\u015brodku Odosobnienia w Opolu, nast\u0119pnie w Nysie i w Grodkowie. Zosta\u0142 zwolniony 14 pa\u017adziernika 1982 roku. Po wyj\u015bciu na wolno\u015b\u0107 organizowa\u0142 kolporta\u017c podziemnych wydawnictw w Opolu w tym m.in. \u201eSolidarno\u015b\u0107 Opolsk\u0105\u201d, \u201eTygodnik Mazowsze\u201d, \u201eSolidarno\u015b\u0107 Walcz\u0105c\u0105\u201d, \u201eSolidarno\u015b\u0107 Dolnego \u015al\u0105ska\u201d, \u201eBiuletyn Dolno\u015bl\u0105ski\u201d, \u201eZ Dnia na Dzie\u0144\u201d. W latach 1984 \u2013 1989 wsp\u00f3\u0142pracowa\u0142 z \u201eSolidarno\u015bci\u0105 Walcz\u0105c\u0105\u201d. W latach 1984 \u2013 1990 by\u0142  autorem tekst\u00f3w (ps. J.B., Jakub Bro\u0144ski, Jaromir Bilet, J. Bilet, Rafa\u0142 Jaworski) w \u201eBiuletynie Dolno\u015bl\u0105skim\u201d. W 1985 roku pe\u0142ni\u0142 funkcj\u0119 redaktora \u201eBiuletynu Opolskiego\u201d. W latach 1988 \u2013 1990 wsp\u00f3\u0142pracowa\u0142 z m\u0142odzie\u017cowymi grupami opozycyjnymi w Opolu. Wsp\u00f3\u0142organizowa\u0142 demonstracje, akcje ulotkowe, akcje pisania list\u00f3w i petycji przeciwko obradom Okr\u0105g\u0142ego Sto\u0142u i prezydenturze Wojciecha Jaruzelskiego. By\u0142 tak\u017ce jednym z inicjator\u00f3w utworzenia we wrze\u015bniu 1989 roku Tymczasowej Reprezentacji Politycznej \u015al\u0105ska Opolskiego skupiaj\u0105cej r\u00f3\u017cne \u015brodowiska niepodleg\u0142o\u015bciowe. W 2001 roku zosta\u0142 odznaczony Z\u0142otym Krzy\u017cem Zas\u0142ugi, jednak\u017ce odznaczenia tego nie przyj\u0105\u0142 od prezydenta Aleksandra Kwa\u015bniewskiego. Od 16 pa\u017adziernika 1973 roku do 11 lipca 1974 roku by\u0142 rozpracowywany przez Wydzia\u0142 III KW MO w Opolu w ramach SOS o kryptonimie \u201ePowielacz\u201d. Od 1977 roku do 23 marca 1978 roku w ramach SOR o kryptonimie \u201eFotograf\u201d. Od 2 marca 1981 roku do 23 stycznia 1990 roku przez Wydzia\u0142 III KW MO\/WUSW\/Wydz. OKPP WUSW w Opolu w ramach KE o kryptonimie \u201eDoktor\u201d.<\/p>\n","protected":false},"excerpt":{"rendered":"<p>Urodzi\u0142 si\u0119 8 stycznia 1956 roku w Opolu. 1980 roku uko\u0144czy\u0142 studia na Wydziale Matematyki, Fizyki i Chemii Uniwersytetu Wroc\u0142awskiego. W latach 1980 \u2013 1984 by\u0142 doktorantem na tej uczelni. W 2012 roku uzyska\u0142 stopie\u0144 doktora. W 1973 roku w I LO w Opolu nale\u017ca\u0142 do opozycyjnie nastawionej grupy uczni\u00f3w (m.in. z Andrzejem Jaroszem, Krzysztofem [&hellip;]<\/p>\n","protected":false},"featured_media":2818,"template":"","meta":[],"_links":{"self":[{"href":"http:\/\/ludzie.fundacja-pih.pl\/index.php\/wp-json\/wp\/v2\/product\/1577"}],"collection":[{"href":"http:\/\/ludzie.fundacja-pih.pl\/index.php\/wp-json\/wp\/v2\/product"}],"about":[{"href":"http:\/\/ludzie.fundacja-pih.pl\/index.php\/wp-json\/wp\/v2\/types\/product"}],"wp:featuredmedia":[{"embeddable":true,"href":"http:\/\/ludzie.fundacja-pih.pl\/index.php\/wp-json\/wp\/v2\/media\/2818"}],"wp:attachment":[{"href":"http:\/\/ludzie.fundacja-pih.pl\/index.php\/wp-json\/wp\/v2\/media?parent=1577"}],"curies":[{"name":"wp","href":"https:\/\/api.w.org\/{rel}","templated":true}]}}