{"id":1582,"date":"2021-01-27T09:01:57","date_gmt":"2021-01-27T09:01:57","guid":{"rendered":"http:\/\/ludzie.fundacja-pih.pl\/?post_type=product&#038;p=1582"},"modified":"2025-05-16T14:14:14","modified_gmt":"2025-05-16T14:14:14","slug":"bykowska-maria-kepno","status":"publish","type":"product","link":"http:\/\/ludzie.fundacja-pih.pl\/index.php\/product\/bykowska-maria-kepno\/","title":{"rendered":"Bykowska Maria (K\u0119pno)"},"content":{"rendered":"<p>Urodzi\u0142a si\u0119 22 stycznia 1948 roku w K\u0119pnie.<\/p>\n<p>W roku 1967 uko\u0144czy\u0142a Liceum Og\u00f3lnokszta\u0142c\u0105ce w K\u0119pnie.<br \/>\nW latach 1978 \u2013 1989 pracowa\u0142a na stanowisku ksi\u0119gowej w k\u0119pi\u0144skim Zak\u0142adzie Urz\u0105dze\u0144 Chemicznych Montochem. Od wrze\u015bnia 1980 roku nale\u017ca\u0142a do NSZZ \u201eSolidarno\u015b\u0107\u201d, by\u0142a cz\u0142onkiem Komitetu Za\u0142o\u017cycielskiego w Montochemie. Od listopada 1980 roku pe\u0142ni\u0142a funkcj\u0119 sekretarza Komitetu Zak\u0142adowego, nast\u0119pnie zosta\u0142a oddelegowana do pracy w Mi\u0119dzyzak\u0142adowej Komisji Porozumiewawczej \u201eSolidarno\u015bci\u201d w K\u0119pnie. Po wprowadzeniu stanu wojennego zasili\u0142a szeregi podziemnej Komisji Zak\u0142adowej. Zaanga\u017cowa\u0142a si\u0119 w nadawanie audycji przez radiow\u0119ze\u0142 zak\u0142adowy (we wsp\u00f3\u0142pracy z Aniel\u0105 Kemp\u0105 i Bogumi\u0142em Skowro\u0144skim) podaj\u0105cej informacje nieocenzurowane. By\u0142a wsp\u00f3\u0142organizatork\u0105 wiec\u00f3w i kolporta\u017cu podziemnych wydawnictw w zak\u0142adzie (m.in. tytu\u0142\u00f3w \u201eSolidarno\u015b\u0107 Dolno\u015bl\u0105ska\u201d, \u201eSolidarno\u015b\u0107 Walcz\u0105ca\u201d, \u201eBiuletyn Dolno\u015bl\u0105ski\u201d, \u201eReplika\u201d, \u201eOdrodzenie\u201d). W latach 1982\u20131984 by\u0142a cz\u0142onkiem zwi\u0105zanej z \u201eSolidarno\u015bci\u0105 Walcz\u0105c\u0105\u201d grupy \u201eHarpun\u201d w K\u0119pnie (we wsp\u00f3\u0142pracy z J\u00f3zefem Handrysikiem, W\u0142odzimierzem J\u0119drasikiem, Wies\u0142awem Ko\u0142odziejczykiem i Henrykiem M\u00fcllerem). 5 marca 1984 roku roku zosta\u0142a aresztowana. By\u0142a przetrzymywana w Areszcie \u015aledczym w Kaliszu, a nast\u0119pnie w Areszcie \u015aledczym w Poznaniu. 24 kwietnia 1984 roku zosta\u0142a skazana wyrokiem S\u0105du Rejonowego w K\u0119pnie na 1 rok wi\u0119zienia w zawieszeniu na 3 lata i grzywn\u0119.  21 lipca 1984 roku wymierzone jej kary umorzono na mocy amnestii. Mari\u0119 Bykowsk\u0105 wielokrotnie wzywano na tzw. rozmowy profilaktyczno-ostrzegawcze przeprowadzane na komendzie Milicji Obywatelskiej w K\u0119pnie. Od 31 marca 1989 roku by\u0142a cz\u0142onkiem Mi\u0119dzyzak\u0142adowej Komisji Organizacyjnej \u201eSolidarno\u015bci\u201d Ziemi K\u0119pi\u0144skiej. W tym samym roku wyjecha\u0142a do Republiki Federalnej Niemiec. Maria Bykowska od 6 stycznia 1982 roku  by\u0142a rozpracowywana przez Wydz. V KW MO w Kaliszu w ramach SOR o kryptonimie \u201eRower\u201d dot. kolporta\u017cu ulotek w K\u0119pnie (z W. Fo\u0142t\u0105, J. Handrysikiem, B. Skowro\u0144skim, Markiem Stefaniakiem), od 25 pa\u017adziernika 1982 roku w ramach SOR o kryptonimie \u201eVeto\u201d, natomiast od 12 kwietnia 1983 roku \u2013 24 kwietnia 1986 roku przez Wydz. V KW MO\/WUSW w Kaliszu w ramach SOR o kryptonimie \u201eMetro\u201d.<\/p>\n","protected":false},"excerpt":{"rendered":"<p>Urodzi\u0142a si\u0119 22 stycznia 1948 roku w K\u0119pnie. W roku 1967 uko\u0144czy\u0142a Liceum Og\u00f3lnokszta\u0142c\u0105ce w K\u0119pnie. W latach 1978 \u2013 1989 pracowa\u0142a na stanowisku ksi\u0119gowej w k\u0119pi\u0144skim Zak\u0142adzie Urz\u0105dze\u0144 Chemicznych Montochem. Od wrze\u015bnia 1980 roku nale\u017ca\u0142a do NSZZ \u201eSolidarno\u015b\u0107\u201d, by\u0142a cz\u0142onkiem Komitetu Za\u0142o\u017cycielskiego w Montochemie. Od listopada 1980 roku pe\u0142ni\u0142a funkcj\u0119 sekretarza Komitetu Zak\u0142adowego, nast\u0119pnie [&hellip;]<\/p>\n","protected":false},"featured_media":1583,"template":"","meta":[],"_links":{"self":[{"href":"http:\/\/ludzie.fundacja-pih.pl\/index.php\/wp-json\/wp\/v2\/product\/1582"}],"collection":[{"href":"http:\/\/ludzie.fundacja-pih.pl\/index.php\/wp-json\/wp\/v2\/product"}],"about":[{"href":"http:\/\/ludzie.fundacja-pih.pl\/index.php\/wp-json\/wp\/v2\/types\/product"}],"wp:featuredmedia":[{"embeddable":true,"href":"http:\/\/ludzie.fundacja-pih.pl\/index.php\/wp-json\/wp\/v2\/media\/1583"}],"wp:attachment":[{"href":"http:\/\/ludzie.fundacja-pih.pl\/index.php\/wp-json\/wp\/v2\/media?parent=1582"}],"curies":[{"name":"wp","href":"https:\/\/api.w.org\/{rel}","templated":true}]}}

Bykowska Maria (Kępno)

<p>Urodziła się 22 stycznia 1948 roku w Kępnie.</p>
<p>W roku 1967 ukończyła Liceum Ogólnokształcące w Kępnie.<br />
W latach 1978 – 1989 pracowała na stanowisku księgowej w kępińskim Zakładzie Urządzeń Chemicznych Montochem. Od września 1980 roku należała do NSZZ „Solidarność”, była członkiem Komitetu Założycielskiego w Montochemie. Od listopada 1980 roku pełniła funkcję sekretarza Komitetu Zakładowego, następnie została oddelegowana do pracy w Międzyzakładowej Komisji Porozumiewawczej „Solidarności” w Kępnie. Po wprowadzeniu stanu wojennego zasiliła szeregi podziemnej Komisji Zakładowej. Zaangażowała się w nadawanie audycji przez radiowęzeł zakładowy (we współpracy z Anielą Kempą i Bogumiłem Skowrońskim) podającej informacje nieocenzurowane. Była współorganizatorką wieców i kolportażu podziemnych wydawnictw w zakładzie (m.in. tytułów „Solidarność Dolnośląska”, „Solidarność Walcząca”, „Biuletyn Dolnośląski”, „Replika”, „Odrodzenie”). W latach 1982–1984 była członkiem związanej z „Solidarnością Walczącą” grupy „Harpun” w Kępnie (we współpracy z Józefem Handrysikiem, Włodzimierzem Jędrasikiem, Wiesławem Kołodziejczykiem i Henrykiem Müllerem). 5 marca 1984 roku roku została aresztowana. Była przetrzymywana w Areszcie Śledczym w Kaliszu, a następnie w Areszcie Śledczym w Poznaniu. 24 kwietnia 1984 roku została skazana wyrokiem Sądu Rejonowego w Kępnie na 1 rok więzienia w zawieszeniu na 3 lata i grzywnę.  21 lipca 1984 roku wymierzone jej kary umorzono na mocy amnestii. Marię Bykowską wielokrotnie wzywano na tzw. rozmowy profilaktyczno-ostrzegawcze przeprowadzane na komendzie Milicji Obywatelskiej w Kępnie. Od 31 marca 1989 roku była członkiem Międzyzakładowej Komisji Organizacyjnej „Solidarności” Ziemi Kępińskiej. W tym samym roku wyjechała do Republiki Federalnej Niemiec. Maria Bykowska od 6 stycznia 1982 roku  była rozpracowywana przez Wydz. V KW MO w Kaliszu w ramach SOR o kryptonimie „Rower” dot. kolportażu ulotek w Kępnie (z W. Fołtą, J. Handrysikiem, B. Skowrońskim, Markiem Stefaniakiem), od 25 października 1982 roku w ramach SOR o kryptonimie „Veto”, natomiast od 12 kwietnia 1983 roku – 24 kwietnia 1986 roku przez Wydz. V KW MO/WUSW w Kaliszu w ramach SOR o kryptonimie „Metro”.</p>

<p>Urodziła się 22 stycznia 1948 roku w Kępnie. W roku 1967 ukończyła Liceum Ogólnokształcące w Kępnie. W latach 1978 – 1989 pracowała na stanowisku księgowej w kępińskim Zakładzie Urządzeń Chemicznych Montochem. Od września 1980 roku należała do NSZZ „Solidarność”, była członkiem Komitetu Założycielskiego w Montochemie. Od listopada 1980 roku pełniła funkcję sekretarza Komitetu Zakładowego, następnie [&hellip;]</p>
