{"id":1612,"date":"2021-01-27T09:34:23","date_gmt":"2021-01-27T09:34:23","guid":{"rendered":"http:\/\/ludzie.fundacja-pih.pl\/?post_type=product&#038;p=1612"},"modified":"2025-05-16T14:14:24","modified_gmt":"2025-05-16T14:14:24","slug":"kolodziej-jan","status":"publish","type":"product","link":"http:\/\/ludzie.fundacja-pih.pl\/index.php\/product\/kolodziej-jan\/","title":{"rendered":"Ko\u0142odziej Jan (Lubin)"},"content":{"rendered":"<p>Urodzi\u0142 si\u0119 1 marca 1943 roku we Wszachowie, a zmar\u0142 8 pa\u017adziernika 1994 roku w USA.<\/p>\n<p>W 1973 roku uko\u0144czy\u0142 kurs mechanika samochodowego przy KGHM w Lubinie, zdoby\u0142 tytu\u0142 mistrza w zawodzie \u015blusarz samochodowy silnik\u00f3w. W latach 1968 \u2013 1972 pracowa\u0142 jako pomocnik mechanika samochodowego w Hucie Szk\u0142a Kryszta\u0142owego Julia w Szklarskiej Por\u0119bie. W latach 1972 \u2013 1981 by\u0142 zatrudniony jako \u015blusarz w Zak\u0142adach G\u00f3rniczych Lubin KGHM w Lubinie. We wrze\u015bniu 1980 roku wst\u0105pi\u0142 do NSZZ \u201eSolidarno\u015b\u0107\u201d. Po wprowadzeniu stanu wojennego, w dniach 14 \u2013 15 grudnia 1981 roku, bra\u0142 udzia\u0142 w strajku w ZG Lubin, w konsekwencji czego zosta\u0142 zwolniony z pracy. Od 13 grudnia 1981 do wrze\u015bnia 1982 roku wchodzi\u0142 w sk\u0142ad TKZ w ZG Lubin. W 1982 roku pracowa\u0142 jako mechanik w PGR w Szklarach G\u00f3rnych. By\u0142 cz\u0142onkiem tzw. grupy bombiarzy: 12 lutego 1982 roku we wsp\u00f3\u0142pracy z Ryszardem Szwedem, skonstruowa\u0142 \u0142adunek wybuchowy i pod\u0142o\u017cy\u0142 go pod stacj\u0105 CPN w centrum Lubina. 13 marca tego samego roku zosta\u0142 zatrzymany (z Ryszardem Szwedem i Miros\u0142awem Kozer\u0105), a 15 marca aresztowany za posiadanie wydawnictw podziemnych. By\u0142 przetrzymywany w Areszcie \u015aledczym w Legnicy i we Wroc\u0142awiu. 15 kwietnia 1982 roku S\u0105du \u015al\u0105skiego Okr\u0119gu Wojskowego we Wroc\u0142awiu skaza\u0142 Jana Ko\u0142odzieja na kar\u0119 1,5 roku pozbawienia wolno\u015bci w zawieszeniu na 3 lata i uchyli\u0142 areszt. Od czerwca 1982 roku do lutego 1983 roku by\u0142 zatrudniony jako \u015blusarz-mechanik w Przedsi\u0119biorstwie Budowy Kopal\u0144 w Lubinie. 31 sierpnia 1982 roku oraz 1 wrze\u015bnia 1982 roku uczestniczy\u0142 w antyre\u017cimowych manifestacjach w Lubinie. 7 wrze\u015bnia tego samego roku zosta\u0142 internowany i osadzony w O\u015brodku Odosobnienia w Nysie. 16 grudnia 1982 roku zwolniono go. 31 stycznia 1983 roku Jana Ko\u0142odzieja ponownie zatrzymano i 2 lutego 1983 roku aresztowano. 21 listopada 1983 roku S\u0105d \u015al\u0105ski Okr\u0119gu Wojskowego we Wroc\u0142awiu skaza\u0142 go na kar\u0119 4 lat pozbawienia wolno\u015bci. Jan Ko\u0142odziej odbywa\u0142 kar\u0119 m.in. w ZK w \u0141\u0119czycy i Strzelinie. 28 lipca 1984 zosta\u0142 zwolniony na mocy amnestii. W latach 1984 \u2013 1988 ponownie pracowa\u0142 jako \u015blusarz-mechanik w Przedsi\u0119biorstwie Budowy Kopal\u0144 w Lubinie. Kolportowa\u0142 wydawnictwa podziemne w tym m.in.: \u201eZag\u0142\u0119bie Miedziowe\u201d, \u201eWolny G\u0142os\u201d, \u201eTygodnik Mazowsze\u201d, \u201ePWA\u201d. Rozprowadza\u0142 te\u017c ulotki. W latach 1984 \u2013 1989 nale\u017ca\u0142 do \u201eSolidarno\u015bci Walcz\u0105cej\u201d w Lubinie oraz wchodzi\u0142 w sk\u0142ad Mi\u0119dzyzak\u0142adowej Komisji Wykonawczej \u201eS\u201d Zag\u0142\u0119bia Miedziowego. W latach 1988 \u2013 1989 by\u0142 zatrudniony jako mechanik samochodowy w Przedsi\u0119biorstwie Transportu Sprz\u0119tu Budowlanego Transbud-Zielona G\u00f3ra. W 1989 roku wyemigrowa\u0142 do Stan\u00f3w Zjednaczonych. W 2007 roku, po\u015bmiertnie, zosta\u0142 odznaczony Krzy\u017cem Kawalerskim Orderu Odrodzenia Polski. Od 25 marca do 22 wrze\u015bnia 1982 roku, by\u0142 rozpracowywany przez Wydz. III KW MO w Legnicy w ramach SOR o kryptonimie \u201eNi\u0107\u201d. Po 1984 roku, w ramach KE o kryptonimie \u201eKo\u0142o\u201d. Do 20 lipca 1989 roku przez Wydz. V WUSW w Legnicy w ramach SOR o kryptonimie \u201eKomisja\u201d.<\/p>\n","protected":false},"excerpt":{"rendered":"<p>Urodzi\u0142 si\u0119 1 marca 1943 roku we Wszachowie, a zmar\u0142 8 pa\u017adziernika 1994 roku w USA. W 1973 roku uko\u0144czy\u0142 kurs mechanika samochodowego przy KGHM w Lubinie, zdoby\u0142 tytu\u0142 mistrza w zawodzie \u015blusarz samochodowy silnik\u00f3w. W latach 1968 \u2013 1972 pracowa\u0142 jako pomocnik mechanika samochodowego w Hucie Szk\u0142a Kryszta\u0142owego Julia w Szklarskiej Por\u0119bie. W latach [&hellip;]<\/p>\n","protected":false},"featured_media":2745,"template":"","meta":[],"_links":{"self":[{"href":"http:\/\/ludzie.fundacja-pih.pl\/index.php\/wp-json\/wp\/v2\/product\/1612"}],"collection":[{"href":"http:\/\/ludzie.fundacja-pih.pl\/index.php\/wp-json\/wp\/v2\/product"}],"about":[{"href":"http:\/\/ludzie.fundacja-pih.pl\/index.php\/wp-json\/wp\/v2\/types\/product"}],"wp:featuredmedia":[{"embeddable":true,"href":"http:\/\/ludzie.fundacja-pih.pl\/index.php\/wp-json\/wp\/v2\/media\/2745"}],"wp:attachment":[{"href":"http:\/\/ludzie.fundacja-pih.pl\/index.php\/wp-json\/wp\/v2\/media?parent=1612"}],"curies":[{"name":"wp","href":"https:\/\/api.w.org\/{rel}","templated":true}]}}

Kołodziej Jan (Lubin)

<p>Urodził się 1 marca 1943 roku we Wszachowie, a zmarł 8 października 1994 roku w USA.</p>
<p>W 1973 roku ukończył kurs mechanika samochodowego przy KGHM w Lubinie, zdobył tytuł mistrza w zawodzie ślusarz samochodowy silników. W latach 1968 – 1972 pracował jako pomocnik mechanika samochodowego w Hucie Szkła Kryształowego Julia w Szklarskiej Porębie. W latach 1972 – 1981 był zatrudniony jako ślusarz w Zakładach Górniczych Lubin KGHM w Lubinie. We wrześniu 1980 roku wstąpił do NSZZ „Solidarność”. Po wprowadzeniu stanu wojennego, w dniach 14 – 15 grudnia 1981 roku, brał udział w strajku w ZG Lubin, w konsekwencji czego został zwolniony z pracy. Od 13 grudnia 1981 do września 1982 roku wchodził w skład TKZ w ZG Lubin. W 1982 roku pracował jako mechanik w PGR w Szklarach Górnych. Był członkiem tzw. grupy bombiarzy: 12 lutego 1982 roku we współpracy z Ryszardem Szwedem, skonstruował ładunek wybuchowy i podłożył go pod stacją CPN w centrum Lubina. 13 marca tego samego roku został zatrzymany (z Ryszardem Szwedem i Mirosławem Kozerą), a 15 marca aresztowany za posiadanie wydawnictw podziemnych. Był przetrzymywany w Areszcie Śledczym w Legnicy i we Wrocławiu. 15 kwietnia 1982 roku Sądu Śląskiego Okręgu Wojskowego we Wrocławiu skazał Jana Kołodzieja na karę 1,5 roku pozbawienia wolności w zawieszeniu na 3 lata i uchylił areszt. Od czerwca 1982 roku do lutego 1983 roku był zatrudniony jako ślusarz-mechanik w Przedsiębiorstwie Budowy Kopalń w Lubinie. 31 sierpnia 1982 roku oraz 1 września 1982 roku uczestniczył w antyreżimowych manifestacjach w Lubinie. 7 września tego samego roku został internowany i osadzony w Ośrodku Odosobnienia w Nysie. 16 grudnia 1982 roku zwolniono go. 31 stycznia 1983 roku Jana Kołodzieja ponownie zatrzymano i 2 lutego 1983 roku aresztowano. 21 listopada 1983 roku Sąd Śląski Okręgu Wojskowego we Wrocławiu skazał go na karę 4 lat pozbawienia wolności. Jan Kołodziej odbywał karę m.in. w ZK w Łęczycy i Strzelinie. 28 lipca 1984 został zwolniony na mocy amnestii. W latach 1984 – 1988 ponownie pracował jako ślusarz-mechanik w Przedsiębiorstwie Budowy Kopalń w Lubinie. Kolportował wydawnictwa podziemne w tym m.in.: „Zagłębie Miedziowe”, „Wolny Głos”, „Tygodnik Mazowsze”, „PWA”. Rozprowadzał też ulotki. W latach 1984 – 1989 należał do „Solidarności Walczącej” w Lubinie oraz wchodził w skład Międzyzakładowej Komisji Wykonawczej „S” Zagłębia Miedziowego. W latach 1988 – 1989 był zatrudniony jako mechanik samochodowy w Przedsiębiorstwie Transportu Sprzętu Budowlanego Transbud-Zielona Góra. W 1989 roku wyemigrował do Stanów Zjednaczonych. W 2007 roku, pośmiertnie, został odznaczony Krzyżem Kawalerskim Orderu Odrodzenia Polski. Od 25 marca do 22 września 1982 roku, był rozpracowywany przez Wydz. III KW MO w Legnicy w ramach SOR o kryptonimie „Nić”. Po 1984 roku, w ramach KE o kryptonimie „Koło”. Do 20 lipca 1989 roku przez Wydz. V WUSW w Legnicy w ramach SOR o kryptonimie „Komisja”.</p>

<p>Urodził się 1 marca 1943 roku we Wszachowie, a zmarł 8 października 1994 roku w USA. W 1973 roku ukończył kurs mechanika samochodowego przy KGHM w Lubinie, zdobył tytuł mistrza w zawodzie ślusarz samochodowy silników. W latach 1968 – 1972 pracował jako pomocnik mechanika samochodowego w Hucie Szkła Kryształowego Julia w Szklarskiej Porębie. W latach [&hellip;]</p>
