{"id":1614,"date":"2021-01-27T09:37:41","date_gmt":"2021-01-27T09:37:41","guid":{"rendered":"http:\/\/ludzie.fundacja-pih.pl\/?post_type=product&#038;p=1614"},"modified":"2025-05-16T14:14:25","modified_gmt":"2025-05-16T14:14:25","slug":"koza-mieczyslaw-legnica","status":"publish","type":"product","link":"http:\/\/ludzie.fundacja-pih.pl\/index.php\/product\/koza-mieczyslaw-legnica\/","title":{"rendered":"Koza Mieczys\u0142aw (Legnica)"},"content":{"rendered":"<p>Urodzi\u0142 si\u0119 22 grudnia 1948 roku w Bukowcu.<\/p>\n<p>W 1972 roku uko\u0144czy\u0142 studia na Wydziale Budowy Maszyn na  Politechnice Pozna\u0144skiej. W latach 1966 \u2013 1972 nale\u017ca\u0142 do ZSP. W latach 1980\u20131985 by\u0142 cz\u0142onkiem Towarzystwa Przyja\u017ani Polsko-Francuskiej w Lubinie. W marcu 1968 roku uczestniczy\u0142 w antyre\u017cimowej manifestacji student\u00f3w w Poznaniu. W latach 1972 \u2013 1976 pracowa\u0142 jako g\u0142\u00f3wny mechanik w Rejonie Eksploatacji Dr\u00f3g Publicznych w Nowym Tomy\u015blu. W latach 1976 \u2013 1979 pe\u0142ni\u0142 funkcj\u0119 kierownika oddzia\u0142u remont\u00f3w hutniczych w Zak\u0142adach Naprawczych Maszyn Zanam w Polkowicach w KGHM w Lubinie. W latach 1979 \u2013 1983 by\u0142 kierownikiem w Zak\u0142adzie Remontowo-Monta\u017cowym w Polkowicach KGHM, Wydzia\u0142 Remont\u00f3w Hutniczych Legnica z siedzib\u0105 w Hucie Miedzi Legnica. We wrze\u015bniu 1980 roku wst\u0105pi\u0142 do NSZZ \u201eSolidarno\u015b\u0107\u201d. W listopadzie tego samego roku zosta\u0142 cz\u0142onkiem KZ, a w roku 1981 wiceprzewodnicz\u0105cym Rady Pracowniczej. Po wprowadzeniu stanu wojennego, od grudnia 1981 roku do wrze\u015bnia 1982 roku nale\u017ca\u0142 do MKS w Legnicy. W latach 1982 \u2013 1983 wsp\u00f3\u0142organizowa\u0142 oraz by\u0142 liderem podziemnych struktur \u201eSolidarno\u015bci\u201d w swoim zak\u0142adzie pracy. Zbiera\u0142 sk\u0142adki na dzia\u0142alno\u015b\u0107 zwi\u0105zkow\u0105. Kolportowa\u0142 wydawnictwa podziemne takie jak\u201d \u201eNa Bie\u017c\u0105co\u2026\u201d, \u201eSolidarno\u015b\u0107 Zag\u0142\u0119bia Miedziowego\u201d, \u201eZ Dnia na Dzie\u0144\u201d, \u201eSolidarno\u015b\u0107 Walcz\u0105ca\u201d, \u201eBiuletyn Dolno\u015bl\u0105ski\u201d, \u201eTygodnik Mazowsze\u201d oraz ulotki. W latach 1982 \u2013 1983 by\u0142 kurierem mi\u0119dzy Legnic\u0105 a Wroc\u0142awiem. W latach 1982 \u2013 1983 wsp\u00f3\u0142pracowa\u0142 z wroc\u0142awskim oddzia\u0142em \u201eSolidarno\u015bci Walcz\u0105cej\u201d (kontakt z Andrzejem Mycem). W latach 1982 \u2013 1983 by\u0142 organizatorem materia\u0142\u00f3w poligraficznych dla podziemnych drukarni w Legnicy i we Wroc\u0142awiu. 30 kwietnia 1983 roku zosta\u0142 zatrzymany. 1 maja zosta\u0142 aresztowany i osadzony w Areszcie \u015aledczym w Legnicy, a nast\u0119pnie ZK we Wroc\u0142awiu. 30 czerwca tego samego roku zwolniono go. 19 lipca 1983 roku S\u0105d Rejonowy w Legnicy umorzy\u0142 post\u0119powanie w jego sprawie. We wrze\u015bniu 1983 roku zosta\u0142 zwolniony z pracy. W latach 1983 \u2013 1985 wezwany na kilka tzw. rozm\u00f3w ostrzegawczych. W latach 1983 \u2013 1984 pracowa\u0142 jako kierownik wydzia\u0142u remontowego w Przedsi\u0119biorstwie Budownictwa In\u017cynierii Miejskiej In\u017cynieria w Legnicy. W latach 1984 \u2013 1987 by\u0142 zatrudniony jako majster, kierownik (w 1985 na budowie elektrociep\u0142owni w Zielonej G\u00f3rze) w Przedsi\u0119biorstwie Monta\u017cu Urz\u0105dze\u0144 Przemys\u0142owych Energomonta\u017c-Zach\u00f3d we Wroc\u0142awiu Oddzia\u0142 w Legnicy. W latach 1987 \u2013 1988 pracowa\u0142 w Zak\u0142adzie Wulkanizacyjnym Jana Sikory w Legnicy. W 1988 rozpocz\u0105\u0142 w\u0142asn\u0105 dzia\u0142alno\u015b\u0107 gospodarcz\u0105. Od kwietnia do czerwca 1989 dzia\u0142a\u0142 w KO \u201eS\u201d w Legnicy.W 2014 roku przeszed\u0142 na emerytur\u0119. W 2017 roku zosta\u0142 odznaczony Krzy\u017cem Wolno\u015bci i Solidarno\u015bci.<br \/>\nOd 2 maja 1983 roku do 6 stycznia 1984 roku by\u0142 rozpracowywany przez Wydz. V KW MO\/WUSW w Legnicy w ramach SOR o kryptonimie \u201eKierownik\u201d. Od 9 stycznia do 2 pa\u017adziernika 1984 roku przez Wydz. V WUSW tam\u017ce w ramach SOR o kryptonimie \u201eW\u0142amywacze\u201d. Od 2 pa\u017adziernika 1984 roku do 31 stycznia 1986 roku przez Wydz. V WUSW tam\u017ce w ramach KE o kryptonimie \u201eOrganizator\u201d.<\/p>\n","protected":false},"excerpt":{"rendered":"<p>Urodzi\u0142 si\u0119 22 grudnia 1948 roku w Bukowcu. W 1972 roku uko\u0144czy\u0142 studia na Wydziale Budowy Maszyn na Politechnice Pozna\u0144skiej. W latach 1966 \u2013 1972 nale\u017ca\u0142 do ZSP. W latach 1980\u20131985 by\u0142 cz\u0142onkiem Towarzystwa Przyja\u017ani Polsko-Francuskiej w Lubinie. W marcu 1968 roku uczestniczy\u0142 w antyre\u017cimowej manifestacji student\u00f3w w Poznaniu. W latach 1972 \u2013 1976 pracowa\u0142 [&hellip;]<\/p>\n","protected":false},"featured_media":1615,"template":"","meta":[],"_links":{"self":[{"href":"http:\/\/ludzie.fundacja-pih.pl\/index.php\/wp-json\/wp\/v2\/product\/1614"}],"collection":[{"href":"http:\/\/ludzie.fundacja-pih.pl\/index.php\/wp-json\/wp\/v2\/product"}],"about":[{"href":"http:\/\/ludzie.fundacja-pih.pl\/index.php\/wp-json\/wp\/v2\/types\/product"}],"wp:featuredmedia":[{"embeddable":true,"href":"http:\/\/ludzie.fundacja-pih.pl\/index.php\/wp-json\/wp\/v2\/media\/1615"}],"wp:attachment":[{"href":"http:\/\/ludzie.fundacja-pih.pl\/index.php\/wp-json\/wp\/v2\/media?parent=1614"}],"curies":[{"name":"wp","href":"https:\/\/api.w.org\/{rel}","templated":true}]}}

Koza Mieczysław (Legnica)

<p>Urodził się 22 grudnia 1948 roku w Bukowcu.</p>
<p>W 1972 roku ukończył studia na Wydziale Budowy Maszyn na  Politechnice Poznańskiej. W latach 1966 – 1972 należał do ZSP. W latach 1980–1985 był członkiem Towarzystwa Przyjaźni Polsko-Francuskiej w Lubinie. W marcu 1968 roku uczestniczył w antyreżimowej manifestacji studentów w Poznaniu. W latach 1972 – 1976 pracował jako główny mechanik w Rejonie Eksploatacji Dróg Publicznych w Nowym Tomyślu. W latach 1976 – 1979 pełnił funkcję kierownika oddziału remontów hutniczych w Zakładach Naprawczych Maszyn Zanam w Polkowicach w KGHM w Lubinie. W latach 1979 – 1983 był kierownikiem w Zakładzie Remontowo-Montażowym w Polkowicach KGHM, Wydział Remontów Hutniczych Legnica z siedzibą w Hucie Miedzi Legnica. We wrześniu 1980 roku wstąpił do NSZZ „Solidarność”. W listopadzie tego samego roku został członkiem KZ, a w roku 1981 wiceprzewodniczącym Rady Pracowniczej. Po wprowadzeniu stanu wojennego, od grudnia 1981 roku do września 1982 roku należał do MKS w Legnicy. W latach 1982 – 1983 współorganizował oraz był liderem podziemnych struktur „Solidarności” w swoim zakładzie pracy. Zbierał składki na działalność związkową. Kolportował wydawnictwa podziemne takie jak” „Na Bieżąco…”, „Solidarność Zagłębia Miedziowego”, „Z Dnia na Dzień”, „Solidarność Walcząca”, „Biuletyn Dolnośląski”, „Tygodnik Mazowsze” oraz ulotki. W latach 1982 – 1983 był kurierem między Legnicą a Wrocławiem. W latach 1982 – 1983 współpracował z wrocławskim oddziałem „Solidarności Walczącej” (kontakt z Andrzejem Mycem). W latach 1982 – 1983 był organizatorem materiałów poligraficznych dla podziemnych drukarni w Legnicy i we Wrocławiu. 30 kwietnia 1983 roku został zatrzymany. 1 maja został aresztowany i osadzony w Areszcie Śledczym w Legnicy, a następnie ZK we Wrocławiu. 30 czerwca tego samego roku zwolniono go. 19 lipca 1983 roku Sąd Rejonowy w Legnicy umorzył postępowanie w jego sprawie. We wrześniu 1983 roku został zwolniony z pracy. W latach 1983 – 1985 wezwany na kilka tzw. rozmów ostrzegawczych. W latach 1983 – 1984 pracował jako kierownik wydziału remontowego w Przedsiębiorstwie Budownictwa Inżynierii Miejskiej Inżynieria w Legnicy. W latach 1984 – 1987 był zatrudniony jako majster, kierownik (w 1985 na budowie elektrociepłowni w Zielonej Górze) w Przedsiębiorstwie Montażu Urządzeń Przemysłowych Energomontaż-Zachód we Wrocławiu Oddział w Legnicy. W latach 1987 – 1988 pracował w Zakładzie Wulkanizacyjnym Jana Sikory w Legnicy. W 1988 rozpoczął własną działalność gospodarczą. Od kwietnia do czerwca 1989 działał w KO „S” w Legnicy.W 2014 roku przeszedł na emeryturę. W 2017 roku został odznaczony Krzyżem Wolności i Solidarności.<br />
Od 2 maja 1983 roku do 6 stycznia 1984 roku był rozpracowywany przez Wydz. V KW MO/WUSW w Legnicy w ramach SOR o kryptonimie „Kierownik”. Od 9 stycznia do 2 października 1984 roku przez Wydz. V WUSW tamże w ramach SOR o kryptonimie „Włamywacze”. Od 2 października 1984 roku do 31 stycznia 1986 roku przez Wydz. V WUSW tamże w ramach KE o kryptonimie „Organizator”.</p>

<p>Urodził się 22 grudnia 1948 roku w Bukowcu. W 1972 roku ukończył studia na Wydziale Budowy Maszyn na Politechnice Poznańskiej. W latach 1966 – 1972 należał do ZSP. W latach 1980–1985 był członkiem Towarzystwa Przyjaźni Polsko-Francuskiej w Lubinie. W marcu 1968 roku uczestniczył w antyreżimowej manifestacji studentów w Poznaniu. W latach 1972 – 1976 pracował [&hellip;]</p>
