{"id":1617,"date":"2021-01-27T09:41:28","date_gmt":"2021-01-27T09:41:28","guid":{"rendered":"http:\/\/ludzie.fundacja-pih.pl\/?post_type=product&#038;p=1617"},"modified":"2025-05-16T14:14:26","modified_gmt":"2025-05-16T14:14:26","slug":"madziarczyk-tadeusz-jozef-lubin","status":"publish","type":"product","link":"http:\/\/ludzie.fundacja-pih.pl\/index.php\/product\/madziarczyk-tadeusz-jozef-lubin\/","title":{"rendered":"Madziarczyk Tadeusz J\u00f3zef (Lubin)"},"content":{"rendered":"<p>Urodzi\u0142 si\u0119 21 lutego 1961 w Prudniku. <\/p>\n<p>Po wprowadzeniu stanu wojennego, w dniach 14 &#8211; 17 grudnia 1981 roku bra\u0142 udzia\u0142 w strajku okupacyjnego w KGHM Zak\u0142ady G\u00f3rnicze Rudna. W latach osiemdziesi\u0105tych dzia\u0142a\u0142 w nast\u0119puj\u0105cych strukturach konspiracyjnych: w latach 1983 &#8211; 1989 by\u0142 zaprzysi\u0119\u017conym cz\u0142onkiem \u201eSolidarno\u015bci Walcz\u0105cej\u201d; w latach 1982 \u2013 1989 nale\u017ca\u0142 do Tymczasowej Komisji Zak\u0142adowej NSZZ \u201eSolidarno\u015b\u0107\u201d Zak\u0142ad\u00f3w Rob\u00f3t G\u00f3rniczych w Lubinie; od kwietnia 1984 roku do roku 1989 wchodzi\u0142 w sk\u0142ad Mi\u0119dzyzak\u0142adowej Komisji Wykonawczej NSZZ \u201eSolidarno\u015b\u0107\u201d Zag\u0142\u0119bie Miedziowe, gdzie by\u0142 odpowiedzialny za g\u0142\u00f3wn\u0105 cz\u0119\u015b\u0107 kolporta\u017cu w Zag\u0142\u0119biu Miedziowym. W dniu 31 sierpnia 1985 roku wsp\u00f3\u0142organizowa\u0142 antyre\u017cimow\u0105 manifestacj\u0119 w Lubinie, wskutek czego zosta\u0142 aresztowany i skazany na kar\u0119 grzywny. W latach 1983 &#8211; 1989 kolportowa\u0142 wydawnictwa podziemne w tym m.in. tytu\u0142y takie jak: \u201eSolidarno\u015b\u0107 Walcz\u0105ca\u201d, \u201e\u017b\u0105d\u0142o Robola\u201d, \u201eBiuletyn Informacyjny TKZ NSZZ Solidarno\u015b\u0107 ZRG Lubin\u201d, \u201eNSZZ Solidarno\u015b\u0107 Zag\u0142\u0119bia Miedziowego \u201d, \u201eWolny G\u0142os\u201d oraz ksi\u0105\u017cki. Od kwietnia 1985 roku do stycznia 1986 roku wsp\u00f3\u0142redagowa\u0142 \u201eBiuletyn Informacyjny Tajnej Komisji Zak\u0142adowej NSZZ \u201eSolidarno\u015b\u0107\u201d Zak\u0142ad\u00f3w Rob\u00f3t G\u00f3rniczych Lubin\u201d. W latach 1984 &#8211; 1989 by\u0142 organizatorem akcji ulotkowych w Lubinie, biblioteki wydawnictw podziemnych, projekcji film\u00f3w zakazanych oraz prelekcji. W latach 1987 &#8211; 1989 pe\u0142ni\u0142 rol\u0119 kuriera wydawnictw z Wroc\u0142awia. W tym samym okresie by\u0142 tak\u017ce dostawc\u0105 materia\u0142\u00f3w poligraficznych. W maju 1988 roku wsp\u00f3\u0142organizowa\u0142 strajk w Zak\u0142adzie Rob\u00f3t G\u00f3rniczych KGHM Lubin. W sierpniu tego samego roku by\u0142 wsp\u00f3\u0142organizatorem strajku w KGHM Lubin. W 1988 roku pe\u0142ni\u0142 funkcj\u0119 przewodnicz\u0105cego Komitetu Organizacyjnego NSZZ Solidarno\u015b\u0107 w Zak\u0142adzie Rob\u00f3t G\u00f3rniczych KGHM Lubin. Tadeusz J\u00f3zef Madziarczyk zosta\u0142 odznaczony Krzy\u017cem Oficerskim Orderu Odrodzenia, Krzy\u017cem Wolno\u015bci i Solidarno\u015bci, Odznak\u0105 Honorow\u0105 \u201eDzia\u0142acza opozycji antykomunistycznej lub osoby represjonowanej z powod\u00f3w politycznych\u201d. W latach 1985-1986 by\u0142 rozpracowywany przez SB w ramach SOS o kryptonimie \u201eKatanga\u201d.<\/p>\n","protected":false},"excerpt":{"rendered":"<p>Urodzi\u0142 si\u0119 21 lutego 1961 w Prudniku. Po wprowadzeniu stanu wojennego, w dniach 14 &#8211; 17 grudnia 1981 roku bra\u0142 udzia\u0142 w strajku okupacyjnego w KGHM Zak\u0142ady G\u00f3rnicze Rudna. W latach osiemdziesi\u0105tych dzia\u0142a\u0142 w nast\u0119puj\u0105cych strukturach konspiracyjnych: w latach 1983 &#8211; 1989 by\u0142 zaprzysi\u0119\u017conym cz\u0142onkiem \u201eSolidarno\u015bci Walcz\u0105cej\u201d; w latach 1982 \u2013 1989 nale\u017ca\u0142 do Tymczasowej [&hellip;]<\/p>\n","protected":false},"featured_media":1618,"template":"","meta":[],"_links":{"self":[{"href":"http:\/\/ludzie.fundacja-pih.pl\/index.php\/wp-json\/wp\/v2\/product\/1617"}],"collection":[{"href":"http:\/\/ludzie.fundacja-pih.pl\/index.php\/wp-json\/wp\/v2\/product"}],"about":[{"href":"http:\/\/ludzie.fundacja-pih.pl\/index.php\/wp-json\/wp\/v2\/types\/product"}],"wp:featuredmedia":[{"embeddable":true,"href":"http:\/\/ludzie.fundacja-pih.pl\/index.php\/wp-json\/wp\/v2\/media\/1618"}],"wp:attachment":[{"href":"http:\/\/ludzie.fundacja-pih.pl\/index.php\/wp-json\/wp\/v2\/media?parent=1617"}],"curies":[{"name":"wp","href":"https:\/\/api.w.org\/{rel}","templated":true}]}}