{"id":1629,"date":"2021-01-27T09:53:14","date_gmt":"2021-01-27T09:53:14","guid":{"rendered":"http:\/\/ludzie.fundacja-pih.pl\/?post_type=product&#038;p=1629"},"modified":"2025-05-16T14:14:31","modified_gmt":"2025-05-16T14:14:31","slug":"oliwa-zbigniew-brzeg","status":"publish","type":"product","link":"http:\/\/ludzie.fundacja-pih.pl\/index.php\/product\/oliwa-zbigniew-brzeg\/","title":{"rendered":"Oliwa Zbigniew (Brzeg)"},"content":{"rendered":"<p>Urodzi\u0142 si\u0119 2 pa\u017adziernika 1945 roku w Kar\u0142owicach. <\/p>\n<p>Uko\u0144czy\u0142 Technikum Mechaniczne w Opolu. W pa\u017adzierniku 1956 roku wzi\u0105\u0142 udzia\u0142 w manifestacji mieszka\u0144c\u00f3w Brzegu pod koszarami wojsk Armii Sowieckiej. W 1965 roku pracowa\u0142 jako kontroler jako\u015bci w Brzeskich Zak\u0142adach Urz\u0105dze\u0144 Wagonowych Bewag. Jesieni\u0105 1965 roku rozpocz\u0105\u0142 studia w Wy\u017cszej Szkole Pedagogicznej w Opolu. W grudniu 1965 roku zosta\u0142 relegowany z uczelni, po opuszczeniu sali, w kt\u00f3rej zorganizowano wiec przeciwko listowi biskup\u00f3w polskich do biskup\u00f3w niemieckich. Od 26 do 29 maja 1966 roku uczestniczy\u0142 w manifestacjach i walkach ulicznych mieszka\u0144c\u00f3w Brzegu z ZOMO, kt\u00f3re by\u0142y konsekwencj\u0105 eksmisji ksi\u0119\u017cy z lokali parafialnych. W latach 1966 \u2013 2003 by\u0142 zatrudniony kolejno jako konstruktor, g\u0142\u00f3wny specjalista obrotu towarowego, kierownik dzia\u0142u marketingu i sprzeda\u017cy w Fabryce Siewnik\u00f3w Brzeg\/Fabryce Maszyn Rolniczych Agromet w Brzegu. W dniach 20 i 29 sierpnia 1980 roku wsp\u00f3\u0142organizowa\u0142 strajk w swoim zak\u0142adzie pracy, nale\u017ca\u0142 do KS. We wrze\u015bniu 1980 roku wst\u0105pi\u0142 do NSZZ \u201eSolidarno\u015b\u0107\u201d, wszed\u0142 w sk\u0142ad Komitetu Za\u0142o\u017cycielskiego, a od 3 stycznia 1981 roku pe\u0142ni\u0142 funkcj\u0119  wiceprzewodnicz\u0105cego KZ. We wrze\u015bniu 1980 roku wsp\u00f3\u0142organizowa\u0142, a od 2 pa\u017adziernika wsp\u00f3\u0142pracowa\u0142 z MKZ w Brzegu. 13 kwietnia 1981 roku zosta\u0142 przewodnicz\u0105cym Komisji Rewizyjnej MKK Ziemi Brzeskiej. W dniach 29 \u2013 30 czerwca 1981 roku by\u0142 delegatem na I WZD Regionu Dolny \u015al\u0105sk, a nast\u0119pnie cz\u0142onkiem RKR. W latach 1980 \u2013 1981 wsp\u00f3\u0142pracowa\u0142 z  \u201eS\u201d RI Ziemi Brzeskiej. W 1981 roku by\u0142 wsp\u00f3\u0142organizatorem samorz\u0105du pracowniczego w zak\u0142adzie pracy. W listopadzie 1981 roku bra\u0142 udzia\u0142 w negocjacjach z w\u0142adzami \u00f3wczesnego wojew\u00f3dztwa opolskiego oraz miasta i gminy Brzeg oraz wojskowymi w kwestii zaopatrzenia sklep\u00f3w w \u017cywno\u015b\u0107 w Brzegu.<br \/>\nPo wprowadzeniu stanu wojennego od grudnia 1981 roku do 1989 roku by\u0142 wsp\u00f3\u0142za\u0142o\u017cycielem i przewodnicz\u0105cym podziemnego TKZ. Od 17 lutego 1982 roku do lutego 1989 roku by\u0142 wsp\u00f3\u0142za\u0142o\u017cycielem i liderem Tajnej MKK Ziemi Brzeskiej. Od listopada 1982 roku do 1989 roku by\u0142 zaprzysi\u0119\u017conym cz\u0142onkiem SW. W latach 1982 \u2013 1989 wsp\u00f3\u0142pracowa\u0142 z podziemnymi strukturami \u201eS\u201d RI Ziemi Brzeskiej. Od grudnia 1981 roku do 1983 roku wsp\u00f3\u0142organizowa\u0142 i dzia\u0142a\u0142 w Komitecie Pomocy Internowanym i Aresztowanym w Brzegu. W latach 1982 \u2013 1990 wsp\u00f3\u0142pracowa\u0142 z kuri\u0105 wroc\u0142awsk\u0105 i opolsk\u0105 ws. pomocy osobom represjonowanym i ich rodzinom. W latach 1983 \u2013 1990 wsp\u00f3\u0142organizowa\u0142 Duszpasterstwo Ludzi Pracy przy parafii \u015bw. Miko\u0142aja w Brzegu i by\u0142 jego animatorem. Organizowa\u0142 msze za Ojczyzn\u0119, pielgrzymki, wyk\u0142ady i spotkania z lud\u017ami kultury i nauki, spektakle okoliczno\u015bciowe z udzia\u0142em artyst\u00f3w z Wroc\u0142awia, Karkowa i Warszawy. Tak\u017ce organizowa\u0142 Brzeskie Dni Kultury Chrze\u015bcija\u0144skiej. By\u0142 wsp\u00f3\u0142organizatorem montowania tablic po\u015bwi\u0119conych m.in. zbrodni katy\u0144skiej i ofiarom stanu wojennego. Od lutego 1982 roku do lutego  1989 roku wsp\u00f3\u0142zak\u0142ada\u0142, redagowa\u0142, organizowa\u0142 druk i drukowa\u0142 podziemne pismo \u201eProstownik\u201d. Organizowa\u0142 tak\u017ce druku i drukowa\u0142 (z matryc przywo\u017conych z Wroc\u0142awia) podziemnych pism \u201eZ Dnia na Dzie\u0144\u201d i \u201eSolidarno\u015b\u0107 Walcz\u0105ca\u201d. W latach 1982 \u2013 1989 by\u0142 organizatorem sieci kolporta\u017cu i kolporterem podziemnych pism, w tym m.in.: \u201eSolidarno\u015b\u0107 Walcz\u0105ca\u201d, \u201eZ Dnia na Dzie\u0144\u201d, \u201eJedno\u015bci\u0105 Silni\u201d, \u201eGross Rosen\u201d, \u201eTygodnik Mazowsze\u201d, \u201eHutnik\u201d (Krak\u00f3w), \u201eBez Cenzury\u201d, \u201eWyrostek\u201d,  \u201eKOS\u201d, \u201eBiuletyn Dolno\u015bl\u0105ski\u201d, \u201eRegion\u201d, \u201eOgniwo\u201d, \u201ePromieni\u015bci\u201d, \u201ePrzegl\u0105d Wiadomo\u015bci Agencyjnych\u201d, ulotek i ksi\u0105\u017cek. Od maja do czerwca 1988 roku wsp\u00f3\u0142organizowa\u0142 pomoc finansow\u0105 dla os\u00f3b represjonowanych po strajku w HiL w Krakowie\u2013Nowej Hucie. W latach 1988 \u2013 1990 wchodzi\u0142 w sk\u0142ad RKW Dolny \u015al\u0105sk. Od 7 lutego 1989 przewodniczy\u0142 Komitetowi Organizacyjnemu \u201eS\u201d w Agromecie. Od kwietnia 1982 roku do 17 pa\u017adziernika 1989 roku by\u0142 rozpracowywany przez Wydz. V KW MO w Opolu\/p. V\/VI RUSW w Brzegu w ramach SOS\/SOR o kryptonimie \u201eMesjasz\u201d.<\/p>\n","protected":false},"excerpt":{"rendered":"<p>Urodzi\u0142 si\u0119 2 pa\u017adziernika 1945 roku w Kar\u0142owicach. Uko\u0144czy\u0142 Technikum Mechaniczne w Opolu. W pa\u017adzierniku 1956 roku wzi\u0105\u0142 udzia\u0142 w manifestacji mieszka\u0144c\u00f3w Brzegu pod koszarami wojsk Armii Sowieckiej. W 1965 roku pracowa\u0142 jako kontroler jako\u015bci w Brzeskich Zak\u0142adach Urz\u0105dze\u0144 Wagonowych Bewag. Jesieni\u0105 1965 roku rozpocz\u0105\u0142 studia w Wy\u017cszej Szkole Pedagogicznej w Opolu. W grudniu 1965 [&hellip;]<\/p>\n","protected":false},"featured_media":1630,"template":"","meta":[],"_links":{"self":[{"href":"http:\/\/ludzie.fundacja-pih.pl\/index.php\/wp-json\/wp\/v2\/product\/1629"}],"collection":[{"href":"http:\/\/ludzie.fundacja-pih.pl\/index.php\/wp-json\/wp\/v2\/product"}],"about":[{"href":"http:\/\/ludzie.fundacja-pih.pl\/index.php\/wp-json\/wp\/v2\/types\/product"}],"wp:featuredmedia":[{"embeddable":true,"href":"http:\/\/ludzie.fundacja-pih.pl\/index.php\/wp-json\/wp\/v2\/media\/1630"}],"wp:attachment":[{"href":"http:\/\/ludzie.fundacja-pih.pl\/index.php\/wp-json\/wp\/v2\/media?parent=1629"}],"curies":[{"name":"wp","href":"https:\/\/api.w.org\/{rel}","templated":true}]}}