{"id":1635,"date":"2021-01-27T09:58:38","date_gmt":"2021-01-27T09:58:38","guid":{"rendered":"http:\/\/ludzie.fundacja-pih.pl\/?post_type=product&#038;p=1635"},"modified":"2025-05-16T14:14:33","modified_gmt":"2025-05-16T14:14:33","slug":"przybyl-stanislaw-pila","status":"publish","type":"product","link":"http:\/\/ludzie.fundacja-pih.pl\/index.php\/product\/przybyl-stanislaw-pila\/","title":{"rendered":"Przyby\u0142 Stanis\u0142aw (Pi\u0142a)"},"content":{"rendered":"<p>Urodzi\u0142 si\u0119 14 wrze\u015bnia 1957 roku w Rychliku.<\/p>\n<p>W 1975 roku uko\u0144czy\u0142 ZSZ w Trzciance. W latach 1972 &#8211; 1976 by\u0142 pracownikiem Powiatowej Sp\u00f3\u0142dzielni Us\u0142ug Wielobran\u017cowych w Trzciance. W latach 1977 &#8211; 1979 odbywa\u0142 s\u0142u\u017cb\u0119 wojskow\u0105 w stra\u017cy po\u017carnej w Zak\u0142adzie P\u0142yt Pil\u015bniowych w Czarnkowie. W latach 1979 \u2013 1982 pracowa\u0142 w Fabryce Dom\u00f3w w Trzciance. We wrze\u015bniu 1980 roku wst\u0105pi\u0142 do NSZZ \u201eSolidarno\u015b\u0107\u201d. Po wprowadzeniu stanu wojennego rozpocz\u0105\u0142 dzia\u0142alno\u015b\u0107 w podziemnych strukturach \u201eSolidarno\u015bci\u201d. 15 maja 1982 roku bra\u0142 udzia\u0142 w akcji malowania  antyre\u017cimowych hase\u0142 na drodze wylotowej z Trzcianki. 19 maja tego samego roku zosta\u0142 aresztowany. 5 czerwca 1982 roku zosta\u0142  skazany wyrokiem S\u0105du Wojew\u00f3dzkiego w Pile na kar\u0119 czterech lat pozbawienia wolno\u015bci i osadzony w ZK w Poznaniu, a nast\u0119pnie we Wroc\u0142awiu i w Strzelinie. 19 czerwca 1983 roku zosta\u0142 zwolniony na mocy aktu \u0142aski. W latach 1983 &#8211; 1986 nale\u017ca\u0142 do pilskiego oddzia\u0142u \u201eSolidarno\u015bci Walcz\u0105cej\u201d, wchodzi\u0142 w sk\u0142ad Rady Politycznej SW, kolportowa\u0142 wydawnictwa podziemne w Trzciance i okolicach. By\u0142 kilkakrotnie zatrzymywany na 48 godzin, poddawany rewizjom w zak\u0142adzie pracy. Dwukrotnie ukarany przez kolegium ds. wykrocze\u0144 grzywnami. W latach 1983 &#8211; 1986 by\u0142 zatrudniony w Rejonie Dr\u00f3g Publicznych w Trzciance. W latach 1986 &#8211; 1989 pracowa\u0142 w przedsi\u0119biorstwie produkcyjnym Apina Biernatowo. W 1989 roku bra\u0142 udzia\u0142 w kampanii wyborczej KO \u201eS\u201d na terenie Krajny, Ziemi Nadnoteckiej i Pa\u0142uk. Od 20 maja 1982 roku do 7 lipca 1982 roku by\u0142 rozpracowywany przez Wydz. III KW MO w Pile w ramach SOR o kryptonimie \u201eKruki\u201d. Od 15 pa\u017adziernika 1985 roku do 21 wrze\u015bnia 1989 roku by\u0142 rozpracowywany przez p. III RUSW w Trzciance w ramach KE o kryptonimie \u201eWrona\u201d.<\/p>\n","protected":false},"excerpt":{"rendered":"<p>Urodzi\u0142 si\u0119 14 wrze\u015bnia 1957 roku w Rychliku. W 1975 roku uko\u0144czy\u0142 ZSZ w Trzciance. W latach 1972 &#8211; 1976 by\u0142 pracownikiem Powiatowej Sp\u00f3\u0142dzielni Us\u0142ug Wielobran\u017cowych w Trzciance. W latach 1977 &#8211; 1979 odbywa\u0142 s\u0142u\u017cb\u0119 wojskow\u0105 w stra\u017cy po\u017carnej w Zak\u0142adzie P\u0142yt Pil\u015bniowych w Czarnkowie. W latach 1979 \u2013 1982 pracowa\u0142 w Fabryce Dom\u00f3w w [&hellip;]<\/p>\n","protected":false},"featured_media":1636,"template":"","meta":[],"_links":{"self":[{"href":"http:\/\/ludzie.fundacja-pih.pl\/index.php\/wp-json\/wp\/v2\/product\/1635"}],"collection":[{"href":"http:\/\/ludzie.fundacja-pih.pl\/index.php\/wp-json\/wp\/v2\/product"}],"about":[{"href":"http:\/\/ludzie.fundacja-pih.pl\/index.php\/wp-json\/wp\/v2\/types\/product"}],"wp:featuredmedia":[{"embeddable":true,"href":"http:\/\/ludzie.fundacja-pih.pl\/index.php\/wp-json\/wp\/v2\/media\/1636"}],"wp:attachment":[{"href":"http:\/\/ludzie.fundacja-pih.pl\/index.php\/wp-json\/wp\/v2\/media?parent=1635"}],"curies":[{"name":"wp","href":"https:\/\/api.w.org\/{rel}","templated":true}]}}