{"id":1666,"date":"2021-02-01T09:33:39","date_gmt":"2021-02-01T09:33:39","guid":{"rendered":"http:\/\/ludzie.fundacja-pih.pl\/?post_type=product&#038;p=1666"},"modified":"2025-05-16T14:14:43","modified_gmt":"2025-05-16T14:14:43","slug":"lazarow-maciej","status":"publish","type":"product","link":"http:\/\/ludzie.fundacja-pih.pl\/index.php\/product\/lazarow-maciej\/","title":{"rendered":"\u0141azar\u00f3w Maciej"},"content":{"rendered":"<p>pseudonim \u201eBasi\u00f3wka\u201d, urodzony 18 grudnia 1936 w Krakowie.<\/p>\n<p>Absolwent Poligraficznej Szko\u0142y In\u017cynierskiej i Instytutu J\u0119zykowego Herdera w Lipsku (by\u0142a NRD). O\u017ceni\u0142 si\u0119 w czasie pobytu w NRD z obywatelk\u0105 Niemiec, Fryderyk\u0105. Pracownik m. in. Krakowskiej Drukarni Prasowej (1976 \u2013 1995), gdzie jako szeregowy cz\u0142onek NSZZ \u201eSolidarno\u015b\u0107\u201d bra\u0142 czynny udzia\u0142 w strajku drukarzy o \u201ewiarygodno\u015b\u0107 informacji\u201d (czerwiec 1981). Na pocz\u0105tku stanu wojennego zwolniony z pe\u0142nionych funkcji i zawieszony w czynno\u015bciach s\u0142u\u017cbowych za swoj\u0105 postaw\u0119 w miejscu pracy (Krakowska Drukarnia Prasowa). Po 13 grudnia 1981 roku wraz z \u017con\u0105 w\u0142\u0105czy\u0142 si\u0119 aktywnie do dzia\u0142alno\u015bci konspiracyjnej. Ukrywa\u0142 w domu poszukiwanych listami go\u0144czymi dzia\u0142aczy (Jan Rzycki pseudonim \u201eStefan, wsp\u00f3\u0142organizator strajku w Hucie Katowice; Piotr Bielawski i Jan Se\u0144, uciekinierzy z obozu internowania w Za\u0142\u0119\u017cu; J\u00f3zef Mroczek, Stefan Morawiecki), organizuje w piwnicy punkt poligraficzny. W 1982 roku zwi\u0105zuje si\u0119 z Porozumieniem Prasowym \u201eSolidarno\u015b\u0107 Zwyci\u0119\u017cy\u201d. Od 1982 roku \u015bci\u015ble wsp\u00f3\u0142pracuje tak\u017ce z Krakowskim Oddzia\u0142em \u201eSolidarno\u015bci Walcz\u0105cej\u201d oraz z pismem \u015brodowiskowym \u201eZomorz\u0105dno\u015b\u0107\u201d. Jako pracownik drukarni ma dost\u0119p do materia\u0142\u00f3w poligraficznych, wykorzystuje t\u0105 mo\u017cliwo\u015b\u0107 i od 1982 do 1989 roku zaopatruje struktury podziemne PP\u201dSZ\u201d, \u201eSW\u201d i \u201eZomorz\u0105dno\u015b\u0107\u201d w farb\u0119 offsetow\u0105, papier i inne materia\u0142y potrzebne do funkcjonowania podziemnej prasy. Wraz z \u017con\u0105 Fryderyk\u0105 i czw\u00f3rk\u0105 ma\u0142oletnimi dzie\u0107mi od 1982 do 1989 roku drukuje ulotki, pras\u0119 oraz plakaty. Zwi\u0105zany z podziemnymi biuletynami \u201eSolidarno\u015b\u0107 Zwyci\u0119\u017cy\u201d (\u201eSolidarno\u015b\u0107 Walcz\u0105ca Zwyci\u0119\u017cy\u201d, Solidarno\u015b\u0107 Walcz\u0105ca\u201d), Kurierkiem \u201eB\u201d i \u201eZomorz\u0105dno\u015bci\u0105\u201d. Dom \u0141azarow\u00f3w by\u0142 punktem kolporterskim dla paru struktur. Uczestnik uroczysto\u015bci patriotycznych, demonstracji oraz mszy za Ojczyzn\u0119 na terenie Krakowa i Nowej Huty. Wsp\u00f3\u0142pracuje \u015bci\u015ble z poblisk\u0105 parafi\u0105 Ksi\u0119\u017cy Sercan\u00f3w (ksi\u0119\u017ca Maciej Moskwa i Antoni Ulaczyk). Od 1989 do 1990 przewodnicz\u0105cy Komitetu Obywatelskiego Krak\u00f3w \u2013 P\u0142asz\u00f3w, bierze aktywny udzia\u0142 w przygotowaniu do wybor\u00f3w 4 czerwca 1989. W latach 50- tych i 60-tych uprawia\u0142 boks w wielu klubach sportowych, mi\u0119dzy innymi we W\u0142\u00f3kniarzu Krak\u00f3w, Cracovii oraz Dynamie Lipsk i DHFK (b. NRD), zawodnik wagi pi\u00f3rkowej i koguciej. Po dzie\u0144 dzisiejszy spo\u0142eczny trener boksu w klubach m\u0142odzie\u017cowych, m.in. w klubie parafialnym \u201eFaustyna Krak\u00f3w\u201d.<\/p>\n<p>Krzy\u017c Oficerski OOP, Krzy\u017c Wolno\u015bci i Solidarno\u015bci, Krzy\u017c \u201eSolidarno\u015bci Walcz\u0105cej\u201d.<\/p>\n","protected":false},"excerpt":{"rendered":"<p>pseudonim \u201eBasi\u00f3wka\u201d, urodzony 18 grudnia 1936 w Krakowie. Absolwent Poligraficznej Szko\u0142y In\u017cynierskiej i Instytutu J\u0119zykowego Herdera w Lipsku (by\u0142a NRD). O\u017ceni\u0142 si\u0119 w czasie pobytu w NRD z obywatelk\u0105 Niemiec, Fryderyk\u0105. Pracownik m. in. Krakowskiej Drukarni Prasowej (1976 \u2013 1995), gdzie jako szeregowy cz\u0142onek NSZZ \u201eSolidarno\u015b\u0107\u201d bra\u0142 czynny udzia\u0142 w strajku drukarzy o \u201ewiarygodno\u015b\u0107 informacji\u201d [&hellip;]<\/p>\n","protected":false},"featured_media":1667,"template":"","meta":[],"_links":{"self":[{"href":"http:\/\/ludzie.fundacja-pih.pl\/index.php\/wp-json\/wp\/v2\/product\/1666"}],"collection":[{"href":"http:\/\/ludzie.fundacja-pih.pl\/index.php\/wp-json\/wp\/v2\/product"}],"about":[{"href":"http:\/\/ludzie.fundacja-pih.pl\/index.php\/wp-json\/wp\/v2\/types\/product"}],"wp:featuredmedia":[{"embeddable":true,"href":"http:\/\/ludzie.fundacja-pih.pl\/index.php\/wp-json\/wp\/v2\/media\/1667"}],"wp:attachment":[{"href":"http:\/\/ludzie.fundacja-pih.pl\/index.php\/wp-json\/wp\/v2\/media?parent=1666"}],"curies":[{"name":"wp","href":"https:\/\/api.w.org\/{rel}","templated":true}]}}

Łazarów Maciej

<p>pseudonim „Basiówka”, urodzony 18 grudnia 1936 w Krakowie.</p>
<p>Absolwent Poligraficznej Szkoły Inżynierskiej i Instytutu Językowego Herdera w Lipsku (była NRD). Ożenił się w czasie pobytu w NRD z obywatelką Niemiec, Fryderyką. Pracownik m. in. Krakowskiej Drukarni Prasowej (1976 – 1995), gdzie jako szeregowy członek NSZZ „Solidarność” brał czynny udział w strajku drukarzy o „wiarygodność informacji” (czerwiec 1981). Na początku stanu wojennego zwolniony z pełnionych funkcji i zawieszony w czynnościach służbowych za swoją postawę w miejscu pracy (Krakowska Drukarnia Prasowa). Po 13 grudnia 1981 roku wraz z żoną włączył się aktywnie do działalności konspiracyjnej. Ukrywał w domu poszukiwanych listami gończymi działaczy (Jan Rzycki pseudonim „Stefan, współorganizator strajku w Hucie Katowice; Piotr Bielawski i Jan Seń, uciekinierzy z obozu internowania w Załężu; Józef Mroczek, Stefan Morawiecki), organizuje w piwnicy punkt poligraficzny. W 1982 roku związuje się z Porozumieniem Prasowym „Solidarność Zwycięży”. Od 1982 roku ściśle współpracuje także z Krakowskim Oddziałem „Solidarności Walczącej” oraz z pismem środowiskowym „Zomorządność”. Jako pracownik drukarni ma dostęp do materiałów poligraficznych, wykorzystuje tą możliwość i od 1982 do 1989 roku zaopatruje struktury podziemne PP”SZ”, „SW” i „Zomorządność” w farbę offsetową, papier i inne materiały potrzebne do funkcjonowania podziemnej prasy. Wraz z żoną Fryderyką i czwórką małoletnimi dziećmi od 1982 do 1989 roku drukuje ulotki, prasę oraz plakaty. Związany z podziemnymi biuletynami „Solidarność Zwycięży” („Solidarność Walcząca Zwycięży”, Solidarność Walcząca”), Kurierkiem „B” i „Zomorządnością”. Dom Łazarowów był punktem kolporterskim dla paru struktur. Uczestnik uroczystości patriotycznych, demonstracji oraz mszy za Ojczyznę na terenie Krakowa i Nowej Huty. Współpracuje ściśle z pobliską parafią Księży Sercanów (księża Maciej Moskwa i Antoni Ulaczyk). Od 1989 do 1990 przewodniczący Komitetu Obywatelskiego Kraków – Płaszów, bierze aktywny udział w przygotowaniu do wyborów 4 czerwca 1989. W latach 50- tych i 60-tych uprawiał boks w wielu klubach sportowych, między innymi we Włókniarzu Kraków, Cracovii oraz Dynamie Lipsk i DHFK (b. NRD), zawodnik wagi piórkowej i koguciej. Po dzień dzisiejszy społeczny trener boksu w klubach młodzieżowych, m.in. w klubie parafialnym „Faustyna Kraków”.</p>
<p>Krzyż Oficerski OOP, Krzyż Wolności i Solidarności, Krzyż „Solidarności Walczącej”.</p>

<p>pseudonim „Basiówka”, urodzony 18 grudnia 1936 w Krakowie. Absolwent Poligraficznej Szkoły Inżynierskiej i Instytutu Językowego Herdera w Lipsku (była NRD). Ożenił się w czasie pobytu w NRD z obywatelką Niemiec, Fryderyką. Pracownik m. in. Krakowskiej Drukarni Prasowej (1976 – 1995), gdzie jako szeregowy członek NSZZ „Solidarność” brał czynny udział w strajku drukarzy o „wiarygodność informacji” [&hellip;]</p>
