{"id":1683,"date":"2021-02-01T10:05:22","date_gmt":"2021-02-01T10:05:22","guid":{"rendered":"http:\/\/ludzie.fundacja-pih.pl\/?post_type=product&#038;p=1683"},"modified":"2025-05-16T14:14:45","modified_gmt":"2025-05-16T14:14:45","slug":"strzalkowska-jolanta-malgorzata","status":"publish","type":"product","link":"http:\/\/ludzie.fundacja-pih.pl\/index.php\/product\/strzalkowska-jolanta-malgorzata\/","title":{"rendered":"Strza\u0142kowska Jolanta Ma\u0142gorzata"},"content":{"rendered":"<p>Urodzi\u0142a si\u0119 14 wrze\u015bnia 1960 roku w Krakowie.<\/p>\n<p>W latach 1982 \u2013 1990, razem z matk\u0105 Iren\u0105 Strza\u0142kowsk\u0105, Jolanta wspiera\u0142a dzia\u0142alno\u015b\u0107 podziemnym strukturom konspiracyjnym  Porozumienia Prasowego \u201eSolidarno\u015b\u0107 Zwyci\u0119\u017cy\u201d, krakowowskiego oddzia\u0142u \u201eSolidarno\u015bci Walcz\u0105cej\u201d oraz Og\u00f3lnopolskiego Komitetu Oporu Rolnik\u00f3w. Mieszkanie Strza\u0142kowskich w Krakowie \u2013 Podg\u00f3rzu pe\u0142ni\u0142o funkcj\u0119 tzw. punktu kontaktowego. Jolanta i Irena Strza\u0142kowskie odbiera\u0142y materia\u0142y, przechowywa\u0142y w mieszkaniu nak\u0142ady gazet i papier, zdobywa\u0142y papier dla drukarni \u201eWilno\u201d im. gen. Leopolda Okulickiego \u201eNied\u017awiadka\u201d w Zag\u00f3rzanach. W mieszkaniu Strza\u0142kowskich parokrotnie organizowano spotykania z ukrywaj\u0105cymi si\u0119 J\u00f3zefem Telig\u0105, J\u00f3zefem Mroczkiem oraz Janin\u0105 Jadwig\u0105 Chmielowsk\u0105. Jolanta Strza\u0142kowska kolportowa\u0142a na swojej uczelni \u2013 tj. Akademii Sztuk Pi\u0119knych &#8211; podziemne gazety, ulotki i plakaty wydawane w drukarni w Zag\u00f3rzanach. Od roku 1988 u Strza\u0142kowskich zacz\u0119\u0142y pojawia\u0107 si\u0119 osoby z litewskiej, ukrai\u0144skiej i bia\u0142oruskiej opozycji antykomunistycznej, kt\u00f3re przyje\u017cd\u017ca\u0142y do Polski w celach kontaktu z  \u201eSolidarno\u015bci\u0105 Walcz\u0105c\u0105\u201d. Jolanta Ma\u0142gorzata Strza\u0142kowska zosta\u0142a odznaczona Krzy\u017cem Oficerskim Orderu Odrodzenia Polski oraz Krzy\u017cem Wolno\u015bci i Solidarno\u015bci.<\/p>\n","protected":false},"excerpt":{"rendered":"<p>Urodzi\u0142a si\u0119 14 wrze\u015bnia 1960 roku w Krakowie. W latach 1982 \u2013 1990, razem z matk\u0105 Iren\u0105 Strza\u0142kowsk\u0105, Jolanta wspiera\u0142a dzia\u0142alno\u015b\u0107 podziemnym strukturom konspiracyjnym Porozumienia Prasowego \u201eSolidarno\u015b\u0107 Zwyci\u0119\u017cy\u201d, krakowowskiego oddzia\u0142u \u201eSolidarno\u015bci Walcz\u0105cej\u201d oraz Og\u00f3lnopolskiego Komitetu Oporu Rolnik\u00f3w. Mieszkanie Strza\u0142kowskich w Krakowie \u2013 Podg\u00f3rzu pe\u0142ni\u0142o funkcj\u0119 tzw. punktu kontaktowego. Jolanta i Irena Strza\u0142kowskie odbiera\u0142y materia\u0142y, przechowywa\u0142y [&hellip;]<\/p>\n","protected":false},"featured_media":1684,"template":"","meta":[],"_links":{"self":[{"href":"http:\/\/ludzie.fundacja-pih.pl\/index.php\/wp-json\/wp\/v2\/product\/1683"}],"collection":[{"href":"http:\/\/ludzie.fundacja-pih.pl\/index.php\/wp-json\/wp\/v2\/product"}],"about":[{"href":"http:\/\/ludzie.fundacja-pih.pl\/index.php\/wp-json\/wp\/v2\/types\/product"}],"wp:featuredmedia":[{"embeddable":true,"href":"http:\/\/ludzie.fundacja-pih.pl\/index.php\/wp-json\/wp\/v2\/media\/1684"}],"wp:attachment":[{"href":"http:\/\/ludzie.fundacja-pih.pl\/index.php\/wp-json\/wp\/v2\/media?parent=1683"}],"curies":[{"name":"wp","href":"https:\/\/api.w.org\/{rel}","templated":true}]}}

Strzałkowska Jolanta Małgorzata

<p>Urodziła się 14 września 1960 roku w Krakowie.</p>
<p>W latach 1982 – 1990, razem z matką Ireną Strzałkowską, Jolanta wspierała działalność podziemnym strukturom konspiracyjnym  Porozumienia Prasowego „Solidarność Zwycięży”, krakowowskiego oddziału „Solidarności Walczącej” oraz Ogólnopolskiego Komitetu Oporu Rolników. Mieszkanie Strzałkowskich w Krakowie – Podgórzu pełniło funkcję tzw. punktu kontaktowego. Jolanta i Irena Strzałkowskie odbierały materiały, przechowywały w mieszkaniu nakłady gazet i papier, zdobywały papier dla drukarni „Wilno” im. gen. Leopolda Okulickiego „Niedźwiadka” w Zagórzanach. W mieszkaniu Strzałkowskich parokrotnie organizowano spotykania z ukrywającymi się Józefem Teligą, Józefem Mroczkiem oraz Janiną Jadwigą Chmielowską. Jolanta Strzałkowska kolportowała na swojej uczelni – tj. Akademii Sztuk Pięknych &#8211; podziemne gazety, ulotki i plakaty wydawane w drukarni w Zagórzanach. Od roku 1988 u Strzałkowskich zaczęły pojawiać się osoby z litewskiej, ukraińskiej i białoruskiej opozycji antykomunistycznej, które przyjeżdżały do Polski w celach kontaktu z  „Solidarnością Walczącą”. Jolanta Małgorzata Strzałkowska została odznaczona Krzyżem Oficerskim Orderu Odrodzenia Polski oraz Krzyżem Wolności i Solidarności.</p>

<p>Urodziła się 14 września 1960 roku w Krakowie. W latach 1982 – 1990, razem z matką Ireną Strzałkowską, Jolanta wspierała działalność podziemnym strukturom konspiracyjnym Porozumienia Prasowego „Solidarność Zwycięży”, krakowowskiego oddziału „Solidarności Walczącej” oraz Ogólnopolskiego Komitetu Oporu Rolników. Mieszkanie Strzałkowskich w Krakowie – Podgórzu pełniło funkcję tzw. punktu kontaktowego. Jolanta i Irena Strzałkowskie odbierały materiały, przechowywały [&hellip;]</p>
