{"id":1687,"date":"2021-02-01T10:35:39","date_gmt":"2021-02-01T10:35:39","guid":{"rendered":"http:\/\/ludzie.fundacja-pih.pl\/?post_type=product&#038;p=1687"},"modified":"2025-05-16T14:14:46","modified_gmt":"2025-05-16T14:14:46","slug":"paluch-malgorzata-renata","status":"publish","type":"product","link":"http:\/\/ludzie.fundacja-pih.pl\/index.php\/product\/paluch-malgorzata-renata\/","title":{"rendered":"Paluch Ma\u0142gorzata Renata"},"content":{"rendered":"<p>Urodzi\u0142a si\u0119 26 maja 1957 roku w Krakowie.<\/p>\n<p>W drugiej po\u0142owie lat siedemdziesi\u0105tych XX wieku, b\u0119d\u0105c studentk\u0105, dzia\u0142a\u0142a w Studenckim Komitecie Solidarno\u015bci. Zajmowa\u0142a si\u0119 m. in. rozpowszechnianiem literatury podziemnej, zbieraniem podpis\u00f3w pod petycjami Zarz\u0105du SKS, uczestniczy\u0142a w tzw. \u201enielegalnych zgromadzeniach o charakterze antysocjalistycznym\u201d. By\u0142a inwigilowana za g\u0142oszenie tzw. \u201ewrogiej propagandy\u201d. W stanie wojennym stworzy\u0142a tzw. skrzynk\u0119 kontaktow\u0105 i magazynow\u0105 w miejscu zamieszkania tj. przy ul Grodzkiej 60 \/ 6 A w Krakowie. Pocz\u0105tkowo s\u0142u\u017cy\u0142a ona dzia\u0142aczom NZS UJ i przedstawicielom lokalnej \u201eSolidarno\u015bci\u201d, natomiast w latach 1983 \u2013 1989\u2006 pozostawa\u0142a do dyspozycji krakowskiego oddzia\u0142u \u201eSolidarno\u015bci Walcz\u0105cej\u201d, Porozumienia Prasowego \u201eSolidarno\u015b\u0107 Zwyci\u0119\u017cy\u201d,\u2006 \u2006Og\u00f3lnopolskiego Komitetu Oporu Rolnik\u00f3w. Ma\u0142gorzata Renata Paluch kolportowa\u0142a tak\u017ce pras\u0119 podziemn\u0105 tych organizacji w tym tytu\u0142y takie jak: \u201eSolidarno\u015b\u0107 Zwyci\u0119\u017cy\u201d, \u201eSolidarno\u015b\u0107 Walcz\u0105ca\u201d, \u201eKurierek B\u201d, \u201eSolidarno\u015b\u0107 Rolnik\u00f3w\u201d. \u015aci\u015ble wsp\u00f3\u0142pracowa\u0142a z Piotrem Hlebowiczem, szefem krakowskiego oddzia\u0142u \u201eSolidarno\u015bci Walcz\u0105cej\u201d od 1986 roku. Ma\u0142gorzata Renata Paluch otrzyma\u0142a Krzy\u017c Oficerski Orderu Odrodzenia Polski, Medal Stulecia Odzyskanej Niepodleg\u0142o\u015bci oraz Odznak\u0119 Honorow\u0105 Dzia\u0142acza Opozycji Antykomunistycznej.<\/p>\n","protected":false},"excerpt":{"rendered":"<p>Urodzi\u0142a si\u0119 26 maja 1957 roku w Krakowie. W drugiej po\u0142owie lat siedemdziesi\u0105tych XX wieku, b\u0119d\u0105c studentk\u0105, dzia\u0142a\u0142a w Studenckim Komitecie Solidarno\u015bci. Zajmowa\u0142a si\u0119 m. in. rozpowszechnianiem literatury podziemnej, zbieraniem podpis\u00f3w pod petycjami Zarz\u0105du SKS, uczestniczy\u0142a w tzw. \u201enielegalnych zgromadzeniach o charakterze antysocjalistycznym\u201d. By\u0142a inwigilowana za g\u0142oszenie tzw. \u201ewrogiej propagandy\u201d. W stanie wojennym stworzy\u0142a tzw. [&hellip;]<\/p>\n","protected":false},"featured_media":1688,"template":"","meta":[],"_links":{"self":[{"href":"http:\/\/ludzie.fundacja-pih.pl\/index.php\/wp-json\/wp\/v2\/product\/1687"}],"collection":[{"href":"http:\/\/ludzie.fundacja-pih.pl\/index.php\/wp-json\/wp\/v2\/product"}],"about":[{"href":"http:\/\/ludzie.fundacja-pih.pl\/index.php\/wp-json\/wp\/v2\/types\/product"}],"wp:featuredmedia":[{"embeddable":true,"href":"http:\/\/ludzie.fundacja-pih.pl\/index.php\/wp-json\/wp\/v2\/media\/1688"}],"wp:attachment":[{"href":"http:\/\/ludzie.fundacja-pih.pl\/index.php\/wp-json\/wp\/v2\/media?parent=1687"}],"curies":[{"name":"wp","href":"https:\/\/api.w.org\/{rel}","templated":true}]}}