{"id":1706,"date":"2021-02-01T11:09:09","date_gmt":"2021-02-01T11:09:09","guid":{"rendered":"http:\/\/ludzie.fundacja-pih.pl\/?post_type=product&#038;p=1706"},"modified":"2025-05-16T14:14:50","modified_gmt":"2025-05-16T14:14:50","slug":"nobis-marek","status":"publish","type":"product","link":"http:\/\/ludzie.fundacja-pih.pl\/index.php\/product\/nobis-marek\/","title":{"rendered":"Nobis Marek"},"content":{"rendered":"<p>Urodzi\u0142 si\u0119 20 maja 1962 w Krakowie<\/p>\n<p>W 2003 roku uko\u0144czy\u0142 studia pedagogiczne i studia w zakresie  wychowania obronnego na Akademii Bydgoskiej im. Kazimierza Wielkiego. W 1981 roku by\u0142 zatrudniony w Kombinacie Cementowo-Wapienniczym \u201eWierzbica\u201d, oddzia\u0142 w Krakowie. W 1982 roku pracowa\u0142 w Przedsi\u0119biorstwie Gospodarki Mieszkaniowej w Wi\u0119cborku. W latach 1982 &#8211; 1983 by\u0142 pracownikiem przedsi\u0119biorstwa budownictwa przemys\u0142owego \u201cBudostal3\u201d w Nowej Hucie. W latach 1984 &#8211; 1989 by\u0142 zatrudniony w Kopalni W\u0119gla Kamiennego \u201ePary\u017c\u201d w D\u0105browie G\u00f3rniczej. W latach 1989 \u2013 1991 pozostawa\u0142 bez pracy. Po 1991 roku zawodowo zwi\u0105zany g\u0142\u00f3wnie ze s\u0142u\u017cbami mundurowymi. W klasie maturalnej Marek Nobis nawi\u0105za\u0142 kontakt z J.L. Franczykiem, od kt\u00f3rego otrzymywa\u0142 czasopisma wydawane przez KOR. By\u0142 wsp\u00f3\u0142pracownikiem \u201eKrzy\u017ca Nowohuckiego\u201d i drukarzem. Od 1980 utrzymywa\u0142 kontakty z MKZ Krak\u00f3w Ma\u0142opolska, a nast\u0119pnie z ZR pomagaj\u0105c m.in. w druku i transporcie materia\u0142\u00f3w informacyjnych. W latach 1982 &#8211; 1989 aktywnie uczestniczy\u0142 w dzia\u0142aniach \u201eSolidarno\u015bci\u201d jako kurier i kolporter. Wsp\u00f3\u0142pracowa\u0142 z Porozumieniem Prasowym \u201eSolidarno\u015b\u0107 Zwyci\u0119\u017cy\u201d, \u201eSolidarno\u015bci\u0105 Walcz\u0105c\u0105\u201d, z krakowskim oddzia\u0142em L-DP\u201dN\u201d oraz z TKRH w Nowej Hucie. Wsp\u00f3\u0142pracowa\u0142 i utrzymywa\u0142 kontakty z podziemnymi strukturami w Katowicach (D. Skorenko, P. Mi\u015bkiewicz) i w Warszawie (E. Tomaszewska, A. Borowski, W. Pernach, LDP-N). Wed\u0142ug zachowanych w archiwach IPN dokument\u00f3w, by\u0142 rozpracowywany od 1983 roku do 30 maja 1990 roku. W tym okresie odby\u0142 oko\u0142o 3 tysi\u0119cy misji kurierskich na terenie kraju (pomi\u0119dzy Krakowem, Warszaw\u0105, Katowicami, Poznaniem, Wroc\u0142awiem, Gda\u0144skiem i Bydgoszcz\u0105). W 1985 roku SB porwa\u0142a go na przes\u0142uchanie z WKU w B\u0119dzinie. W trakcie przes\u0142uchania straszono go \u015bmierci\u0105 oraz gro\u017cono pozbawieniem \u017cycia \u017cony i syna. Po 1990 roku zwi\u0105za\u0142 si\u0119 zawodowo ze s\u0142u\u017cbami mundurowymi. W 2017 roku Marek Nobis zosta\u0142 odznaczony krzy\u017cem Wolno\u015bci i Solidarno\u015bci. <\/p>\n","protected":false},"excerpt":{"rendered":"<p>Urodzi\u0142 si\u0119 20 maja 1962 w Krakowie W 2003 roku uko\u0144czy\u0142 studia pedagogiczne i studia w zakresie wychowania obronnego na Akademii Bydgoskiej im. Kazimierza Wielkiego. W 1981 roku by\u0142 zatrudniony w Kombinacie Cementowo-Wapienniczym \u201eWierzbica\u201d, oddzia\u0142 w Krakowie. W 1982 roku pracowa\u0142 w Przedsi\u0119biorstwie Gospodarki Mieszkaniowej w Wi\u0119cborku. W latach 1982 &#8211; 1983 by\u0142 pracownikiem przedsi\u0119biorstwa [&hellip;]<\/p>\n","protected":false},"featured_media":1707,"template":"","meta":[],"_links":{"self":[{"href":"http:\/\/ludzie.fundacja-pih.pl\/index.php\/wp-json\/wp\/v2\/product\/1706"}],"collection":[{"href":"http:\/\/ludzie.fundacja-pih.pl\/index.php\/wp-json\/wp\/v2\/product"}],"about":[{"href":"http:\/\/ludzie.fundacja-pih.pl\/index.php\/wp-json\/wp\/v2\/types\/product"}],"wp:featuredmedia":[{"embeddable":true,"href":"http:\/\/ludzie.fundacja-pih.pl\/index.php\/wp-json\/wp\/v2\/media\/1707"}],"wp:attachment":[{"href":"http:\/\/ludzie.fundacja-pih.pl\/index.php\/wp-json\/wp\/v2\/media?parent=1706"}],"curies":[{"name":"wp","href":"https:\/\/api.w.org\/{rel}","templated":true}]}}

<p>Urodził się 20 maja 1962 w Krakowie</p>
<p>W 2003 roku ukończył studia pedagogiczne i studia w zakresie  wychowania obronnego na Akademii Bydgoskiej im. Kazimierza Wielkiego. W 1981 roku był zatrudniony w Kombinacie Cementowo-Wapienniczym „Wierzbica”, oddział w Krakowie. W 1982 roku pracował w Przedsiębiorstwie Gospodarki Mieszkaniowej w Więcborku. W latach 1982 &#8211; 1983 był pracownikiem przedsiębiorstwa budownictwa przemysłowego “Budostal3” w Nowej Hucie. W latach 1984 &#8211; 1989 był zatrudniony w Kopalni Węgla Kamiennego „Paryż” w Dąbrowie Górniczej. W latach 1989 – 1991 pozostawał bez pracy. Po 1991 roku zawodowo związany głównie ze służbami mundurowymi. W klasie maturalnej Marek Nobis nawiązał kontakt z J.L. Franczykiem, od którego otrzymywał czasopisma wydawane przez KOR. Był współpracownikiem „Krzyża Nowohuckiego” i drukarzem. Od 1980 utrzymywał kontakty z MKZ Kraków Małopolska, a następnie z ZR pomagając m.in. w druku i transporcie materiałów informacyjnych. W latach 1982 &#8211; 1989 aktywnie uczestniczył w działaniach „Solidarności” jako kurier i kolporter. Współpracował z Porozumieniem Prasowym „Solidarność Zwycięży”, „Solidarnością Walczącą”, z krakowskim oddziałem L-DP”N” oraz z TKRH w Nowej Hucie. Współpracował i utrzymywał kontakty z podziemnymi strukturami w Katowicach (D. Skorenko, P. Miśkiewicz) i w Warszawie (E. Tomaszewska, A. Borowski, W. Pernach, LDP-N). Według zachowanych w archiwach IPN dokumentów, był rozpracowywany od 1983 roku do 30 maja 1990 roku. W tym okresie odbył około 3 tysięcy misji kurierskich na terenie kraju (pomiędzy Krakowem, Warszawą, Katowicami, Poznaniem, Wrocławiem, Gdańskiem i Bydgoszczą). W 1985 roku SB porwała go na przesłuchanie z WKU w Będzinie. W trakcie przesłuchania straszono go śmiercią oraz grożono pozbawieniem życia żony i syna. Po 1990 roku związał się zawodowo ze służbami mundurowymi. W 2017 roku Marek Nobis został odznaczony krzyżem Wolności i Solidarności. </p>

<p>Urodził się 20 maja 1962 w Krakowie W 2003 roku ukończył studia pedagogiczne i studia w zakresie wychowania obronnego na Akademii Bydgoskiej im. Kazimierza Wielkiego. W 1981 roku był zatrudniony w Kombinacie Cementowo-Wapienniczym „Wierzbica”, oddział w Krakowie. W 1982 roku pracował w Przedsiębiorstwie Gospodarki Mieszkaniowej w Więcborku. W latach 1982 &#8211; 1983 był pracownikiem przedsiębiorstwa [&hellip;]</p>
