{"id":1716,"date":"2021-02-01T11:27:41","date_gmt":"2021-02-01T11:27:41","guid":{"rendered":"http:\/\/ludzie.fundacja-pih.pl\/?post_type=product&#038;p=1716"},"modified":"2025-05-16T14:14:53","modified_gmt":"2025-05-16T14:14:53","slug":"lubanska-krystyna","status":"publish","type":"product","link":"http:\/\/ludzie.fundacja-pih.pl\/index.php\/product\/lubanska-krystyna\/","title":{"rendered":"Luba\u0144ska Krystyna"},"content":{"rendered":"<p>Urodzi\u0142a si\u0119 2 marca 1950 w Bia\u0142ej Podlaskiej.<\/p>\n<p>W okresie stanu wojennego prowadzi\u0142a dzia\u0142alno\u015b\u0107 w strukturach Og\u00f3lnopolskiego Komitetu Oporu Rolnik\u00f3w zajmuj\u0105c si\u0119  kolporta\u017cem prasy podziemnej, wydawnictw, ulotek i plakat\u00f3w.  Krystyna Luba\u0144ska  przekazywa\u0142a r\u00f3wnie\u017c pisma \u201eSolidarny Podlasiak\u201d, \u201eSolidarno\u015b\u0107 Rolnik\u00f3w\u201d, biuletyny oraz inne wydawnictwa tzw. drugiego obiegu do Lublina. Pomaga\u0142a tak\u017ce rodzinom uwi\u0119zionych dostarczaj\u0105c paczki \u017cywno\u015bciowe z artyku\u0142ami  pochodz\u0105cymi z gospodarstwa ojca. Krystyna Luba\u0144ska by\u0142a \u0142\u0105czniczk\u0105 i kurierk\u0105 pomi\u0119dzy Krakowem (Og\u00f3lnopolski Komitet Oporu Rolnik\u00f3w, Porozumienie Prasowe \u201eSolidarno\u015b\u0107 Zwyci\u0119\u017cy\u201d i krakowski oddzia\u0142 \u201eSolidarno\u015bci Walcz\u0105cej\u201d) a strukturami konspiracyjnymi Podlasia.<\/p>\n","protected":false},"excerpt":{"rendered":"<p>Urodzi\u0142a si\u0119 2 marca 1950 w Bia\u0142ej Podlaskiej. W okresie stanu wojennego prowadzi\u0142a dzia\u0142alno\u015b\u0107 w strukturach Og\u00f3lnopolskiego Komitetu Oporu Rolnik\u00f3w zajmuj\u0105c si\u0119 kolporta\u017cem prasy podziemnej, wydawnictw, ulotek i plakat\u00f3w. Krystyna Luba\u0144ska przekazywa\u0142a r\u00f3wnie\u017c pisma \u201eSolidarny Podlasiak\u201d, \u201eSolidarno\u015b\u0107 Rolnik\u00f3w\u201d, biuletyny oraz inne wydawnictwa tzw. drugiego obiegu do Lublina. Pomaga\u0142a tak\u017ce rodzinom uwi\u0119zionych dostarczaj\u0105c paczki \u017cywno\u015bciowe z [&hellip;]<\/p>\n","protected":false},"featured_media":1717,"template":"","meta":[],"_links":{"self":[{"href":"http:\/\/ludzie.fundacja-pih.pl\/index.php\/wp-json\/wp\/v2\/product\/1716"}],"collection":[{"href":"http:\/\/ludzie.fundacja-pih.pl\/index.php\/wp-json\/wp\/v2\/product"}],"about":[{"href":"http:\/\/ludzie.fundacja-pih.pl\/index.php\/wp-json\/wp\/v2\/types\/product"}],"wp:featuredmedia":[{"embeddable":true,"href":"http:\/\/ludzie.fundacja-pih.pl\/index.php\/wp-json\/wp\/v2\/media\/1717"}],"wp:attachment":[{"href":"http:\/\/ludzie.fundacja-pih.pl\/index.php\/wp-json\/wp\/v2\/media?parent=1716"}],"curies":[{"name":"wp","href":"https:\/\/api.w.org\/{rel}","templated":true}]}}

Lubańska Krystyna

<p>Urodziła się 2 marca 1950 w Białej Podlaskiej.</p>
<p>W okresie stanu wojennego prowadziła działalność w strukturach Ogólnopolskiego Komitetu Oporu Rolników zajmując się  kolportażem prasy podziemnej, wydawnictw, ulotek i plakatów.  Krystyna Lubańska  przekazywała również pisma „Solidarny Podlasiak”, „Solidarność Rolników”, biuletyny oraz inne wydawnictwa tzw. drugiego obiegu do Lublina. Pomagała także rodzinom uwięzionych dostarczając paczki żywnościowe z artykułami  pochodzącymi z gospodarstwa ojca. Krystyna Lubańska była łączniczką i kurierką pomiędzy Krakowem (Ogólnopolski Komitet Oporu Rolników, Porozumienie Prasowe „Solidarność Zwycięży” i krakowski oddział „Solidarności Walczącej”) a strukturami konspiracyjnymi Podlasia.</p>

<p>Urodziła się 2 marca 1950 w Białej Podlaskiej. W okresie stanu wojennego prowadziła działalność w strukturach Ogólnopolskiego Komitetu Oporu Rolników zajmując się kolportażem prasy podziemnej, wydawnictw, ulotek i plakatów. Krystyna Lubańska przekazywała również pisma „Solidarny Podlasiak”, „Solidarność Rolników”, biuletyny oraz inne wydawnictwa tzw. drugiego obiegu do Lublina. Pomagała także rodzinom uwięzionych dostarczając paczki żywnościowe z [&hellip;]</p>
