{"id":1725,"date":"2021-02-01T11:42:14","date_gmt":"2021-02-01T11:42:14","guid":{"rendered":"http:\/\/ludzie.fundacja-pih.pl\/?post_type=product&#038;p=1725"},"modified":"2025-05-16T14:14:56","modified_gmt":"2025-05-16T14:14:56","slug":"hlebowicz-jan","status":"publish","type":"product","link":"http:\/\/ludzie.fundacja-pih.pl\/index.php\/product\/hlebowicz-jan\/","title":{"rendered":"Hlebowicz Jan"},"content":{"rendered":"<p>Urodzi\u0142 si\u0119 30 wrze\u015bnia 1915 roku w Hlebowiczach, zm. 3 kwietnia 1992 w Krakowie.<\/p>\n<p>Dzia\u0142a\u0142 pod pseudonim \u201eStryj\u201d.<br \/>\nW okresie II wojny \u015bwiatowej pomaga\u0142 partyzantce polskiej oraz sowieckiej (tzw. \u201cokru\u017ce\u0144cam\u201d). Wysy\u0142a\u0142 tak\u017ce paczki \u017cywno\u015bciowe je\u0144com sowieckim przebywaj\u0105cym w obozach niemieckich. Po wojnie, w zwi\u0105zku ze zmian\u0105 granic, wraz z bra\u0107mi wyjecha\u0142 na Warmi\u0119 (Mor\u0105g). W Mor\u0105gu, po 1947 roku, sko\u0144czy\u0142 Kursy Szko\u0142y \u015aredniej Og\u00f3lnokszta\u0142c\u0105cej dla Doros\u0142ych. W ko\u0144cu lat czterdziestych prowadzi\u0142 sklep w Krynkach. W latach pi\u0119\u0107dziesi\u0105tych przeni\u00f3s\u0142 si\u0119 do Krakowa, gdzie podj\u0105\u0142 prac\u0119 w Pracowni Konserwacji Zabytk\u00f3w, a nast\u0119pnie w Pa\u0144stwowych Zbiorach Sztuki na Wawelu. Pracowa\u0142 tam do 1968 roku, w kt\u00f3rym przeszed\u0142 na emerytur\u0119. Kolekcjoner obraz\u00f3w i dzie\u0142 sztuki, mieszka\u0142 przy ul. Brodzi\u0144skiego w Krakowie Po wprowadzeniu stanu wojennego, zaanga\u017cowa\u0142 si\u0119 w<br \/>\npomoc strukturom konspiracyjnym. W 1982 roku podj\u0105\u0142 wsp\u00f3\u0142prac\u0119 z Porozumieniem Prasowym \u201cSolidarno\u015b\u0107 Zwyci\u0119\u017cy\u201d, w 1983 roku z Og\u00f3lnopolskim Komitetem Oporu Rolnik\u00f3w, w 1985 roku z krakowskim oddzia\u0142em \u201cSolidarno\u015bci Walcz\u0105cej\u201d. W latatch 1982 \u2013 1990 mieszkanie Jana Hlebowicza s\u0142u\u017cy\u0142o jako sta\u0142y punkt kontaktowy, magazyn prasy, papieru, punkt odbioru gazet i konspiracyjnych spotka\u0144. Pozostawiano w nim i odbierano z niego podziemn\u0105 pras\u0119 i literatur\u0119, listy, farb\u0119 drukarsk\u0105. Tutaj tak\u017ce znajdowa\u0142a si\u0119 tzw. poczekalnia dla spotka\u0144 i kurier\u00f3w. Na ludzi czeka\u0142a zawsze herbata, przek\u0105ska i dobre s\u0142owo.  Lokal by\u0142 idealnym miejscem dla konspiracji, do Jana Hlebowicza przychodzi\u0142o codziennie wielu kolekcjoner\u00f3w na konsultacje, oraz celem kupna, sprzeda\u017cy lub wymiany dzie\u0142 sztuki. W mieszkaniu panowa\u0142 sta\u0142y ruch, co skutecznie uniemo\u017cliwia\u0142o inwigilacj\u0119 i dekonspiracj\u0119.<\/p>\n","protected":false},"excerpt":{"rendered":"<p>Urodzi\u0142 si\u0119 30 wrze\u015bnia 1915 roku w Hlebowiczach, zm. 3 kwietnia 1992 w Krakowie. Dzia\u0142a\u0142 pod pseudonim \u201eStryj\u201d. W okresie II wojny \u015bwiatowej pomaga\u0142 partyzantce polskiej oraz sowieckiej (tzw. \u201cokru\u017ce\u0144cam\u201d). Wysy\u0142a\u0142 tak\u017ce paczki \u017cywno\u015bciowe je\u0144com sowieckim przebywaj\u0105cym w obozach niemieckich. Po wojnie, w zwi\u0105zku ze zmian\u0105 granic, wraz z bra\u0107mi wyjecha\u0142 na Warmi\u0119 (Mor\u0105g). W [&hellip;]<\/p>\n","protected":false},"featured_media":1726,"template":"","meta":[],"_links":{"self":[{"href":"http:\/\/ludzie.fundacja-pih.pl\/index.php\/wp-json\/wp\/v2\/product\/1725"}],"collection":[{"href":"http:\/\/ludzie.fundacja-pih.pl\/index.php\/wp-json\/wp\/v2\/product"}],"about":[{"href":"http:\/\/ludzie.fundacja-pih.pl\/index.php\/wp-json\/wp\/v2\/types\/product"}],"wp:featuredmedia":[{"embeddable":true,"href":"http:\/\/ludzie.fundacja-pih.pl\/index.php\/wp-json\/wp\/v2\/media\/1726"}],"wp:attachment":[{"href":"http:\/\/ludzie.fundacja-pih.pl\/index.php\/wp-json\/wp\/v2\/media?parent=1725"}],"curies":[{"name":"wp","href":"https:\/\/api.w.org\/{rel}","templated":true}]}}

<p>Urodził się 30 września 1915 roku w Hlebowiczach, zm. 3 kwietnia 1992 w Krakowie.</p>
<p>Działał pod pseudonim „Stryj”.<br />
W okresie II wojny światowej pomagał partyzantce polskiej oraz sowieckiej (tzw. “okrużeńcam”). Wysyłał także paczki żywnościowe jeńcom sowieckim przebywającym w obozach niemieckich. Po wojnie, w związku ze zmianą granic, wraz z braćmi wyjechał na Warmię (Morąg). W Morągu, po 1947 roku, skończył Kursy Szkoły Średniej Ogólnokształcącej dla Dorosłych. W końcu lat czterdziestych prowadził sklep w Krynkach. W latach pięćdziesiątych przeniósł się do Krakowa, gdzie podjął pracę w Pracowni Konserwacji Zabytków, a następnie w Państwowych Zbiorach Sztuki na Wawelu. Pracował tam do 1968 roku, w którym przeszedł na emeryturę. Kolekcjoner obrazów i dzieł sztuki, mieszkał przy ul. Brodzińskiego w Krakowie Po wprowadzeniu stanu wojennego, zaangażował się w<br />
pomoc strukturom konspiracyjnym. W 1982 roku podjął współpracę z Porozumieniem Prasowym “Solidarność Zwycięży”, w 1983 roku z Ogólnopolskim Komitetem Oporu Rolników, w 1985 roku z krakowskim oddziałem “Solidarności Walczącej”. W latatch 1982 – 1990 mieszkanie Jana Hlebowicza służyło jako stały punkt kontaktowy, magazyn prasy, papieru, punkt odbioru gazet i konspiracyjnych spotkań. Pozostawiano w nim i odbierano z niego podziemną prasę i literaturę, listy, farbę drukarską. Tutaj także znajdowała się tzw. poczekalnia dla spotkań i kurierów. Na ludzi czekała zawsze herbata, przekąska i dobre słowo.  Lokal był idealnym miejscem dla konspiracji, do Jana Hlebowicza przychodziło codziennie wielu kolekcjonerów na konsultacje, oraz celem kupna, sprzedaży lub wymiany dzieł sztuki. W mieszkaniu panował stały ruch, co skutecznie uniemożliwiało inwigilację i dekonspirację.</p>

<p>Urodził się 30 września 1915 roku w Hlebowiczach, zm. 3 kwietnia 1992 w Krakowie. Działał pod pseudonim „Stryj”. W okresie II wojny światowej pomagał partyzantce polskiej oraz sowieckiej (tzw. “okrużeńcam”). Wysyłał także paczki żywnościowe jeńcom sowieckim przebywającym w obozach niemieckich. Po wojnie, w związku ze zmianą granic, wraz z braćmi wyjechał na Warmię (Morąg). W [&hellip;]</p>
