{"id":1773,"date":"2021-02-09T09:08:31","date_gmt":"2021-02-09T09:08:31","guid":{"rendered":"http:\/\/ludzie.fundacja-pih.pl\/?post_type=product&#038;p=1773"},"modified":"2025-05-16T14:15:04","modified_gmt":"2025-05-16T14:15:04","slug":"baran-maria","status":"publish","type":"product","link":"http:\/\/ludzie.fundacja-pih.pl\/index.php\/product\/baran-maria\/","title":{"rendered":"Baran Maria"},"content":{"rendered":"<p>Urodzi\u0142 si\u0119 w 1956 roku w m. Zg\u0142obie\u0144<\/p>\n<p>Pracowa\u0142a w Archiwum Pa\u0144stwowym w Rzeszowie. Od roku 1981 nale\u017ca\u0142a do NSZZ \u201eSolidarno\u015b\u0107\u201d. Po wprowadzeniu stanu wojennego utrzymywa\u0142a sta\u0142y kontakt z tworz\u0105cym si\u0119 podziemiem \u201eSolidarno\u015bci\u201d. W latach 1983 &#8211; 1987 nale\u017ca\u0142a do rzeszowskiego oddzia\u0142u \u201eSolidarno\u015bci Walcz\u0105cej\u201d. Wsp\u00f3lnie z Januszem Borowcem i Andrzejem \u0141yko prowadzi\u0142a na terenie Archiwum Pa\u0144stwowego w Rzeszowie magazyn papieru i materia\u0142\u00f3w drukarskich. Uczestniczy\u0142a w kolporta\u017cu prasy podziemnej: przewozi\u0142a nielegalne druki z Krakowa, odbiera\u0142a wydawnictwa podziemne z punktu kolporta\u017cowego przy ul. Grodzisko 1a w Rzeszowie. Bra\u0142a te\u017c udzia\u0142 w akcjach ulotkowych m.in. w 1984 roku na Osiedlu 1000-lecia oraz okolicach ulicy Sportowej w Rzeszowie. Dzia\u0142aj\u0105c w strukturach \u201eSolidarno\u015bci Walcz\u0105cej\u201d rozprowadza\u0142a nielegalne wydawnictwa na terenie Rzeszowa. Uczestniczy\u0142a w akcjach organizowanych przez podziemn\u0105 \u201eSolidarno\u015b\u0107\u201d takich jak: msze za Ojczyzn\u0119 w rocznice wprowadzenia stanu wojennego, 3 Maja czy 31 sierpnia. W 1989 roku bra\u0142a udzia\u0142 w reaktywowaniu jawnej dzia\u0142alno\u015bci zwi\u0105zkowej w Archiwum Pa\u0144stwowym w Rzeszowie. W 2019 roku na podstawie postanowienia Prezydenta RP \u2013 203\/2019 \u2013 nadano jej Krzy\u017c Wolno\u015bci i Solidarno\u015bci.<\/p>\n","protected":false},"excerpt":{"rendered":"<p>Urodzi\u0142 si\u0119 w 1956 roku w m. Zg\u0142obie\u0144 Pracowa\u0142a w Archiwum Pa\u0144stwowym w Rzeszowie. Od roku 1981 nale\u017ca\u0142a do NSZZ \u201eSolidarno\u015b\u0107\u201d. Po wprowadzeniu stanu wojennego utrzymywa\u0142a sta\u0142y kontakt z tworz\u0105cym si\u0119 podziemiem \u201eSolidarno\u015bci\u201d. W latach 1983 &#8211; 1987 nale\u017ca\u0142a do rzeszowskiego oddzia\u0142u \u201eSolidarno\u015bci Walcz\u0105cej\u201d. Wsp\u00f3lnie z Januszem Borowcem i Andrzejem \u0141yko prowadzi\u0142a na terenie Archiwum [&hellip;]<\/p>\n","protected":false},"featured_media":1774,"template":"","meta":[],"_links":{"self":[{"href":"http:\/\/ludzie.fundacja-pih.pl\/index.php\/wp-json\/wp\/v2\/product\/1773"}],"collection":[{"href":"http:\/\/ludzie.fundacja-pih.pl\/index.php\/wp-json\/wp\/v2\/product"}],"about":[{"href":"http:\/\/ludzie.fundacja-pih.pl\/index.php\/wp-json\/wp\/v2\/types\/product"}],"wp:featuredmedia":[{"embeddable":true,"href":"http:\/\/ludzie.fundacja-pih.pl\/index.php\/wp-json\/wp\/v2\/media\/1774"}],"wp:attachment":[{"href":"http:\/\/ludzie.fundacja-pih.pl\/index.php\/wp-json\/wp\/v2\/media?parent=1773"}],"curies":[{"name":"wp","href":"https:\/\/api.w.org\/{rel}","templated":true}]}}