{"id":1794,"date":"2021-02-09T11:50:39","date_gmt":"2021-02-09T11:50:39","guid":{"rendered":"http:\/\/ludzie.fundacja-pih.pl\/?post_type=product&#038;p=1794"},"modified":"2025-05-16T14:15:09","modified_gmt":"2025-05-16T14:15:09","slug":"bosakowska-janina-krystyna","status":"publish","type":"product","link":"http:\/\/ludzie.fundacja-pih.pl\/index.php\/product\/bosakowska-janina-krystyna\/","title":{"rendered":"Bosakowska Janina Krystyna"},"content":{"rendered":"<p>Urodzi\u0142a si\u0119 w 1959 roku w m. Lubawka<\/p>\n<p>W dzia\u0142alno\u015b\u0107 opozycyjn\u0105 zaanga\u017cowa\u0142a si\u0119 w drugiej po\u0142owie lat 70., podejmuj\u0105c &#8211; wraz z m\u0119\u017cem Romualdem &#8211; wsp\u00f3\u0142prac\u0119 z czo\u0142owymi dzia\u0142aczami Komitetu Obrony Robotnik\u00f3w. W mieszkaniu pa\u0144stwa Bosakowskich drukowano ulotki, podziemne wydawnictwa ksi\u0105\u017ckowe, czasopisma niezale\u017cne i biuletyny, takie jak: \u201eJeste\u015bmy\u201d, \u201eRobotnik\u201d czy \u201eSolidarno\u015b\u0107 Walcz\u0105ca\u201d. Bosakowska zajmowa\u0142a si\u0119 g\u0142\u00f3wnie sk\u0142adaniem wydawnictw drugiego obiegu warszawskiej Niezale\u017cnej Oficyny Wydawniczej \u201eNOWa\u201d oraz dzia\u0142aj\u0105cej w \u0141odzi &#8211; od kwietnia 1981 roku a\u017c do 13 grudnia tego roku &#8211; Mi\u0119dzyzak\u0142adowej Oficyny Wydawniczej \u201eMOWA\u201d. Kolportowa\u0142a bibu\u0142\u0119, pe\u0142ni\u0142a rol\u0119 \u0142\u0105cznika w kontaktach z osobami zaanga\u017cowanymi w druk i kolporta\u017c wydawnictw bezdebitowych. W okresie stanu wojennego i po jego zako\u0144czeniu organizowa\u0142a pomoc dla rodzin internowanych i aresztowanych. W 2017 roku na podstawie postanowienia Prezydenta RP \u2013 279\/2017 \u2013 nadano jej Krzy\u017c Wolno\u015bci i Solidarno\u015bci.<\/p>\n","protected":false},"excerpt":{"rendered":"<p>Urodzi\u0142a si\u0119 w 1959 roku w m. Lubawka W dzia\u0142alno\u015b\u0107 opozycyjn\u0105 zaanga\u017cowa\u0142a si\u0119 w drugiej po\u0142owie lat 70., podejmuj\u0105c &#8211; wraz z m\u0119\u017cem Romualdem &#8211; wsp\u00f3\u0142prac\u0119 z czo\u0142owymi dzia\u0142aczami Komitetu Obrony Robotnik\u00f3w. W mieszkaniu pa\u0144stwa Bosakowskich drukowano ulotki, podziemne wydawnictwa ksi\u0105\u017ckowe, czasopisma niezale\u017cne i biuletyny, takie jak: \u201eJeste\u015bmy\u201d, \u201eRobotnik\u201d czy \u201eSolidarno\u015b\u0107 Walcz\u0105ca\u201d. Bosakowska zajmowa\u0142a si\u0119 [&hellip;]<\/p>\n","protected":false},"featured_media":1795,"template":"","meta":[],"_links":{"self":[{"href":"http:\/\/ludzie.fundacja-pih.pl\/index.php\/wp-json\/wp\/v2\/product\/1794"}],"collection":[{"href":"http:\/\/ludzie.fundacja-pih.pl\/index.php\/wp-json\/wp\/v2\/product"}],"about":[{"href":"http:\/\/ludzie.fundacja-pih.pl\/index.php\/wp-json\/wp\/v2\/types\/product"}],"wp:featuredmedia":[{"embeddable":true,"href":"http:\/\/ludzie.fundacja-pih.pl\/index.php\/wp-json\/wp\/v2\/media\/1795"}],"wp:attachment":[{"href":"http:\/\/ludzie.fundacja-pih.pl\/index.php\/wp-json\/wp\/v2\/media?parent=1794"}],"curies":[{"name":"wp","href":"https:\/\/api.w.org\/{rel}","templated":true}]}}