{"id":1799,"date":"2021-02-09T11:56:22","date_gmt":"2021-02-09T11:56:22","guid":{"rendered":"http:\/\/ludzie.fundacja-pih.pl\/?post_type=product&#038;p=1799"},"modified":"2025-05-16T14:15:10","modified_gmt":"2025-05-16T14:15:10","slug":"bomba-tomasz","status":"publish","type":"product","link":"http:\/\/ludzie.fundacja-pih.pl\/index.php\/product\/bomba-tomasz\/","title":{"rendered":"Bomba Tomasz"},"content":{"rendered":"<p>Urodzi\u0142 si\u0119 w 1968 roku w m. Wroc\u0142aw<\/p>\n<p>Ju\u017c jako ucze\u0144 Zespo\u0142u Szk\u00f3\u0142 Mechanicznych nr 1 we Wroc\u0142awiu by\u0142 zaanga\u017cowany w dzia\u0142alno\u015b\u0107 opozycyjn\u0105. W latach 1986 &#8211; 1988 redagowa\u0142 i kolportowa\u0142 niezale\u017cne czasopisma m\u0142odzie\u017cowe \u201eBanita\u201d i \u201eSzko\u0142a\u201d. Zajmowa\u0142 si\u0119 r\u00f3wnie\u017c kolporta\u017cem takich tytu\u0142\u00f3w prasy podziemnej jak: \u201eZ Dnia na Dzie\u0144\u201d, \u201eRegion\u201d, czy \u201eSolidarno\u015b\u0107 Walcz\u0105ca\u201d. Wsp\u00f3\u0142organizowa\u0142 emisje audycji radia \u201eSolidarno\u015b\u0107 Walcz\u0105ca\u201d. Bra\u0142 udzia\u0142 w wielu akcjach protestacyjnych organizowanych przez \u201eMi\u0119dzyszkolny Komitet Oporu\u201d, \u201eRuch Wolno\u015b\u0107 i Pok\u00f3j\u201d oraz happeningach \u201ePomara\u0144czowej Alternatywy\u201d. 31 sierpnia 1987 roku uczestniczy\u0142 w demonstracji przed Zak\u0142adami Zmechanizowanego Sprz\u0119tu Domowego \u201ePredom-Polar\u201d we Wroc\u0142awiu, za co razem z innymi uczestnikami protestu, zosta\u0142 zatrzymany i ukarany przez Kolegium ds. Wykrocze\u0144 kar\u0105 grzywny. W 2018  roku na podstawie postanowienia Prezydenta RP \u2013 384\/2018 &#8211; nadano mu Krzy\u017c Wolno\u015bci i Solidarno\u015bci. <\/p>\n","protected":false},"excerpt":{"rendered":"<p>Urodzi\u0142 si\u0119 w 1968 roku w m. Wroc\u0142aw Ju\u017c jako ucze\u0144 Zespo\u0142u Szk\u00f3\u0142 Mechanicznych nr 1 we Wroc\u0142awiu by\u0142 zaanga\u017cowany w dzia\u0142alno\u015b\u0107 opozycyjn\u0105. W latach 1986 &#8211; 1988 redagowa\u0142 i kolportowa\u0142 niezale\u017cne czasopisma m\u0142odzie\u017cowe \u201eBanita\u201d i \u201eSzko\u0142a\u201d. Zajmowa\u0142 si\u0119 r\u00f3wnie\u017c kolporta\u017cem takich tytu\u0142\u00f3w prasy podziemnej jak: \u201eZ Dnia na Dzie\u0144\u201d, \u201eRegion\u201d, czy \u201eSolidarno\u015b\u0107 Walcz\u0105ca\u201d. Wsp\u00f3\u0142organizowa\u0142 [&hellip;]<\/p>\n","protected":false},"featured_media":3575,"template":"","meta":[],"_links":{"self":[{"href":"http:\/\/ludzie.fundacja-pih.pl\/index.php\/wp-json\/wp\/v2\/product\/1799"}],"collection":[{"href":"http:\/\/ludzie.fundacja-pih.pl\/index.php\/wp-json\/wp\/v2\/product"}],"about":[{"href":"http:\/\/ludzie.fundacja-pih.pl\/index.php\/wp-json\/wp\/v2\/types\/product"}],"wp:featuredmedia":[{"embeddable":true,"href":"http:\/\/ludzie.fundacja-pih.pl\/index.php\/wp-json\/wp\/v2\/media\/3575"}],"wp:attachment":[{"href":"http:\/\/ludzie.fundacja-pih.pl\/index.php\/wp-json\/wp\/v2\/media?parent=1799"}],"curies":[{"name":"wp","href":"https:\/\/api.w.org\/{rel}","templated":true}]}}