{"id":1806,"date":"2021-02-09T12:19:07","date_gmt":"2021-02-09T12:19:07","guid":{"rendered":"http:\/\/ludzie.fundacja-pih.pl\/?post_type=product&#038;p=1806"},"modified":"2025-05-16T14:15:12","modified_gmt":"2025-05-16T14:15:12","slug":"cembrowski-marian-jan","status":"publish","type":"product","link":"http:\/\/ludzie.fundacja-pih.pl\/index.php\/product\/cembrowski-marian-jan\/","title":{"rendered":"Cembrowski Marian Jan"},"content":{"rendered":"<p>Urodzi\u0142 si\u0119 w 1951 roku w m. Brzozowa<\/p>\n<p>By\u0142 zatrudniony w Stoczni Szczeci\u0144skiej im. A. Warskiego. Aktywnie uczestniczy\u0142 w wydarzeniach Grudnia \u201970, Stycznia \u201971 oraz Sierpnia \u201980 w Szczecinie. W grudniu 1970 roku bra\u0142 udzia\u0142 w starciach ulicznych pod Komitetem Wojew\u00f3dzkim PZPR i KW MO w Szczecinie. W dniach 18 &#8211; 22 grudnia 1970 roku uczestniczy\u0142 w strajku okupacyjnym na terenie Stoczni Szczeci\u0144skiej. W styczniu 1971 roku zosta\u0142 cz\u0142onkiem Komitetu Strajkowego, po czym podj\u0105\u0142 dzia\u0142alno\u015b\u0107 w Komisji Robotniczej oraz zosta\u0142 cz\u0142onkiem Informacji (Propagandy). W 1980 roku wst\u0105pi\u0142 do NSZZ \u201eSolidarno\u015b\u0107\u201d. W latach 1982 &#8211; 1989 dzia\u0142a\u0142 w strukturach podziemnej \u201eSolidarno\u015bci\u201d, kolportowa\u0142 niezale\u017cne wydawnictw takie jak: \u201eJedno\u015b\u0107\u201d, \u201eGrot\u201d, czy \u201eSolidarno\u015b\u0107 Walcz\u0105ca\u201d. Organizowa\u0142 pomoc dla pracownik\u00f3w zwalnianych z pracy i osadzonych w wi\u0119zieniach oraz ich rodzin. Uczestniczy\u0142 protestach i manifestacjach antyre\u017cimowych. W 2019  roku na podstawie postanowienia Prezydenta RP \u2013 496\/2019 \u2013 nadano mu Krzy\u017c Wolno\u015bci i Solidarno\u015bci.<\/p>\n","protected":false},"excerpt":{"rendered":"<p>Urodzi\u0142 si\u0119 w 1951 roku w m. Brzozowa By\u0142 zatrudniony w Stoczni Szczeci\u0144skiej im. A. Warskiego. Aktywnie uczestniczy\u0142 w wydarzeniach Grudnia \u201970, Stycznia \u201971 oraz Sierpnia \u201980 w Szczecinie. W grudniu 1970 roku bra\u0142 udzia\u0142 w starciach ulicznych pod Komitetem Wojew\u00f3dzkim PZPR i KW MO w Szczecinie. W dniach 18 &#8211; 22 grudnia 1970 roku [&hellip;]<\/p>\n","protected":false},"featured_media":1807,"template":"","meta":[],"_links":{"self":[{"href":"http:\/\/ludzie.fundacja-pih.pl\/index.php\/wp-json\/wp\/v2\/product\/1806"}],"collection":[{"href":"http:\/\/ludzie.fundacja-pih.pl\/index.php\/wp-json\/wp\/v2\/product"}],"about":[{"href":"http:\/\/ludzie.fundacja-pih.pl\/index.php\/wp-json\/wp\/v2\/types\/product"}],"wp:featuredmedia":[{"embeddable":true,"href":"http:\/\/ludzie.fundacja-pih.pl\/index.php\/wp-json\/wp\/v2\/media\/1807"}],"wp:attachment":[{"href":"http:\/\/ludzie.fundacja-pih.pl\/index.php\/wp-json\/wp\/v2\/media?parent=1806"}],"curies":[{"name":"wp","href":"https:\/\/api.w.org\/{rel}","templated":true}]}}