{"id":1808,"date":"2021-02-09T12:58:43","date_gmt":"2021-02-09T12:58:43","guid":{"rendered":"http:\/\/ludzie.fundacja-pih.pl\/?post_type=product&#038;p=1808"},"modified":"2025-05-16T14:15:13","modified_gmt":"2025-05-16T14:15:13","slug":"chmielenska-krystyna","status":"publish","type":"product","link":"http:\/\/ludzie.fundacja-pih.pl\/index.php\/product\/chmielenska-krystyna\/","title":{"rendered":"Chmiele\u0144ska Krystyna"},"content":{"rendered":"<p>Urodzi\u0142a si\u0119 w 1947 roku w m. Szczawno Zdr\u00f3j<\/p>\n<p>W 1980 roku zosta\u0142a cz\u0142onkiem NSZZ \u201eSolidarno\u015b\u0107\u201d na Uniwersytecie Wroc\u0142awskim. 6 marca 1982 roku zosta\u0142a internowana i umieszczona w Zak\u0142adzie Karnym we Wroc\u0142awiu, a nast\u0119pnie &#8211; od 17 marca 1982 roku &#8211; w O\u015brodku Odosobnienia w Go\u0142dapi. Decyzj\u0105 z dnia 30 czerwca 1982 roku internowanie uchylono i 7 lipca 1982 roku zosta\u0142a zwolniona. W p\u00f3\u017aniejszym okresie zajmowa\u0142a si\u0119 m.in. kolportowaniem wydawnictw sygnowanych przez \u201eSolidarno\u015b\u0107 Walcz\u0105c\u0105\u201d. W 2016  roku na podstawie postanowienia Prezydenta RP \u2013 546\/2016 \u2013 nadano jej Krzy\u017c Wolno\u015bci i Solidarno\u015bci.<\/p>\n","protected":false},"excerpt":{"rendered":"<p>Urodzi\u0142a si\u0119 w 1947 roku w m. Szczawno Zdr\u00f3j W 1980 roku zosta\u0142a cz\u0142onkiem NSZZ \u201eSolidarno\u015b\u0107\u201d na Uniwersytecie Wroc\u0142awskim. 6 marca 1982 roku zosta\u0142a internowana i umieszczona w Zak\u0142adzie Karnym we Wroc\u0142awiu, a nast\u0119pnie &#8211; od 17 marca 1982 roku &#8211; w O\u015brodku Odosobnienia w Go\u0142dapi. Decyzj\u0105 z dnia 30 czerwca 1982 roku internowanie uchylono [&hellip;]<\/p>\n","protected":false},"featured_media":1809,"template":"","meta":[],"_links":{"self":[{"href":"http:\/\/ludzie.fundacja-pih.pl\/index.php\/wp-json\/wp\/v2\/product\/1808"}],"collection":[{"href":"http:\/\/ludzie.fundacja-pih.pl\/index.php\/wp-json\/wp\/v2\/product"}],"about":[{"href":"http:\/\/ludzie.fundacja-pih.pl\/index.php\/wp-json\/wp\/v2\/types\/product"}],"wp:featuredmedia":[{"embeddable":true,"href":"http:\/\/ludzie.fundacja-pih.pl\/index.php\/wp-json\/wp\/v2\/media\/1809"}],"wp:attachment":[{"href":"http:\/\/ludzie.fundacja-pih.pl\/index.php\/wp-json\/wp\/v2\/media?parent=1808"}],"curies":[{"name":"wp","href":"https:\/\/api.w.org\/{rel}","templated":true}]}}