{"id":1821,"date":"2021-02-09T13:14:08","date_gmt":"2021-02-09T13:14:08","guid":{"rendered":"http:\/\/ludzie.fundacja-pih.pl\/?post_type=product&#038;p=1821"},"modified":"2025-05-16T14:15:15","modified_gmt":"2025-05-16T14:15:15","slug":"cydzik-antoni","status":"publish","type":"product","link":"http:\/\/ludzie.fundacja-pih.pl\/index.php\/product\/cydzik-antoni\/","title":{"rendered":"Cydzik Antoni"},"content":{"rendered":"<p>Urodzi\u0142 si\u0119 w 1941 roku w m. Cydzik<\/p>\n<p>Po wprowadzeniu stanu wojennego w grudniu 1981 roku rozpocz\u0105\u0142 dzia\u0142alno\u015b\u0107 podziemn\u0105. W 1982 roku zosta\u0142 wsp\u00f3\u0142tw\u00f3rc\u0105 Grupy Feniks i Robotniczego Wydawnictwa Feniks \u2013 podziemnych organizacji dzia\u0142aj\u0105cych na terenie Wroc\u0142awia i zajmuj\u0105cych si\u0119 drukiem ulotek i prasy niezale\u017cnej oraz ich kolporta\u017cem.W 1983 roku, w ramach dzia\u0142alno\u015bci w Grupie Feniks, rozpocz\u0105\u0142 wsp\u00f3\u0142prac\u0119 z \u201eSolidarno\u015bci\u0105 Walcz\u0105c\u0105\u201d. W 2018  roku na podstawie postanowienia Prezydenta RP \u2013 540\/2018 \u2013 nadano mu Krzy\u017c Wolno\u015bci i Solidarno\u015bci.<\/p>\n","protected":false},"excerpt":{"rendered":"<p>Urodzi\u0142 si\u0119 w 1941 roku w m. Cydzik Po wprowadzeniu stanu wojennego w grudniu 1981 roku rozpocz\u0105\u0142 dzia\u0142alno\u015b\u0107 podziemn\u0105. W 1982 roku zosta\u0142 wsp\u00f3\u0142tw\u00f3rc\u0105 Grupy Feniks i Robotniczego Wydawnictwa Feniks \u2013 podziemnych organizacji dzia\u0142aj\u0105cych na terenie Wroc\u0142awia i zajmuj\u0105cych si\u0119 drukiem ulotek i prasy niezale\u017cnej oraz ich kolporta\u017cem.W 1983 roku, w ramach dzia\u0142alno\u015bci w Grupie [&hellip;]<\/p>\n","protected":false},"featured_media":2693,"template":"","meta":[],"_links":{"self":[{"href":"http:\/\/ludzie.fundacja-pih.pl\/index.php\/wp-json\/wp\/v2\/product\/1821"}],"collection":[{"href":"http:\/\/ludzie.fundacja-pih.pl\/index.php\/wp-json\/wp\/v2\/product"}],"about":[{"href":"http:\/\/ludzie.fundacja-pih.pl\/index.php\/wp-json\/wp\/v2\/types\/product"}],"wp:featuredmedia":[{"embeddable":true,"href":"http:\/\/ludzie.fundacja-pih.pl\/index.php\/wp-json\/wp\/v2\/media\/2693"}],"wp:attachment":[{"href":"http:\/\/ludzie.fundacja-pih.pl\/index.php\/wp-json\/wp\/v2\/media?parent=1821"}],"curies":[{"name":"wp","href":"https:\/\/api.w.org\/{rel}","templated":true}]}}