{"id":1832,"date":"2021-02-09T15:05:19","date_gmt":"2021-02-09T15:05:19","guid":{"rendered":"http:\/\/ludzie.fundacja-pih.pl\/?post_type=product&#038;p=1832"},"modified":"2025-05-16T14:15:18","modified_gmt":"2025-05-16T14:15:18","slug":"galek-edmund","status":"publish","type":"product","link":"http:\/\/ludzie.fundacja-pih.pl\/index.php\/product\/galek-edmund\/","title":{"rendered":"Galek Edmund"},"content":{"rendered":"<p>Urodzi\u0142 si\u0119 16 marca 1939 roku w Korczunku.<\/p>\n<p>By\u0142 aktywnym cz\u0142onkiem NSZZ Rolnik\u00f3w Indywidualnych ,,Solidarno\u015b\u0107\u201d w \u00f3wczesnym wojew\u00f3dztwie wroc\u0142awskim. Od listoapda 1981 roku pe\u0142ni\u0142 tam funkcj\u0119 przewodnicz\u0105cego ww. organizacji. W zwi\u0105zku z prowadzon\u0105 dzia\u0142alno\u015bci\u0105, w dniu wprowadzenia stanu wojennego, 13 grudnia 1981 roku, zosta\u0142 zatrzymany i internowany. Do 8 stycznia 1982 roku by\u0142 osadzony w Zak\u0142adzie Karnym we Wroc\u0142awiu, a nast\u0119pnie do 9 marca 1982 roku w O\u015brodku Odosobnienia w Nysie. W latach 1984 \u2013 1986 w swoim domu przechowywa\u0142 podziemne wydawnictwa dostarczane przez cz\u0142onk\u00f3w \u201eSolidarno\u015bci Walcz\u0105cej\u201d. W 2020 roku  na podstawie postanowienia Prezydenta RP \u2013 nr 45\/2020 &#8211; nadano mu Krzy\u017c Wolno\u015bci i Solidarno\u015bci.<\/p>\n","protected":false},"excerpt":{"rendered":"<p>Urodzi\u0142 si\u0119 16 marca 1939 roku w Korczunku. By\u0142 aktywnym cz\u0142onkiem NSZZ Rolnik\u00f3w Indywidualnych ,,Solidarno\u015b\u0107\u201d w \u00f3wczesnym wojew\u00f3dztwie wroc\u0142awskim. Od listoapda 1981 roku pe\u0142ni\u0142 tam funkcj\u0119 przewodnicz\u0105cego ww. organizacji. W zwi\u0105zku z prowadzon\u0105 dzia\u0142alno\u015bci\u0105, w dniu wprowadzenia stanu wojennego, 13 grudnia 1981 roku, zosta\u0142 zatrzymany i internowany. Do 8 stycznia 1982 roku by\u0142 osadzony w [&hellip;]<\/p>\n","protected":false},"featured_media":906,"template":"","meta":[],"_links":{"self":[{"href":"http:\/\/ludzie.fundacja-pih.pl\/index.php\/wp-json\/wp\/v2\/product\/1832"}],"collection":[{"href":"http:\/\/ludzie.fundacja-pih.pl\/index.php\/wp-json\/wp\/v2\/product"}],"about":[{"href":"http:\/\/ludzie.fundacja-pih.pl\/index.php\/wp-json\/wp\/v2\/types\/product"}],"wp:featuredmedia":[{"embeddable":true,"href":"http:\/\/ludzie.fundacja-pih.pl\/index.php\/wp-json\/wp\/v2\/media\/906"}],"wp:attachment":[{"href":"http:\/\/ludzie.fundacja-pih.pl\/index.php\/wp-json\/wp\/v2\/media?parent=1832"}],"curies":[{"name":"wp","href":"https:\/\/api.w.org\/{rel}","templated":true}]}}