{"id":1838,"date":"2021-02-10T07:59:53","date_gmt":"2021-02-10T07:59:53","guid":{"rendered":"http:\/\/ludzie.fundacja-pih.pl\/?post_type=product&#038;p=1838"},"modified":"2025-05-16T14:15:19","modified_gmt":"2025-05-16T14:15:19","slug":"zolnierek-kazimierz","status":"publish","type":"product","link":"http:\/\/ludzie.fundacja-pih.pl\/index.php\/product\/zolnierek-kazimierz\/","title":{"rendered":"\u017bo\u0142nierek Kazimierz (Wa\u0142brzych)"},"content":{"rendered":"<p>Urodzi\u0142 si\u0119 w\u00a01947\u00a0roku w m.\u00a0Wa\u0142brzych<\/p>\n<p>W latach 1965 &#8211; 1992 by\u0142 zatrudniony jako g\u00f3rnik w Kopalni W\u0119gla Kamiennego \u201eThorez\u201d w Wa\u0142brzychu. W czerwcu 1976 roku i w  grudniu 1978 roku organizowa\u0142 strajki w ww. kopalni. W dniach 27 &#8211; 31 sierpnia 1980 roku, zorganizowa\u0142 strajk w szybie Chwalib\u00f3g KWK \u201eThorez\u201d. Od wrze\u015bnia 1980 roku nale\u017ca\u0142 do NSZZ \u201eSolidarno\u015b\u0107\u201d, wsp\u00f3\u0142organizowa\u0142 Komitet Za\u0142o\u017cycielski i zosta\u0142 cz\u0142onkiem. W latach 1980 &#8211; 1981 kolportowa\u0142 pras\u0119 zwi\u0105zkow\u0105, w tym m.in. \u201eBiuletyn Informacyjnego MKZ Wojew\u00f3dztwa Wa\u0142brzyskiego\u201d, \u201eNiezale\u017cne S\u0142ow\u201d i \u201eTygodnik Solidarno\u015b\u0107\u201d. Po wprowadzeniu stanu wojennego, w dniach 14 &#8211; 15 grudnia 1981 roku bra\u0142 udzia\u0142 w strajku w KWK Thorez i by\u0142 cz\u0142onkiem KS. 17 grudnia 1981 roku zosta\u0142 aresztowany. Areszt uchylono 21 grudnia 1981 roku. 3 lutego 1982 roku, wyrokiem S\u0105du \u015al\u0105skiego Okr\u0119gu Wojskowego we Wroc\u0142awiu, Kazimierz \u017bo\u0142nierek zosta\u0142 uniewinniony. W latach 1982 &#8211; 1989 kolportowa\u0142 wydawnictwa podziemne w Kopalni W\u0119gla Kamiennego \u201eThorez\u201d w tym m.in. \u201eZ Dnia na Dzie\u0144\u201d, \u201eSolidarno\u015b\u0107 Walcz\u0105ca\u201d, \u201eNiezale\u017cne S\u0142owo\u201d, \u201eTygodnik Mazowsze\u201d, a tak\u017ce ulotki i druki okoliczno\u015bciowe. W latach 1984 &#8211; 1985 by\u0142 cz\u0142onkiem Komitetu Pomocy Wi\u0119zionym i ich Rodzinom w Wa\u0142brzychu, a w latach 1985 &#8211; 1989 wsp\u00f3\u0142organizatorem Mszy za Ojczyzn\u0119 w wa\u0142brzyskich ko\u015bcio\u0142ach \u015bw. J\u00f3zefa Robotnika, \u015bw. Anio\u0142\u00f3w Str\u00f3\u017c\u00f3w i \u015bw. Franciszka z Asy\u017cu. W latach 1987 &#8211; 1989 nale\u017ca\u0142 do nieformalnej grupy zwi\u0105zanej z Krzysztofem Bedk\u0105, dzia\u0142aj\u0105cej w KWK \u201eThorez\u201d i KWK \u201eVictoria\u201d W 2015 roku na podstawie postanowienia nr 356\/2015 Prezydenta Rzeczypospolitej Polskiej, Kazimierz \u017bo\u0142nierek zosta\u0142 odznaczony Krzy\u017cem Wolno\u015bci i Solidarno\u015bci. <\/p>\n","protected":false},"excerpt":{"rendered":"<p>Urodzi\u0142 si\u0119 w\u00a01947\u00a0roku w m.\u00a0Wa\u0142brzych W latach 1965 &#8211; 1992 by\u0142 zatrudniony jako g\u00f3rnik w Kopalni W\u0119gla Kamiennego \u201eThorez\u201d w Wa\u0142brzychu. W czerwcu 1976 roku i w grudniu 1978 roku organizowa\u0142 strajki w ww. kopalni. W dniach 27 &#8211; 31 sierpnia 1980 roku, zorganizowa\u0142 strajk w szybie Chwalib\u00f3g KWK \u201eThorez\u201d. Od wrze\u015bnia 1980 roku nale\u017ca\u0142 [&hellip;]<\/p>\n","protected":false},"featured_media":1839,"template":"","meta":[],"_links":{"self":[{"href":"http:\/\/ludzie.fundacja-pih.pl\/index.php\/wp-json\/wp\/v2\/product\/1838"}],"collection":[{"href":"http:\/\/ludzie.fundacja-pih.pl\/index.php\/wp-json\/wp\/v2\/product"}],"about":[{"href":"http:\/\/ludzie.fundacja-pih.pl\/index.php\/wp-json\/wp\/v2\/types\/product"}],"wp:featuredmedia":[{"embeddable":true,"href":"http:\/\/ludzie.fundacja-pih.pl\/index.php\/wp-json\/wp\/v2\/media\/1839"}],"wp:attachment":[{"href":"http:\/\/ludzie.fundacja-pih.pl\/index.php\/wp-json\/wp\/v2\/media?parent=1838"}],"curies":[{"name":"wp","href":"https:\/\/api.w.org\/{rel}","templated":true}]}}