{"id":1851,"date":"2021-02-10T09:35:30","date_gmt":"2021-02-10T09:35:30","guid":{"rendered":"http:\/\/ludzie.fundacja-pih.pl\/?post_type=product&#038;p=1851"},"modified":"2025-05-16T14:15:22","modified_gmt":"2025-05-16T14:15:22","slug":"wachowiak-henryk-marian","status":"publish","type":"product","link":"http:\/\/ludzie.fundacja-pih.pl\/index.php\/product\/wachowiak-henryk-marian\/","title":{"rendered":"Wachowiak Henryk Marian"},"content":{"rendered":"<p>Urodzi\u0142 si\u0119 w 1958 roku w m. Milicz<\/p>\n<p>W lutym 1982 roku zosta\u0142 cz\u0142onkiem podziemnej Mi\u0119dzyzak\u0142adowej Komisji Koordynacyjnej Niezale\u017cnego Samorz\u0105dnego Zwi\u0105zku Zawodowego \u201eSolidarno\u015b\u0107\u201d, dzia\u0142aj\u0105cej na terenie Milicza, Kro\u015bnic i Cieszkowa w ramach struktur Regionalnego Komitetu Strajkowego NSZZ \u201eSolidarno\u015b\u0107\u201d Regionu Dolno\u015bl\u0105skiego i prowadzi\u0142 dzia\u0142alno\u015b\u0107 opozycyjn\u0105 do czasu rozwi\u0105zania Komitetu w maju 1989 roku. W konspiracji dzia\u0142a\u0142 jako kurier i \u0142\u0105cznik. Pobiera\u0142 pras\u0119 i inne wydawnictwa podziemne ze skrzynek RKS oraz \u201eSolidarno\u015bci Walcz\u0105cej\u201d we Wroc\u0142awiu i przewozi\u0142 do Milicza. Ponadto przewozi\u0142 matryce i farby, z kt\u00f3rych drukowano wydawnictwa takie jak: \u201eZ Dnia na Dzie\u0144\u201d, \u201eSolidarno\u015b\u0107 Dolno\u015bl\u0105sk\u0105\u201d i \u201eSolidarno\u015b\u0107 Walcz\u0105c\u0105\u201d. Zbiera\u0142 sk\u0142adki zwi\u0105zkowe i pieni\u0105dze przeznaczone na pomoc dla represjonowanych. Przeprowadza\u0142 akcje ulotkowe oraz akcje malowania antyre\u017cimowych hase\u0142 na terenie miasta Milicza i okolicznych miejscowo\u015bci. Od 1986 roku pe\u0142ni\u0142 funkcj\u0119 skarbnika organizacji. W roku 2013 na podstawie postanowienia Prezydenta RP \u2013 nr 99\/2013 &#8211; nadano mu Krzy\u017c Wolno\u015bci i Solidarno\u015bci. <\/p>\n","protected":false},"excerpt":{"rendered":"<p>Urodzi\u0142 si\u0119 w 1958 roku w m. Milicz W lutym 1982 roku zosta\u0142 cz\u0142onkiem podziemnej Mi\u0119dzyzak\u0142adowej Komisji Koordynacyjnej Niezale\u017cnego Samorz\u0105dnego Zwi\u0105zku Zawodowego \u201eSolidarno\u015b\u0107\u201d, dzia\u0142aj\u0105cej na terenie Milicza, Kro\u015bnic i Cieszkowa w ramach struktur Regionalnego Komitetu Strajkowego NSZZ \u201eSolidarno\u015b\u0107\u201d Regionu Dolno\u015bl\u0105skiego i prowadzi\u0142 dzia\u0142alno\u015b\u0107 opozycyjn\u0105 do czasu rozwi\u0105zania Komitetu w maju 1989 roku. W konspiracji dzia\u0142a\u0142 [&hellip;]<\/p>\n","protected":false},"featured_media":1852,"template":"","meta":[],"_links":{"self":[{"href":"http:\/\/ludzie.fundacja-pih.pl\/index.php\/wp-json\/wp\/v2\/product\/1851"}],"collection":[{"href":"http:\/\/ludzie.fundacja-pih.pl\/index.php\/wp-json\/wp\/v2\/product"}],"about":[{"href":"http:\/\/ludzie.fundacja-pih.pl\/index.php\/wp-json\/wp\/v2\/types\/product"}],"wp:featuredmedia":[{"embeddable":true,"href":"http:\/\/ludzie.fundacja-pih.pl\/index.php\/wp-json\/wp\/v2\/media\/1852"}],"wp:attachment":[{"href":"http:\/\/ludzie.fundacja-pih.pl\/index.php\/wp-json\/wp\/v2\/media?parent=1851"}],"curies":[{"name":"wp","href":"https:\/\/api.w.org\/{rel}","templated":true}]}}