{"id":1862,"date":"2021-02-10T09:44:21","date_gmt":"2021-02-10T09:44:21","guid":{"rendered":"http:\/\/ludzie.fundacja-pih.pl\/?post_type=product&#038;p=1862"},"modified":"2025-05-16T14:15:24","modified_gmt":"2025-05-16T14:15:24","slug":"wandycz-zdzislaw","status":"publish","type":"product","link":"http:\/\/ludzie.fundacja-pih.pl\/index.php\/product\/wandycz-zdzislaw\/","title":{"rendered":"Wandycz Zdzis\u0142aw (Lubin)"},"content":{"rendered":"<p>Urodzi\u0142 si\u0119 1 maja 1949 roku w Chocianowcu k. Lubina.<\/p>\n<p>W dniach 15 &#8211; 17 grudnia 1981 roku by\u0142 cz\u0142onkiem KS w Zak\u0142adach G\u00f3rniczych Rudna w Polkowicach KGHM w Lubinie. W latach  1982 &#8211; 1986 by\u0142 wsp\u00f3\u0142za\u0142o\u017cycielem i cz\u0142onkiem TKZ w PBK Lubin, organizowa\u0142 pomoc finansow\u0105 dla ofiar zbrodni lubi\u0144skiej i ich rodzin. Od 1982 roku kolportowa\u0142 wydawnictwa podziemne w Lubinie, m.in.: \u201eSolidarno\u015b\u0107 Walcz\u0105c\u0105\u201d, \u201eZ Dnia na Dzie\u0144\u201d, \u201eTygodnika Mazowsze\u201d. W 1983 &#8211; 1986 by\u0142 wsp\u00f3\u0142za\u0142o\u017cycielem, autorem i redaktorem pisma \u201eWolny G\u0142os PBK Lubin\u201d. 6 lipca 1982 roku zosta\u0142 zatrzymany w zwi\u0105zku z podejrzeniem o pod\u0142o\u017cenie \u0142adunku wybuchowego pod kasynem MO w G\u0142ogowie. W latach 1983 &#8211; 1989 wsp\u00f3\u0142pracowa\u0142 z \u201eSolidarno\u015bci\u0105 Walcz\u0105c\u0105\u201d. 15 sierpnia 1985 roku zosta\u0142 aresztowany za kolporta\u017c, a nast\u0119pnie zwolniony z pracy. Przetrzymywano go w Aresztach \u015aledczych w Lubinie, Legnicy i Wroc\u0142awiu. 5 grudnia 1985 roku zosta\u0142 skazany wyrokiem S\u0105du Rejonowego w Lubinie na kar\u0119 1,5 roku wi\u0119zienia w zawieszeniu na 5 lat. 6 grudnia tego samego roku zosta\u0142 zwolniony. W latach 1986 &#8211; 1989 wsp\u00f3\u0142organizowa\u0142 Bractwo Oblat\u00f3w \u015bw. Brygidy Dom G\u0142og\u00f3w. W latach 1986 &#8211; 1987 pe\u0142ni\u0142 funkcj\u0119 brata prze\u0142o\u017conego Kapitu\u0142y, odpowiedzialnego za kontakty z podziemnymi strukturami \u201eS\u201d Zag\u0142\u0119bia Miedziowego. Od 1986 roku wchodzi\u0142 w sk\u0142ad Mi\u0119dzyzak\u0142adowego Komitetu Wykonawczego \u201eS\u201d Zag\u0142\u0119bie Miedziowe. W 1986 by\u0142 inicjatorem Ruchu WiP w G\u0142ogowie, w 1987 Zwi\u0105zku Harcerstwa Rzeczypospolitej. W maju 1987 roku zosta\u0142 aresztowany na 1 miesi\u0105c. Od 28 listopada 1986 roku by\u0142 rozpracowywany przez p. V RUSW w G\u0142ogowie w ramach SOS o kryptonimie \u201eBrygada\u201d.<br \/>\nOdznaczony: Krzy\u017cem Wolno\u015bci i Solidarno\u015bci, Odznak\u0105 Honorow\u0105 \u201eDzia\u0142acza opozycji antykomunistycznej lub osoby represjonowanej z powod\u00f3w politycznych\u201d.<\/p>\n","protected":false},"excerpt":{"rendered":"<p>Urodzi\u0142 si\u0119 1 maja 1949 roku w Chocianowcu k. Lubina. W dniach 15 &#8211; 17 grudnia 1981 roku by\u0142 cz\u0142onkiem KS w Zak\u0142adach G\u00f3rniczych Rudna w Polkowicach KGHM w Lubinie. W latach 1982 &#8211; 1986 by\u0142 wsp\u00f3\u0142za\u0142o\u017cycielem i cz\u0142onkiem TKZ w PBK Lubin, organizowa\u0142 pomoc finansow\u0105 dla ofiar zbrodni lubi\u0144skiej i ich rodzin. Od 1982 [&hellip;]<\/p>\n","protected":false},"featured_media":1863,"template":"","meta":[],"_links":{"self":[{"href":"http:\/\/ludzie.fundacja-pih.pl\/index.php\/wp-json\/wp\/v2\/product\/1862"}],"collection":[{"href":"http:\/\/ludzie.fundacja-pih.pl\/index.php\/wp-json\/wp\/v2\/product"}],"about":[{"href":"http:\/\/ludzie.fundacja-pih.pl\/index.php\/wp-json\/wp\/v2\/types\/product"}],"wp:featuredmedia":[{"embeddable":true,"href":"http:\/\/ludzie.fundacja-pih.pl\/index.php\/wp-json\/wp\/v2\/media\/1863"}],"wp:attachment":[{"href":"http:\/\/ludzie.fundacja-pih.pl\/index.php\/wp-json\/wp\/v2\/media?parent=1862"}],"curies":[{"name":"wp","href":"https:\/\/api.w.org\/{rel}","templated":true}]}}