{"id":1864,"date":"2021-02-10T09:46:53","date_gmt":"2021-02-10T09:46:53","guid":{"rendered":"http:\/\/ludzie.fundacja-pih.pl\/?post_type=product&#038;p=1864"},"modified":"2025-05-16T14:15:24","modified_gmt":"2025-05-16T14:15:24","slug":"gasperowicz-irena","status":"publish","type":"product","link":"http:\/\/ludzie.fundacja-pih.pl\/index.php\/product\/gasperowicz-irena\/","title":{"rendered":"Gasperowicz Irena"},"content":{"rendered":"<p>Urodzi\u0142a si\u0119 w 1934 roku w m. \u0141apy<\/p>\n<p>Od 1982 roku a\u017c do pocz\u0105tku lat dziewi\u0119\u0107dziesi\u0105tych, by\u0142a zaanga\u017cowana w dzia\u0142alno\u015b\u0107 opozycyjn\u0105. By\u0142a \u0142\u0105czniczk\u0105 podziemnych struktur \u201eSolidarno\u015bci Walcz\u0105cej\u201d w Tr\u00f3jmie\u015bcie, w kt\u00f3rych rozbudow\u0119 aktywnie si\u0119 w\u0142\u0105cza\u0142a. Ukrywa\u0142a dzia\u0142aczy SW. W jej lokalu ulokowana by\u0142a drukarnia offsetowa dzia\u0142aj\u0105ca do sierpnia 1990 roku. Zajmowa\u0142a si\u0119 pracami introligatorskimi w podziemnym wydawnictwie ksi\u0105\u017ckowym \u201ePetit\u201d SW w Tr\u00f3jmie\u015bcie. Kolportowa\u0142a wydawnictwa podziemne. Publikowa\u0142a na \u0142amach biuletynu \u201eSolidarno\u015b\u0107 Walcz\u0105ca Grupy Stoczni im. Komuny Paryskiej w Gdyni\u201d. W 2016 roku na podstawie postanowienia Prezydenta RP \u2013 596\/2016 \u2013 nadano jej Krzy\u017c Wolno\u015bci i Solidarno\u015bci.<\/p>\n","protected":false},"excerpt":{"rendered":"<p>Urodzi\u0142a si\u0119 w 1934 roku w m. \u0141apy Od 1982 roku a\u017c do pocz\u0105tku lat dziewi\u0119\u0107dziesi\u0105tych, by\u0142a zaanga\u017cowana w dzia\u0142alno\u015b\u0107 opozycyjn\u0105. By\u0142a \u0142\u0105czniczk\u0105 podziemnych struktur \u201eSolidarno\u015bci Walcz\u0105cej\u201d w Tr\u00f3jmie\u015bcie, w kt\u00f3rych rozbudow\u0119 aktywnie si\u0119 w\u0142\u0105cza\u0142a. Ukrywa\u0142a dzia\u0142aczy SW. W jej lokalu ulokowana by\u0142a drukarnia offsetowa dzia\u0142aj\u0105ca do sierpnia 1990 roku. Zajmowa\u0142a si\u0119 pracami introligatorskimi w [&hellip;]<\/p>\n","protected":false},"featured_media":1865,"template":"","meta":[],"_links":{"self":[{"href":"http:\/\/ludzie.fundacja-pih.pl\/index.php\/wp-json\/wp\/v2\/product\/1864"}],"collection":[{"href":"http:\/\/ludzie.fundacja-pih.pl\/index.php\/wp-json\/wp\/v2\/product"}],"about":[{"href":"http:\/\/ludzie.fundacja-pih.pl\/index.php\/wp-json\/wp\/v2\/types\/product"}],"wp:featuredmedia":[{"embeddable":true,"href":"http:\/\/ludzie.fundacja-pih.pl\/index.php\/wp-json\/wp\/v2\/media\/1865"}],"wp:attachment":[{"href":"http:\/\/ludzie.fundacja-pih.pl\/index.php\/wp-json\/wp\/v2\/media?parent=1864"}],"curies":[{"name":"wp","href":"https:\/\/api.w.org\/{rel}","templated":true}]}}

<p>Urodziła się w 1934 roku w m. Łapy</p>
<p>Od 1982 roku aż do początku lat dziewięćdziesiątych, była zaangażowana w działalność opozycyjną. Była łączniczką podziemnych struktur „Solidarności Walczącej” w Trójmieście, w których rozbudowę aktywnie się włączała. Ukrywała działaczy SW. W jej lokalu ulokowana była drukarnia offsetowa działająca do sierpnia 1990 roku. Zajmowała się pracami introligatorskimi w podziemnym wydawnictwie książkowym „Petit” SW w Trójmieście. Kolportowała wydawnictwa podziemne. Publikowała na łamach biuletynu „Solidarność Walcząca Grupy Stoczni im. Komuny Paryskiej w Gdyni”. W 2016 roku na podstawie postanowienia Prezydenta RP – 596/2016 – nadano jej Krzyż Wolności i Solidarności.</p>

<p>Urodziła się w 1934 roku w m. Łapy Od 1982 roku aż do początku lat dziewięćdziesiątych, była zaangażowana w działalność opozycyjną. Była łączniczką podziemnych struktur „Solidarności Walczącej” w Trójmieście, w których rozbudowę aktywnie się włączała. Ukrywała działaczy SW. W jej lokalu ulokowana była drukarnia offsetowa działająca do sierpnia 1990 roku. Zajmowała się pracami introligatorskimi w [&hellip;]</p>
