{"id":1866,"date":"2021-02-10T09:48:20","date_gmt":"2021-02-10T09:48:20","guid":{"rendered":"http:\/\/ludzie.fundacja-pih.pl\/?post_type=product&#038;p=1866"},"modified":"2025-05-16T14:15:25","modified_gmt":"2025-05-16T14:15:25","slug":"grzesinski-miroslaw-grzegorz","status":"publish","type":"product","link":"http:\/\/ludzie.fundacja-pih.pl\/index.php\/product\/grzesinski-miroslaw-grzegorz\/","title":{"rendered":"Grzesi\u0144ski Miros\u0142aw Grzegorz"},"content":{"rendered":"<p>Urodzi\u0142 si\u0119 w 1961 roku w m. Pozna\u0144<\/p>\n<p>Od lutego 1985 roku kolportowa\u0142 na terenie Poznania pisma i wydawnictwa podziemne, w tym materia\u0142y sygnowane przez \u201eSolidarno\u015b\u0107 Walcz\u0105c\u0105\u201d. 28 lutego 1985 roku zosta\u0142 zatrzymany, a nast\u0119pnie postanowieniem Prokuratury Wojew\u00f3dzkiej w Poznaniu, tymczasowo aresztowany. 2 marca tego samego roku osadzono go w pozna\u0144skim Areszcie \u015aledczym. S\u0105d Rejonowy w Poznaniu w dniu 13 wrze\u015bnia 1985 roku skaza\u0142 go na kar\u0119 1,5 roku pozbawienia wolno\u015bci, jednocze\u015bnie, warunkowo zawieszaj\u0105c jej wykonanie na 3 lata. S\u0105d orzek\u0142 r\u00f3wnie\u017c wobec Miros\u0142awa Grzesi\u0144skiego, kar\u0119 grzywny w wysoko\u015bci 100 tysi\u0119cy z\u0142otych, zaliczaj\u0105c na jej poczet okres tymczasowego aresztowania od 28 lutego do chwili zwolnienia tj. 13 wrze\u015bnia 1985 roku. Ponadto, S\u0105d orzek\u0142 przepadek dowod\u00f3w rzeczowych zgromadzonych w sprawie oraz zas\u0105dzi\u0142 od oskar\u017conego kwot\u0119 stanowi\u0105c\u0105 zwrot koszt\u00f3w post\u0119powania. W 2012 roku na podstawie postanowienia Prezydenta RP \u2013 133\/2012 \u2013 nadano mu Krzy\u017c Wolno\u015bci i Solidarno\u015bci.<\/p>\n","protected":false},"excerpt":{"rendered":"<p>Urodzi\u0142 si\u0119 w 1961 roku w m. Pozna\u0144 Od lutego 1985 roku kolportowa\u0142 na terenie Poznania pisma i wydawnictwa podziemne, w tym materia\u0142y sygnowane przez \u201eSolidarno\u015b\u0107 Walcz\u0105c\u0105\u201d. 28 lutego 1985 roku zosta\u0142 zatrzymany, a nast\u0119pnie postanowieniem Prokuratury Wojew\u00f3dzkiej w Poznaniu, tymczasowo aresztowany. 2 marca tego samego roku osadzono go w pozna\u0144skim Areszcie \u015aledczym. S\u0105d Rejonowy [&hellip;]<\/p>\n","protected":false},"featured_media":1867,"template":"","meta":[],"_links":{"self":[{"href":"http:\/\/ludzie.fundacja-pih.pl\/index.php\/wp-json\/wp\/v2\/product\/1866"}],"collection":[{"href":"http:\/\/ludzie.fundacja-pih.pl\/index.php\/wp-json\/wp\/v2\/product"}],"about":[{"href":"http:\/\/ludzie.fundacja-pih.pl\/index.php\/wp-json\/wp\/v2\/types\/product"}],"wp:featuredmedia":[{"embeddable":true,"href":"http:\/\/ludzie.fundacja-pih.pl\/index.php\/wp-json\/wp\/v2\/media\/1867"}],"wp:attachment":[{"href":"http:\/\/ludzie.fundacja-pih.pl\/index.php\/wp-json\/wp\/v2\/media?parent=1866"}],"curies":[{"name":"wp","href":"https:\/\/api.w.org\/{rel}","templated":true}]}}

Grzesiński Mirosław Grzegorz

<p>Urodził się w 1961 roku w m. Poznań</p>
<p>Od lutego 1985 roku kolportował na terenie Poznania pisma i wydawnictwa podziemne, w tym materiały sygnowane przez „Solidarność Walczącą”. 28 lutego 1985 roku został zatrzymany, a następnie postanowieniem Prokuratury Wojewódzkiej w Poznaniu, tymczasowo aresztowany. 2 marca tego samego roku osadzono go w poznańskim Areszcie Śledczym. Sąd Rejonowy w Poznaniu w dniu 13 września 1985 roku skazał go na karę 1,5 roku pozbawienia wolności, jednocześnie, warunkowo zawieszając jej wykonanie na 3 lata. Sąd orzekł również wobec Mirosława Grzesińskiego, karę grzywny w wysokości 100 tysięcy złotych, zaliczając na jej poczet okres tymczasowego aresztowania od 28 lutego do chwili zwolnienia tj. 13 września 1985 roku. Ponadto, Sąd orzekł przepadek dowodów rzeczowych zgromadzonych w sprawie oraz zasądził od oskarżonego kwotę stanowiącą zwrot kosztów postępowania. W 2012 roku na podstawie postanowienia Prezydenta RP – 133/2012 – nadano mu Krzyż Wolności i Solidarności.</p>

<p>Urodził się w 1961 roku w m. Poznań Od lutego 1985 roku kolportował na terenie Poznania pisma i wydawnictwa podziemne, w tym materiały sygnowane przez „Solidarność Walczącą”. 28 lutego 1985 roku został zatrzymany, a następnie postanowieniem Prokuratury Wojewódzkiej w Poznaniu, tymczasowo aresztowany. 2 marca tego samego roku osadzono go w poznańskim Areszcie Śledczym. Sąd Rejonowy [&hellip;]</p>
