{"id":1879,"date":"2021-02-10T10:28:37","date_gmt":"2021-02-10T10:28:37","guid":{"rendered":"http:\/\/ludzie.fundacja-pih.pl\/?post_type=product&#038;p=1879"},"modified":"2025-05-16T14:15:30","modified_gmt":"2025-05-16T14:15:30","slug":"tenerowicz-teresa","status":"publish","type":"product","link":"http:\/\/ludzie.fundacja-pih.pl\/index.php\/product\/tenerowicz-teresa\/","title":{"rendered":"Tenerowicz Teresa"},"content":{"rendered":"<p>Urodzi\u0142a si\u0119 w 1940 roku w m. Arras we Francji.<\/p>\n<p>By\u0142a delegatk\u0105 na WZD Regionu Dolny \u015al\u0105sk. Po wprowadzeniu stanu wojennego by\u0142a poszukiwana przez SB. Do 1983 roku dzia\u0142a\u0142a w grupie podziemnej \u201eEskulap\u201d, a do 1989 roku zwi\u0105zana by\u0142a ze strukturami podziemnej s\u0142u\u017cby zdrowia. Od sierpnia 1982 do marca 1983 roku uczestniczy\u0142a w przygotowaniach audycji Radia \u201eSolidarno\u015b\u0107 Walcz\u0105ca\u201d. W pa\u017adzierniku 1985 roku przeprowadzono rewizje w jej domu oraz w miejscu zatrudnienia. Nast\u0119pstwem tego by\u0142o przes\u0142uchanie, po kt\u00f3rym zosta\u0142a zwolniona. Od czerwca 1982 roku do 1988 roku aktywnie kolportowa\u0142a pras\u0119 podziemn\u0105 w tym m.in. czasopismo \u201eZ Dnia na Dzie\u0144\u201d oraz wydawnictwa ,,Solidarno\u015bci Walcz\u0105cej\u201d. W 2020 roku na podstawie postanowienia Prezydenta RP \u2013 nr 27\/2020 \u2013 nadano jej Krzy\u017c Wolno\u015bci i Solidarno\u015bci.<\/p>\n","protected":false},"excerpt":{"rendered":"<p>Urodzi\u0142a si\u0119 w 1940 roku w m. Arras we Francji. By\u0142a delegatk\u0105 na WZD Regionu Dolny \u015al\u0105sk. Po wprowadzeniu stanu wojennego by\u0142a poszukiwana przez SB. Do 1983 roku dzia\u0142a\u0142a w grupie podziemnej \u201eEskulap\u201d, a do 1989 roku zwi\u0105zana by\u0142a ze strukturami podziemnej s\u0142u\u017cby zdrowia. Od sierpnia 1982 do marca 1983 roku uczestniczy\u0142a w przygotowaniach audycji [&hellip;]<\/p>\n","protected":false},"featured_media":3644,"template":"","meta":[],"_links":{"self":[{"href":"http:\/\/ludzie.fundacja-pih.pl\/index.php\/wp-json\/wp\/v2\/product\/1879"}],"collection":[{"href":"http:\/\/ludzie.fundacja-pih.pl\/index.php\/wp-json\/wp\/v2\/product"}],"about":[{"href":"http:\/\/ludzie.fundacja-pih.pl\/index.php\/wp-json\/wp\/v2\/types\/product"}],"wp:featuredmedia":[{"embeddable":true,"href":"http:\/\/ludzie.fundacja-pih.pl\/index.php\/wp-json\/wp\/v2\/media\/3644"}],"wp:attachment":[{"href":"http:\/\/ludzie.fundacja-pih.pl\/index.php\/wp-json\/wp\/v2\/media?parent=1879"}],"curies":[{"name":"wp","href":"https:\/\/api.w.org\/{rel}","templated":true}]}}