{"id":1881,"date":"2021-02-10T15:30:05","date_gmt":"2021-02-10T15:30:05","guid":{"rendered":"http:\/\/ludzie.fundacja-pih.pl\/?post_type=product&#038;p=1881"},"modified":"2025-05-16T14:15:31","modified_gmt":"2025-05-16T14:15:31","slug":"truszkowska-grazyna","status":"publish","type":"product","link":"http:\/\/ludzie.fundacja-pih.pl\/index.php\/product\/truszkowska-grazyna\/","title":{"rendered":"Truszkowska Gra\u017cyna"},"content":{"rendered":"<p>Urodzi\u0142a si\u0119 w 1948 roku w m. Wroc\u0142aw<\/p>\n<p>Od 1979 roku by\u0142a zaanga\u017cowana we wsp\u00f3\u0142prac\u0119 z opozycj\u0105 antykomunistyczn\u0105. Na terenie Wroc\u0142awia zajmowa\u0142a si\u0119 kolporta\u017cem niezale\u017cnych publikacji wydawanych przez Komitet Obrony Robotnik\u00f3w. Po wprowadzeniu stanu wojennego wsp\u00f3\u0142pracowa\u0142a z Regionalnym Komitetem Strajkowym Dolny \u015al\u0105sk oraz \u201eSolidarno\u015bci\u0105 Walcz\u0105c\u0105\u201d. W ramach tej dzia\u0142alno\u015bci w latach 1981 &#8211; 1984 drukowa\u0142a oraz kolportowa\u0142a podziemne czasopismo \u201eZ Dnia na Dzie\u0144\u201d, zbiera\u0142a r\u00f3wnie\u017c informacje i przekazywa\u0142a je ukrywaj\u0105cym si\u0119 cz\u0142onkom Regionalnego Komitetu Strajkowego. W 2019 roku  na podstawie postanowienia Prezydenta RP \u2013 nr 43\/2019 &#8211; nadano jej Krzy\u017c Wolno\u015bci i Solidarno\u015bci.<\/p>\n","protected":false},"excerpt":{"rendered":"<p>Urodzi\u0142a si\u0119 w 1948 roku w m. Wroc\u0142aw Od 1979 roku by\u0142a zaanga\u017cowana we wsp\u00f3\u0142prac\u0119 z opozycj\u0105 antykomunistyczn\u0105. Na terenie Wroc\u0142awia zajmowa\u0142a si\u0119 kolporta\u017cem niezale\u017cnych publikacji wydawanych przez Komitet Obrony Robotnik\u00f3w. Po wprowadzeniu stanu wojennego wsp\u00f3\u0142pracowa\u0142a z Regionalnym Komitetem Strajkowym Dolny \u015al\u0105sk oraz \u201eSolidarno\u015bci\u0105 Walcz\u0105c\u0105\u201d. W ramach tej dzia\u0142alno\u015bci w latach 1981 &#8211; 1984 drukowa\u0142a [&hellip;]<\/p>\n","protected":false},"featured_media":906,"template":"","meta":[],"_links":{"self":[{"href":"http:\/\/ludzie.fundacja-pih.pl\/index.php\/wp-json\/wp\/v2\/product\/1881"}],"collection":[{"href":"http:\/\/ludzie.fundacja-pih.pl\/index.php\/wp-json\/wp\/v2\/product"}],"about":[{"href":"http:\/\/ludzie.fundacja-pih.pl\/index.php\/wp-json\/wp\/v2\/types\/product"}],"wp:featuredmedia":[{"embeddable":true,"href":"http:\/\/ludzie.fundacja-pih.pl\/index.php\/wp-json\/wp\/v2\/media\/906"}],"wp:attachment":[{"href":"http:\/\/ludzie.fundacja-pih.pl\/index.php\/wp-json\/wp\/v2\/media?parent=1881"}],"curies":[{"name":"wp","href":"https:\/\/api.w.org\/{rel}","templated":true}]}}