{"id":1886,"date":"2021-02-12T08:03:13","date_gmt":"2021-02-12T08:03:13","guid":{"rendered":"http:\/\/ludzie.fundacja-pih.pl\/?post_type=product&#038;p=1886"},"modified":"2025-05-16T14:15:32","modified_gmt":"2025-05-16T14:15:32","slug":"sakwa-aniela-legnica","status":"publish","type":"product","link":"http:\/\/ludzie.fundacja-pih.pl\/index.php\/product\/sakwa-aniela-legnica\/","title":{"rendered":"Sakwa Aniela (Legnica)"},"content":{"rendered":"<p>Urodzi\u0142a si\u0119 w 1953 roku w m. Ciechanowiec<\/p>\n<p>W latach 1982 \u2013 1989, wraz z m\u0119\u017cem Stanis\u0142awem, dzia\u0142a\u0142a w ponadzak\u0142adowych podziemnych strukturach NSZZ \u201eSolidarno\u015b\u0107\u201d tj. Mi\u0119dzyzak\u0142adowego Komitetu Strajkowego przy ZG \u201eRudna\u201d, Mi\u0119dzyzak\u0142adowej Komisji Koordynacyjnej NSZZ \u201eS\u201d Wojew\u00f3dztwa Legnickiego oraz Mi\u0119dzyzak\u0142adowej Komisji Wykonawczej NSZZ \u201eS\u201d Zag\u0142\u0119bia Miedziowego. W latach 1982 \u2013 1989 by\u0142a cz\u0142onkiem \u201eSolidarno\u015bci Walcz\u0105cej\u201d. W podziemnych strukturach \u201eS\u201d pe\u0142ni\u0142a funkcj\u0119 \u0142\u0105czniczki, a tak\u017ce zajmowa\u0142a si\u0119 kolporta\u017cem wydawnictw podziemnych. W 2017  roku na podstawie postanowienia Prezydenta RP \u2013 375\/2017 \u2013 nadano jej Krzy\u017c Wolno\u015bci i Solidarno\u015bci.<\/p>\n","protected":false},"excerpt":{"rendered":"<p>Urodzi\u0142a si\u0119 w 1953 roku w m. Ciechanowiec W latach 1982 \u2013 1989, wraz z m\u0119\u017cem Stanis\u0142awem, dzia\u0142a\u0142a w ponadzak\u0142adowych podziemnych strukturach NSZZ \u201eSolidarno\u015b\u0107\u201d tj. Mi\u0119dzyzak\u0142adowego Komitetu Strajkowego przy ZG \u201eRudna\u201d, Mi\u0119dzyzak\u0142adowej Komisji Koordynacyjnej NSZZ \u201eS\u201d Wojew\u00f3dztwa Legnickiego oraz Mi\u0119dzyzak\u0142adowej Komisji Wykonawczej NSZZ \u201eS\u201d Zag\u0142\u0119bia Miedziowego. W latach 1982 \u2013 1989 by\u0142a cz\u0142onkiem \u201eSolidarno\u015bci Walcz\u0105cej\u201d. [&hellip;]<\/p>\n","protected":false},"featured_media":906,"template":"","meta":[],"_links":{"self":[{"href":"http:\/\/ludzie.fundacja-pih.pl\/index.php\/wp-json\/wp\/v2\/product\/1886"}],"collection":[{"href":"http:\/\/ludzie.fundacja-pih.pl\/index.php\/wp-json\/wp\/v2\/product"}],"about":[{"href":"http:\/\/ludzie.fundacja-pih.pl\/index.php\/wp-json\/wp\/v2\/types\/product"}],"wp:featuredmedia":[{"embeddable":true,"href":"http:\/\/ludzie.fundacja-pih.pl\/index.php\/wp-json\/wp\/v2\/media\/906"}],"wp:attachment":[{"href":"http:\/\/ludzie.fundacja-pih.pl\/index.php\/wp-json\/wp\/v2\/media?parent=1886"}],"curies":[{"name":"wp","href":"https:\/\/api.w.org\/{rel}","templated":true}]}}