{"id":1890,"date":"2021-02-12T08:10:02","date_gmt":"2021-02-12T08:10:02","guid":{"rendered":"http:\/\/ludzie.fundacja-pih.pl\/?post_type=product&#038;p=1890"},"modified":"2025-05-16T14:15:34","modified_gmt":"2025-05-16T14:15:34","slug":"skwarek-zofia-marianna-pila","status":"publish","type":"product","link":"http:\/\/ludzie.fundacja-pih.pl\/index.php\/product\/skwarek-zofia-marianna-pila\/","title":{"rendered":"Skwarek Zofia Marianna (Pi\u0142a)"},"content":{"rendered":"<p>Urodzi\u0142a si\u0119 w 1961 roku w m. Uj\u015bcie<\/p>\n<p>W 1984 roku przy\u0142\u0105czy\u0142a si\u0119 do podziemnych struktur pilskiego oddzia\u0142u \u201eSolidarno\u015bci Walcz\u0105cej\u201d. W strukturach organizacji podlega\u0142a cz\u0142onkowi Rady Wykonawczej \u201eSolidarno\u015bci Walcz\u0105cej\u201d w Pile Mieczys\u0142awowi Derezi\u0144skiemu. Wraz z m\u0119\u017cem Waldemarem, uruchomi\u0142a w Motylewie tajn\u0105 drukarni\u0119. Drukowa\u0142a g\u0142\u00f3wnie ulotki. Materia\u0142y otrzymywa\u0142a od Leszka Gumowskiego oraz Mieczys\u0142awa Derezi\u0144skiego i tym samym osobom przekazywa\u0142a przedruki. Dzia\u0142a\u0142a w konspiracji do czasu rozwi\u0105zania struktur SW w Pile czyli tj. do 1986 roku. W 2017  roku na podstawie postanowienia Prezydenta RP \u2013 453\/2017 \u2013 nadano mu Krzy\u017c Wolno\u015bci i Solidarno\u015bci.<\/p>\n","protected":false},"excerpt":{"rendered":"<p>Urodzi\u0142a si\u0119 w 1961 roku w m. Uj\u015bcie W 1984 roku przy\u0142\u0105czy\u0142a si\u0119 do podziemnych struktur pilskiego oddzia\u0142u \u201eSolidarno\u015bci Walcz\u0105cej\u201d. W strukturach organizacji podlega\u0142a cz\u0142onkowi Rady Wykonawczej \u201eSolidarno\u015bci Walcz\u0105cej\u201d w Pile Mieczys\u0142awowi Derezi\u0144skiemu. Wraz z m\u0119\u017cem Waldemarem, uruchomi\u0142a w Motylewie tajn\u0105 drukarni\u0119. Drukowa\u0142a g\u0142\u00f3wnie ulotki. Materia\u0142y otrzymywa\u0142a od Leszka Gumowskiego oraz Mieczys\u0142awa Derezi\u0144skiego i tym [&hellip;]<\/p>\n","protected":false},"featured_media":906,"template":"","meta":[],"_links":{"self":[{"href":"http:\/\/ludzie.fundacja-pih.pl\/index.php\/wp-json\/wp\/v2\/product\/1890"}],"collection":[{"href":"http:\/\/ludzie.fundacja-pih.pl\/index.php\/wp-json\/wp\/v2\/product"}],"about":[{"href":"http:\/\/ludzie.fundacja-pih.pl\/index.php\/wp-json\/wp\/v2\/types\/product"}],"wp:featuredmedia":[{"embeddable":true,"href":"http:\/\/ludzie.fundacja-pih.pl\/index.php\/wp-json\/wp\/v2\/media\/906"}],"wp:attachment":[{"href":"http:\/\/ludzie.fundacja-pih.pl\/index.php\/wp-json\/wp\/v2\/media?parent=1890"}],"curies":[{"name":"wp","href":"https:\/\/api.w.org\/{rel}","templated":true}]}}

Skwarek Zofia Marianna (Piła)

<p>Urodziła się w 1961 roku w m. Ujście</p>
<p>W 1984 roku przyłączyła się do podziemnych struktur pilskiego oddziału „Solidarności Walczącej”. W strukturach organizacji podlegała członkowi Rady Wykonawczej „Solidarności Walczącej” w Pile Mieczysławowi Derezińskiemu. Wraz z mężem Waldemarem, uruchomiła w Motylewie tajną drukarnię. Drukowała głównie ulotki. Materiały otrzymywała od Leszka Gumowskiego oraz Mieczysława Derezińskiego i tym samym osobom przekazywała przedruki. Działała w konspiracji do czasu rozwiązania struktur SW w Pile czyli tj. do 1986 roku. W 2017  roku na podstawie postanowienia Prezydenta RP – 453/2017 – nadano mu Krzyż Wolności i Solidarności.</p>

<p>Urodziła się w 1961 roku w m. Ujście W 1984 roku przyłączyła się do podziemnych struktur pilskiego oddziału „Solidarności Walczącej”. W strukturach organizacji podlegała członkowi Rady Wykonawczej „Solidarności Walczącej” w Pile Mieczysławowi Derezińskiemu. Wraz z mężem Waldemarem, uruchomiła w Motylewie tajną drukarnię. Drukowała głównie ulotki. Materiały otrzymywała od Leszka Gumowskiego oraz Mieczysława Derezińskiego i tym [&hellip;]</p>
