{"id":1901,"date":"2021-02-12T08:50:50","date_gmt":"2021-02-12T08:50:50","guid":{"rendered":"http:\/\/ludzie.fundacja-pih.pl\/?post_type=product&#038;p=1901"},"modified":"2025-05-16T14:15:37","modified_gmt":"2025-05-16T14:15:37","slug":"kaminski-krzysztof-jan","status":"publish","type":"product","link":"http:\/\/ludzie.fundacja-pih.pl\/index.php\/product\/kaminski-krzysztof-jan\/","title":{"rendered":"Kami\u0144ski Krzysztof Jan"},"content":{"rendered":"<p>Urodzi\u0142 si\u0119 w 1964 roku w Mogilnie.<\/p>\n<p>W 1983 roku, w czasie studi\u00f3w na Uniwersytecie Adama Mickiewicza w Poznaniu rozpocz\u0105\u0142 dzia\u0142alno\u015b\u0107 podziemn\u0105. Uczestniczy\u0142 w antyre\u017cimowych demonstracjach ulicznych w Poznaniu i Warszawie. Wsp\u00f3\u0142organizowa\u0142 wiece i strajki studenckie na pozna\u0144skim UAM. Na terenie pozna\u0144skim akademik\u00f3w organizowa\u0142 akcje zbierania podpis\u00f3w pod protestem w sprawie tre\u015bci PRL-owskiej przysi\u0119gi wojskowej. W 1987 roku nawi\u0105za\u0142 blisk\u0105 wsp\u00f3\u0142prac\u0119 z gorzowskim \u201eRuchem M\u0142odzie\u017cy Niezale\u017cnej\u201d. Kolportowa\u0142 wydawnictwa gorzowskiego RMN takie jak: \u201eSzaniec\u201d oraz pras\u0119 pozna\u0144sk\u0105 i warszawsk\u0105 \u2013 \u201eObserwator Wielkopolski\u201d, \u201eSolidarno\u015b\u0107 Walcz\u0105ca\u201d, \u201ePWA\u201d, \u201eTygodnik Mazowsze\u201d. Rozprowadza\u0142 je  g\u0142\u00f3wnie w \u015brodowisku studenckim na Wydziale Historii UAM w Poznaniu. Wiosn\u0105 1988 roku uczestniczy\u0142 w antyre\u017cimowych manifestacjach ulicznych i happeningach  Pomara\u0144czowej Alternatywy. Anga\u017cowa\u0142 si\u0119 tak\u017ce w akcje ulotkowo-kolporta\u017cowe, w malowanie antykomunistycznych hase\u0142 na murach. W maju 1988 roku zosta\u0142 cz\u0142onkiem komitetu za\u0142o\u017cycielskiego reaktywowanego Niezale\u017cnego Zrzeszenia Student\u00f3w. Pe\u0142ni\u0142 w nim funkcj\u0119 przewodnicz\u0105cego na Wydziale Historycznym UAM oraz cz\u0142onka Prezydium Komisji Uczelnianej NZS. W latach 1988 &#8211; 1989 reprezentowa\u0142 NZS UAM na spotkaniach krajowych tej organizacji. Krzysztof Jan Kami\u0144ski by\u0142 r\u00f3wnie\u017c przeciwnikiem budowy elektrowni atomowej w Klempiczu w zwi\u0105zku z czym prowadzi\u0142 akcje o charakterze ekologicznym, rozwieszaj\u0105c transparenty i plakaty oraz rozrzucaj\u0105c kilka tysi\u0119cy ulotek informuj\u0105cych o zagro\u017ceniach wynikaj\u0105cych z budowy tej elektrowni. W latach 1986 \u2013 1990 Krzysztof Jan Kami\u0144ski pozostawa\u0142 w ci\u0105g\u0142ym zainteresowaniu S\u0142u\u017cby Bezpiecze\u0144stwa, czego dowodem by\u0142y jego zatrzymania, przes\u0142uchania, rozmowy ostrzegawcze z nim i rewizje. W 2019 roku na podstawie postanowienia Prezydenta RP \u2013 nr 562\/2019 &#8211;  nadano mu Krzy\u017c Wolno\u015bci i Solidarno\u015bci.<\/p>\n","protected":false},"excerpt":{"rendered":"<p>Urodzi\u0142 si\u0119 w 1964 roku w Mogilnie. W 1983 roku, w czasie studi\u00f3w na Uniwersytecie Adama Mickiewicza w Poznaniu rozpocz\u0105\u0142 dzia\u0142alno\u015b\u0107 podziemn\u0105. Uczestniczy\u0142 w antyre\u017cimowych demonstracjach ulicznych w Poznaniu i Warszawie. Wsp\u00f3\u0142organizowa\u0142 wiece i strajki studenckie na pozna\u0144skim UAM. Na terenie pozna\u0144skim akademik\u00f3w organizowa\u0142 akcje zbierania podpis\u00f3w pod protestem w sprawie tre\u015bci PRL-owskiej przysi\u0119gi wojskowej. [&hellip;]<\/p>\n","protected":false},"featured_media":1902,"template":"","meta":[],"_links":{"self":[{"href":"http:\/\/ludzie.fundacja-pih.pl\/index.php\/wp-json\/wp\/v2\/product\/1901"}],"collection":[{"href":"http:\/\/ludzie.fundacja-pih.pl\/index.php\/wp-json\/wp\/v2\/product"}],"about":[{"href":"http:\/\/ludzie.fundacja-pih.pl\/index.php\/wp-json\/wp\/v2\/types\/product"}],"wp:featuredmedia":[{"embeddable":true,"href":"http:\/\/ludzie.fundacja-pih.pl\/index.php\/wp-json\/wp\/v2\/media\/1902"}],"wp:attachment":[{"href":"http:\/\/ludzie.fundacja-pih.pl\/index.php\/wp-json\/wp\/v2\/media?parent=1901"}],"curies":[{"name":"wp","href":"https:\/\/api.w.org\/{rel}","templated":true}]}}

Kamiński Krzysztof Jan

<p>Urodził się w 1964 roku w Mogilnie.</p>
<p>W 1983 roku, w czasie studiów na Uniwersytecie Adama Mickiewicza w Poznaniu rozpoczął działalność podziemną. Uczestniczył w antyreżimowych demonstracjach ulicznych w Poznaniu i Warszawie. Współorganizował wiece i strajki studenckie na poznańskim UAM. Na terenie poznańskim akademików organizował akcje zbierania podpisów pod protestem w sprawie treści PRL-owskiej przysięgi wojskowej. W 1987 roku nawiązał bliską współpracę z gorzowskim „Ruchem Młodzieży Niezależnej”. Kolportował wydawnictwa gorzowskiego RMN takie jak: „Szaniec” oraz prasę poznańską i warszawską – „Obserwator Wielkopolski”, „Solidarność Walcząca”, „PWA”, „Tygodnik Mazowsze”. Rozprowadzał je  głównie w środowisku studenckim na Wydziale Historii UAM w Poznaniu. Wiosną 1988 roku uczestniczył w antyreżimowych manifestacjach ulicznych i happeningach  Pomarańczowej Alternatywy. Angażował się także w akcje ulotkowo-kolportażowe, w malowanie antykomunistycznych haseł na murach. W maju 1988 roku został członkiem komitetu założycielskiego reaktywowanego Niezależnego Zrzeszenia Studentów. Pełnił w nim funkcję przewodniczącego na Wydziale Historycznym UAM oraz członka Prezydium Komisji Uczelnianej NZS. W latach 1988 &#8211; 1989 reprezentował NZS UAM na spotkaniach krajowych tej organizacji. Krzysztof Jan Kamiński był również przeciwnikiem budowy elektrowni atomowej w Klempiczu w związku z czym prowadził akcje o charakterze ekologicznym, rozwieszając transparenty i plakaty oraz rozrzucając kilka tysięcy ulotek informujących o zagrożeniach wynikających z budowy tej elektrowni. W latach 1986 – 1990 Krzysztof Jan Kamiński pozostawał w ciągłym zainteresowaniu Służby Bezpieczeństwa, czego dowodem były jego zatrzymania, przesłuchania, rozmowy ostrzegawcze z nim i rewizje. W 2019 roku na podstawie postanowienia Prezydenta RP – nr 562/2019 &#8211;  nadano mu Krzyż Wolności i Solidarności.</p>

<p>Urodził się w 1964 roku w Mogilnie. W 1983 roku, w czasie studiów na Uniwersytecie Adama Mickiewicza w Poznaniu rozpoczął działalność podziemną. Uczestniczył w antyreżimowych demonstracjach ulicznych w Poznaniu i Warszawie. Współorganizował wiece i strajki studenckie na poznańskim UAM. Na terenie poznańskim akademików organizował akcje zbierania podpisów pod protestem w sprawie treści PRL-owskiej przysięgi wojskowej. [&hellip;]</p>
