{"id":1904,"date":"2021-02-12T08:56:37","date_gmt":"2021-02-12T08:56:37","guid":{"rendered":"http:\/\/ludzie.fundacja-pih.pl\/?post_type=product&#038;p=1904"},"modified":"2025-05-16T14:15:38","modified_gmt":"2025-05-16T14:15:38","slug":"karas-henryk-lubin","status":"publish","type":"product","link":"http:\/\/ludzie.fundacja-pih.pl\/index.php\/product\/karas-henryk-lubin\/","title":{"rendered":"Kara\u015b Henryk (Lubin)"},"content":{"rendered":"<p>Urodzi\u0142 si\u0119 8 kwietnia 1948 roku w Krakowie.<\/p>\n<p>We wrze\u015bniu 1980 roku zosta\u0142 cz\u0142onkiem NSZZ \u201eSolidarno\u015b\u0107. W ramach tej przynale\u017cno\u015bci by\u0142 cz\u0142onkiem Komitetu Za\u0142o\u017cycielskiego i Komisji Zak\u0142adowej Zak\u0142ad\u00f3w G\u00f3rniczych \u201eCuprum\u201d KGHM w Lubinie. Po wprowadzeniu stanu wojennego, 15 grudnia 1981 roku  zorganizowa\u0142 w Zak\u0142adach G\u00f3rniczych \u201eCuprum\u201d wiec, w trakcie kt\u00f3rego og\u0142oszono przy\u0142\u0105czenie si\u0119 do strajk\u00f3w. W nast\u0119pstwie tego wydarzenia, 19 grudnia tego samego roku, Henryk Kara\u015b zosta\u0142 zwolniony z pracy. W latach 1982 &#8211; 1984 anga\u017cowa\u0142 si\u0119 w pomoc rodzinom os\u00f3b represjonowanym. Aktywnie zajmowa\u0142 si\u0119 kolporta\u017cem podziemnej prasy w tym m.in. takich tytu\u0142\u00f3w jak: \u201eZag\u0142\u0119bie miedziowe\u201d, \u201eZ Dnia na Dzie\u0144\u201d, \u201eSolidarno\u015b\u0107 Walcz\u0105ca\u201d. W 1984 roku za\u0142o\u017cy\u0142 Stowarzyszenie Salezja\u0144skich Pomocnik\u00f3w Ko\u015bcio\u0142a, zrzeszaj\u0105ce m. in. cz\u0142onk\u00f3w podziemnej \u201eSolidarno\u015bci\u201d, gdzie prowadzi\u0142 dzia\u0142alno\u015b\u0107 charytatywn\u0105 oraz organizowa\u0142 spotkania z przedstawicielami \u015bwiata kultury i polityki. Za udzia\u0142 w przygotowaniach do obchod\u00f3w rocznicy powstania NSZZ \u201eSolidarno\u015b\u0107\u201d, 31 sierpnia 1984 roku, zosta\u0142 aresztowany. 1 wrze\u015bnia uciek\u0142 z Wojew\u00f3dzkiego Urz\u0119du Spraw Wewn\u0119trznych, za co wyrokiem S\u0105du Rejonowego w Legnicy z dnia 28 stycznia 1985 roku, zosta\u0142 skazany na kar\u0119 8 lat pozbawienia wolno\u015bci w zawieszeniu na 1,5 roku. W 2019 roku na podstawie postanowienia Prezydenta RP \u2013 nr 218\/2019 &#8211;  nadano mu Krzy\u017c Wolno\u015bci i Solidarno\u015bci. <\/p>\n","protected":false},"excerpt":{"rendered":"<p>Urodzi\u0142 si\u0119 8 kwietnia 1948 roku w Krakowie. We wrze\u015bniu 1980 roku zosta\u0142 cz\u0142onkiem NSZZ \u201eSolidarno\u015b\u0107. W ramach tej przynale\u017cno\u015bci by\u0142 cz\u0142onkiem Komitetu Za\u0142o\u017cycielskiego i Komisji Zak\u0142adowej Zak\u0142ad\u00f3w G\u00f3rniczych \u201eCuprum\u201d KGHM w Lubinie. Po wprowadzeniu stanu wojennego, 15 grudnia 1981 roku zorganizowa\u0142 w Zak\u0142adach G\u00f3rniczych \u201eCuprum\u201d wiec, w trakcie kt\u00f3rego og\u0142oszono przy\u0142\u0105czenie si\u0119 do strajk\u00f3w. [&hellip;]<\/p>\n","protected":false},"featured_media":906,"template":"","meta":[],"_links":{"self":[{"href":"http:\/\/ludzie.fundacja-pih.pl\/index.php\/wp-json\/wp\/v2\/product\/1904"}],"collection":[{"href":"http:\/\/ludzie.fundacja-pih.pl\/index.php\/wp-json\/wp\/v2\/product"}],"about":[{"href":"http:\/\/ludzie.fundacja-pih.pl\/index.php\/wp-json\/wp\/v2\/types\/product"}],"wp:featuredmedia":[{"embeddable":true,"href":"http:\/\/ludzie.fundacja-pih.pl\/index.php\/wp-json\/wp\/v2\/media\/906"}],"wp:attachment":[{"href":"http:\/\/ludzie.fundacja-pih.pl\/index.php\/wp-json\/wp\/v2\/media?parent=1904"}],"curies":[{"name":"wp","href":"https:\/\/api.w.org\/{rel}","templated":true}]}}

Karaś Henryk (Lubin)

<p>Urodził się 8 kwietnia 1948 roku w Krakowie.</p>
<p>We wrześniu 1980 roku został członkiem NSZZ „Solidarność. W ramach tej przynależności był członkiem Komitetu Założycielskiego i Komisji Zakładowej Zakładów Górniczych „Cuprum” KGHM w Lubinie. Po wprowadzeniu stanu wojennego, 15 grudnia 1981 roku  zorganizował w Zakładach Górniczych „Cuprum” wiec, w trakcie którego ogłoszono przyłączenie się do strajków. W następstwie tego wydarzenia, 19 grudnia tego samego roku, Henryk Karaś został zwolniony z pracy. W latach 1982 &#8211; 1984 angażował się w pomoc rodzinom osób represjonowanym. Aktywnie zajmował się kolportażem podziemnej prasy w tym m.in. takich tytułów jak: „Zagłębie miedziowe”, „Z Dnia na Dzień”, „Solidarność Walcząca”. W 1984 roku założył Stowarzyszenie Salezjańskich Pomocników Kościoła, zrzeszające m. in. członków podziemnej „Solidarności”, gdzie prowadził działalność charytatywną oraz organizował spotkania z przedstawicielami świata kultury i polityki. Za udział w przygotowaniach do obchodów rocznicy powstania NSZZ „Solidarność”, 31 sierpnia 1984 roku, został aresztowany. 1 września uciekł z Wojewódzkiego Urzędu Spraw Wewnętrznych, za co wyrokiem Sądu Rejonowego w Legnicy z dnia 28 stycznia 1985 roku, został skazany na karę 8 lat pozbawienia wolności w zawieszeniu na 1,5 roku. W 2019 roku na podstawie postanowienia Prezydenta RP – nr 218/2019 &#8211;  nadano mu Krzyż Wolności i Solidarności. </p>

<p>Urodził się 8 kwietnia 1948 roku w Krakowie. We wrześniu 1980 roku został członkiem NSZZ „Solidarność. W ramach tej przynależności był członkiem Komitetu Założycielskiego i Komisji Zakładowej Zakładów Górniczych „Cuprum” KGHM w Lubinie. Po wprowadzeniu stanu wojennego, 15 grudnia 1981 roku zorganizował w Zakładach Górniczych „Cuprum” wiec, w trakcie którego ogłoszono przyłączenie się do strajków. [&hellip;]</p>
