{"id":1912,"date":"2021-02-12T09:10:10","date_gmt":"2021-02-12T09:10:10","guid":{"rendered":"http:\/\/ludzie.fundacja-pih.pl\/?post_type=product&#038;p=1912"},"modified":"2025-05-16T14:15:42","modified_gmt":"2025-05-16T14:15:42","slug":"kierenkiewicz-marek-chodziez","status":"publish","type":"product","link":"http:\/\/ludzie.fundacja-pih.pl\/index.php\/product\/kierenkiewicz-marek-chodziez\/","title":{"rendered":"Kierenkiewicz Marek (Chodzie\u017c)"},"content":{"rendered":"<p>Urodzi\u0142 si\u0119 w 1947 roku w m. Rogo\u017ano<\/p>\n<p>By\u0142 zatrudniony jako blacharz w Zak\u0142adach Maszyn Ceramicznych w Chodzie\u017cy. Od wrze\u015bnia 1980 roku nale\u017ca\u0142 do struktur NSZZ \u201eSolidarno\u015b\u0107\u201d. Po wprowadzeniu stanu wojennego podj\u0105\u0142 dzia\u0142alno\u015b\u0107 w podziemnych strukturach chodzieskiej \u201eSolidarno\u015bci\u201d, gdzie zajmowa\u0142 si\u0119 rozprowadzaniem podziemnych wydawnictw. 7 pa\u017adziernika 1985 roku zosta\u0142 uj\u0119ty przez SB w trakcie kolportowania ulotek \u201eSolidarno\u015bci Walcz\u0105cej\u201d. Sprawa zosta\u0142a skierowana do s\u0105du w trybie przyspieszonym. Oskar\u017cono go o pr\u00f3b\u0119 wywo\u0142ania niepokoju publicznego poprzez kolporta\u017c ulotek o tre\u015bci wrogiej ustrojowi i nawo\u0142uj\u0105cych do bojkotu wybor\u00f3w do Sejmu. W dniu 9 pa\u017adziernika 1985 roku S\u0105d Rejonowy w Chodzie\u017cy skaza\u0142 go na kar\u0119 1 roku i 6 miesi\u0119cy pozbawienia wolno\u015bci w zawieszeniu na 4 lata oraz kar\u0119 grzywny. Dzia\u0142alno\u015b\u0107 podziemn\u0105 kontynuowa\u0142 do 1989 roku. W 2017 roku na podstawie postanowienia Prezydenta RP \u2013 nr 137\/2017 &#8211;  nadano mu Krzy\u017c Wolno\u015bci i Solidarno\u015bci. <\/p>\n","protected":false},"excerpt":{"rendered":"<p>Urodzi\u0142 si\u0119 w 1947 roku w m. Rogo\u017ano By\u0142 zatrudniony jako blacharz w Zak\u0142adach Maszyn Ceramicznych w Chodzie\u017cy. Od wrze\u015bnia 1980 roku nale\u017ca\u0142 do struktur NSZZ \u201eSolidarno\u015b\u0107\u201d. Po wprowadzeniu stanu wojennego podj\u0105\u0142 dzia\u0142alno\u015b\u0107 w podziemnych strukturach chodzieskiej \u201eSolidarno\u015bci\u201d, gdzie zajmowa\u0142 si\u0119 rozprowadzaniem podziemnych wydawnictw. 7 pa\u017adziernika 1985 roku zosta\u0142 uj\u0119ty przez SB w trakcie kolportowania [&hellip;]<\/p>\n","protected":false},"featured_media":1913,"template":"","meta":[],"_links":{"self":[{"href":"http:\/\/ludzie.fundacja-pih.pl\/index.php\/wp-json\/wp\/v2\/product\/1912"}],"collection":[{"href":"http:\/\/ludzie.fundacja-pih.pl\/index.php\/wp-json\/wp\/v2\/product"}],"about":[{"href":"http:\/\/ludzie.fundacja-pih.pl\/index.php\/wp-json\/wp\/v2\/types\/product"}],"wp:featuredmedia":[{"embeddable":true,"href":"http:\/\/ludzie.fundacja-pih.pl\/index.php\/wp-json\/wp\/v2\/media\/1913"}],"wp:attachment":[{"href":"http:\/\/ludzie.fundacja-pih.pl\/index.php\/wp-json\/wp\/v2\/media?parent=1912"}],"curies":[{"name":"wp","href":"https:\/\/api.w.org\/{rel}","templated":true}]}}